66.249.68.67 - - [13/Dec/2025:18:48:49 +0000] "GET /transparencia_files/Articulo_15/Fraccion_VIII/Admon%202021-2024/CONVOCATORIA%20A%20SESION%2028%20ORDINARIA.pdf HTTP/1.1" 304 - "-" "Mozilla/5.0 (Linux; Android 6.0.1; Nexus 5X Build/MMB29P) AppleWebKit/537.36 (KHTML, like Gecko) Chrome/141.0.7390.122 Mobile Safari/537.36 (compatible; Googlebot/2.1; +http://www.google.com/bot.html)"
66.249.68.67 - - [13/Dec/2025:18:49:14 +0000] "GET /transparencia_files/Articulo_15/Fraccion_VIII/Admon%202021-2024/CONVOCATORIA%2013%20SESI%C3%93N%20ORDINARIA%2029%20DE%20JULIO%202022..pdf HTTP/1.1" 304 - "-" "Mozilla/5.0 (Linux; Android 6.0.1; Nexus 5X Build/MMB29P) AppleWebKit/537.36 (KHTML, like Gecko) Chrome/141.0.7390.122 Mobile Safari/537.36 (compatible; Googlebot/2.1; +http://www.google.com/bot.html)"
66.249.68.67 - - [13/Dec/2025:18:49:14 +0000] "GET /robots.txt HTTP/1.1" 500 715 "-" "Mozilla/5.0 (compatible; Googlebot/2.1; +http://www.google.com/bot.html)"
204.76.203.8 - - [13/Dec/2025:18:49:17 +0000] "PROPFIND / HTTP/1.1" 500 - "http://198.38.90.22:443/" "-"
187.199.156.234 - - [13/Dec/2025:18:49:30 +0000] "GET /agenda/2023-11-07 HTTP/1.1" 500 715 "https://cuautlajalisco.gob.mx/" "Mozilla/5.0 (Windows NT 10.0; Win64; x64) AppleWebKit/537.36 (KHTML, like Gecko) Chrome/135.0.0.0 Safari/537.36"
66.249.68.5 - - [13/Dec/2025:18:49:43 +0000] "GET /robots.txt HTTP/1.1" 500 715 "-" "Mozilla/5.0 (compatible; Googlebot/2.1; +http://www.google.com/bot.html)"
66.249.68.4 - - [13/Dec/2025:18:49:43 +0000] "GET /transparencia_files/Articulo_8/Fraccion_XIV/Primer%20Trimestre%202024/Ejercicio%20Presupuestario/Montos%20pagados%20por%20ayudas%20y%20subsidios%201er%20trimestre%202024.pdf HTTP/1.1" 304 - "-" "Mozilla/5.0 (Linux; Android 6.0.1; Nexus 5X Build/MMB29P) AppleWebKit/537.36 (KHTML, like Gecko) Chrome/141.0.7390.122 Mobile Safari/537.36 (compatible; Googlebot/2.1; +http://www.google.com/bot.html)"
17.22.245.5 - - [13/Dec/2025:18:49:46 +0000] "GET /transparencia_files/Articulo_8/Fraccion_V/g/2025/NOMINAS%20DE%20PRESIDENCIA%20DEL%2016%20AL%2031%20DE%20AGOSTO%202025.pdf HTTP/1.1" 200 265851 "-" "Mozilla/5.0 (Macintosh; Intel Mac OS X 10_15_7) AppleWebKit/605.1.15 (KHTML, like Gecko) Version/17.4 Safari/605.1.15 (Applebot/0.1; +http://www.apple.com/go/applebot)"
74.125.215.198 - - [13/Dec/2025:18:49:54 +0000] "GET /.well-known/traffic-advice HTTP/1.1" 500 715 "-" "Chrome Privacy Preserving Prefetch Proxy"
72.14.201.242 - - [13/Dec/2025:18:49:54 +0000] "GET / HTTP/2.0" 200 2469 "https://www.google.com/" "Mozilla/5.0 (Windows NT 10.0; Win64; x64) AppleWebKit/537.36 (KHTML, like Gecko) Chrome/143.0.0.0 Safari/537.36"
66.249.68.3 - - [13/Dec/2025:18:50:04 +0000] "GET /transparencia_files/Articulo_8/Fraccion_VI/j/Actas%20Cabildo/ACTA%20XIX%20DECIMA%20NOVENA%20ORDINARIA.doc HTTP/1.1" 304 - "-" "Mozilla/5.0 (Linux; Android 6.0.1; Nexus 5X Build/MMB29P) AppleWebKit/537.36 (KHTML, like Gecko) Chrome/141.0.7390.122 Mobile Safari/537.36 (compatible; Googlebot/2.1; +http://www.google.com/bot.html)"
27.50.29.178 - - [13/Dec/2025:18:50:20 +0000] "GET /chosen.php HTTP/1.1" 500 715 "-" "Mozilla/5.0 (Linux; Android 10; K) AppleWebKit/537.36 (KHTML, like Gecko) Chrome/114.0.0.0 Mobile Safari/537.36"
66.249.68.5 - - [13/Dec/2025:18:50:24 +0000] "GET /transparencia_files/Articulo_8/Fraccion_IV/b/POA%20REGISTRO%20CIVIL.docx HTTP/1.1" 304 - "-" "Mozilla/5.0 (Linux; Android 6.0.1; Nexus 5X Build/MMB29P) AppleWebKit/537.36 (KHTML, like Gecko) Chrome/141.0.7390.122 Mobile Safari/537.36 (compatible; Googlebot/2.1; +http://www.google.com/bot.html)"
66.249.68.3 - - [13/Dec/2025:18:50:39 +0000] "GET /transparencia_files/Articulo_8/Fraccion_XIV/Tercer%20Trimestre%202022/ANUAL/INVENTARIO%20DE%20BIENES%20MUEBLES%20AL%2030%20DE%20JUNIO%202022.pdf HTTP/1.1" 304 - "-" "Mozilla/5.0 (Linux; Android 6.0.1; Nexus 5X Build/MMB29P) AppleWebKit/537.36 (KHTML, like Gecko) Chrome/141.0.7390.122 Mobile Safari/537.36 (compatible; Googlebot/2.1; +http://www.google.com/bot.html)"
213.180.203.36 - - [13/Dec/2025:18:50:45 +0000] "GET /robots.txt HTTP/1.1" 500 715 "-" "Mozilla/5.0 (compatible; YandexBot/3.0; +http://yandex.com/bots)"
66.249.68.5 - - [13/Dec/2025:18:51:39 +0000] "GET /robots.txt HTTP/1.1" 500 715 "-" "Mozilla/5.0 (compatible; Googlebot/2.1; +http://www.google.com/bot.html)"
66.249.68.5 - - [13/Dec/2025:18:51:39 +0000] "GET /transparencia_files/Articulo_8/Fraccion_V/g/2017/16-31deabril2017.pdf HTTP/1.1" 304 - "-" "Mozilla/5.0 (Linux; Android 6.0.1; Nexus 5X Build/MMB29P) AppleWebKit/537.36 (KHTML, like Gecko) Chrome/141.0.7390.122 Mobile Safari/537.36 (compatible; Googlebot/2.1; +http://www.google.com/bot.html)"
167.172.133.19 - - [13/Dec/2025:18:51:45 +0000] "GET /transparencia_files/Articulo_8/Fraccion_VI/n/Oficialia/2021/INFORME%20ESTADISTICO%20VIAJES%20NOVIEMBRE%20%202021.docx HTTP/1.1" 200 15194 "-" "Mozilla/5.0 (Macintosh; Intel Mac OS X 10_15_7) AppleWebKit/537.36 (KHTML, like Gecko) Chrome/135.0.0.0 Safari/537.36"
66.249.68.5 - - [13/Dec/2025:18:52:00 +0000] "GET /transparencia_files/Articulo_8/Fraccion_IV/h/Matriz%20de%20Indicadores%202021%20Oficialia%20Mayor.docx HTTP/1.1" 304 - "-" "Mozilla/5.0 (Linux; Android 6.0.1; Nexus 5X Build/MMB29P) AppleWebKit/537.36 (KHTML, like Gecko) Chrome/141.0.7390.122 Mobile Safari/537.36 (compatible; Googlebot/2.1; +http://www.google.com/bot.html)"
45.66.35.26 - - [13/Dec/2025:18:52:08 +0000] "POST /xmlrpc.php HTTP/1.1" 500 715 "https://www.google.com/" "Mozilla/5.0 (Windows NT 10.0; Win64; x64) AppleWebKit/537.36 (KHTML, like Gecko) Chrome/85.0.4183.121 Safari/537.36"
193.189.100.205 - - [13/Dec/2025:18:52:09 +0000] "POST /xmlrpc.php HTTP/1.1" 500 715 "https://www.google.com/" "Mozilla/5.0 (X11; Linux x86_64) AppleWebKit/537.36 (KHTML, like Gecko) Chrome/64.0.3282.24 Safari/537.36"
27.50.29.178 - - [13/Dec/2025:18:52:39 +0000] "GET /file.php HTTP/1.1" 500 715 "-" "Mozilla/5.0 (Linux; Android 10; K) AppleWebKit/537.36 (KHTML, like Gecko) Chrome/114.0.0.0 Mobile Safari/537.36"
27.50.29.178 - - [13/Dec/2025:18:52:39 +0000] "GET /f.php HTTP/1.1" 500 715 "-" "Mozilla/5.0 (Linux; Android 10; K) AppleWebKit/537.36 (KHTML, like Gecko) Chrome/114.0.0.0 Mobile Safari/537.36"
27.50.29.178 - - [13/Dec/2025:18:52:39 +0000] "GET /fg.php HTTP/1.1" 500 715 "-" "Mozilla/5.0 (Linux; Android 10; K) AppleWebKit/537.36 (KHTML, like Gecko) Chrome/114.0.0.0 Mobile Safari/537.36"
27.50.29.178 - - [13/Dec/2025:18:52:39 +0000] "GET /fierza.php HTTP/1.1" 500 715 "-" "Mozilla/5.0 (Linux; Android 10; K) AppleWebKit/537.36 (KHTML, like Gecko) Chrome/114.0.0.0 Mobile Safari/537.36"
66.249.68.68 - - [13/Dec/2025:18:52:43 +0000] "GET /robots.txt HTTP/1.1" 500 715 "-" "Mozilla/5.0 (compatible; Googlebot/2.1; +http://www.google.com/bot.html)"
66.249.68.69 - - [13/Dec/2025:18:52:43 +0000] "GET /transparencia_files/Articulo_15/Fraccion_VIII/Orden%20del%20dia%20-%20Sesiones%20del%20ayuntamiento/convocatoria%2027%20ORDINARIA.docx HTTP/1.1" 304 - "-" "Mozilla/5.0 (Linux; Android 6.0.1; Nexus 5X Build/MMB29P) AppleWebKit/537.36 (KHTML, like Gecko) Chrome/141.0.7390.122 Mobile Safari/537.36 (compatible; Googlebot/2.1; +http://www.google.com/bot.html)"
185.102.115.93 - - [13/Dec/2025:18:52:45 +0000] "GET /style.php HTTP/1.1" 500 715 "-" "Mozilla/4.0 (compatible; MSIE 6.0; Windows NT 5.1; SV1)"
87.250.224.3 - - [13/Dec/2025:18:52:46 +0000] "GET /robots.txt HTTP/1.1" 500 715 "-" "Mozilla/5.0 (compatible; YandexBot/3.0; +http://yandex.com/bots)"
66.249.68.67 - - [13/Dec/2025:18:52:57 +0000] "GET /transparencia_files/Articulo_15/Fraccion_VIII/Orden%20del%20dia%20-%20Sesiones%20del%20ayuntamiento/convocatoria%206.docx HTTP/1.1" 304 - "-" "Mozilla/5.0 (Linux; Android 6.0.1; Nexus 5X Build/MMB29P) AppleWebKit/537.36 (KHTML, like Gecko) Chrome/141.0.7390.122 Mobile Safari/537.36 (compatible; Googlebot/2.1; +http://www.google.com/bot.html)"
66.249.68.69 - - [13/Dec/2025:18:53:11 +0000] "GET /transparencia_files/Articulo_15/Fraccion_VIII/Orden%20del%20dia%20-%20Sesiones%20del%20ayuntamiento/convocatoria%2015%20ORDINARIA.docx HTTP/1.1" 304 - "-" "Mozilla/5.0 (Linux; Android 6.0.1; Nexus 5X Build/MMB29P) AppleWebKit/537.36 (KHTML, like Gecko) Chrome/141.0.7390.122 Mobile Safari/537.36 (compatible; Googlebot/2.1; +http://www.google.com/bot.html)"
66.249.68.4 - - [13/Dec/2025:18:53:27 +0000] "GET /transparencia_files/DatosAbiertos/RegistroCivil/VOLANTE%20DE%20CONTROL%20DE%20REGISTROS%20AGOSTO%202022.pdf HTTP/1.1" 304 - "-" "Mozilla/5.0 (Linux; Android 6.0.1; Nexus 5X Build/MMB29P) AppleWebKit/537.36 (KHTML, like Gecko) Chrome/141.0.7390.122 Mobile Safari/537.36 (compatible; Googlebot/2.1; +http://www.google.com/bot.html)"
66.249.68.67 - - [13/Dec/2025:18:53:40 +0000] "GET /transparencia_files/Articulo_15/Fraccion_VIII/Orden%20del%20dia%20-%20Sesiones%20del%20ayuntamiento/convocatoria%2019%20ORDINARIA.docx HTTP/1.1" 304 - "-" "Mozilla/5.0 (Linux; Android 6.0.1; Nexus 5X Build/MMB29P) AppleWebKit/537.36 (KHTML, like Gecko) Chrome/141.0.7390.122 Mobile Safari/537.36 (compatible; Googlebot/2.1; +http://www.google.com/bot.html)"
66.249.68.3 - - [13/Dec/2025:18:53:59 +0000] "GET /transparencia_files/Articulo_8/Fraccion_V/x/2019/GENERAL%203544%20%20JULIO%202020.pdf HTTP/1.1" 304 - "-" "Mozilla/5.0 (Linux; Android 6.0.1; Nexus 5X Build/MMB29P) AppleWebKit/537.36 (KHTML, like Gecko) Chrome/141.0.7390.122 Mobile Safari/537.36 (compatible; Googlebot/2.1; +http://www.google.com/bot.html)"
66.249.68.67 - - [13/Dec/2025:18:54:02 +0000] "GET /transparencia_files/Articulo_15/Fraccion_VIII/Comisiones%20Edilicias/Convocatoria%20Cuarta%20Sesion%20Comision%20Edilicia%20Habitacion%20Popular%202019.pdf HTTP/1.1" 304 - "-" "Mozilla/5.0 (Linux; Android 6.0.1; Nexus 5X Build/MMB29P) AppleWebKit/537.36 (KHTML, like Gecko) Chrome/141.0.7390.122 Mobile Safari/537.36 (compatible; Googlebot/2.1; +http://www.google.com/bot.html)"
66.249.68.69 - - [13/Dec/2025:18:54:02 +0000] "GET /robots.txt HTTP/1.1" 500 715 "-" "Mozilla/5.0 (compatible; Googlebot/2.1; +http://www.google.com/bot.html)"
66.249.68.4 - - [13/Dec/2025:18:54:07 +0000] "GET /transparencia_files/Articulo_8/Fraccion_VI/g/Sindicatura/2022/PERMISOS%20DE%20EVENTOS%20SINDICATURA%20JUNIO%202022.pdf HTTP/1.1" 304 - "-" "Mozilla/5.0 (Linux; Android 6.0.1; Nexus 5X Build/MMB29P) AppleWebKit/537.36 (KHTML, like Gecko) Chrome/141.0.7390.122 Mobile Safari/537.36 (compatible; Googlebot/2.1; +http://www.google.com/bot.html)"
66.249.68.67 - - [13/Dec/2025:18:54:31 +0000] "GET /transparencia_files/Articulo_15/Fraccion_IX/CMDRS/8.%20ACTA%20CMDRS%20CUAUTLA%2C%20JALISCO_Septiembre.pdf HTTP/1.1" 304 - "-" "Mozilla/5.0 (Linux; Android 6.0.1; Nexus 5X Build/MMB29P) AppleWebKit/537.36 (KHTML, like Gecko) Chrome/141.0.7390.122 Mobile Safari/537.36 (compatible; Googlebot/2.1; +http://www.google.com/bot.html)"
66.249.68.3 - - [13/Dec/2025:18:54:34 +0000] "GET /transparencia_files/Articulo_8/Fraccion_VI/j/CMDRS/ACTA%20DE%20CMDRS%20JUNIO%202023.docx HTTP/1.1" 304 - "-" "Mozilla/5.0 (Linux; Android 6.0.1; Nexus 5X Build/MMB29P) AppleWebKit/537.36 (KHTML, like Gecko) Chrome/141.0.7390.122 Mobile Safari/537.36 (compatible; Googlebot/2.1; +http://www.google.com/bot.html)"
52.167.144.177 - - [13/Dec/2025:18:54:40 +0000] "GET /47869232.html HTTP/2.0" 500 715 "-" "Mozilla/5.0 AppleWebKit/537.36 (KHTML, like Gecko; compatible; bingbot/2.0; +http://www.bing.com/bingbot.htm) Chrome/116.0.1938.76 Safari/537.36"
167.99.233.161 - - [13/Dec/2025:18:54:40 +0000] "GET /transparencia_files/Articulo_8/Fraccion_VI/c/RELACION%20DE%20OBRAS%202017.xlsx HTTP/1.1" 200 11872 "-" "Mozilla/5.0 (Macintosh; Intel Mac OS X 10_15_7) AppleWebKit/537.36 (KHTML, like Gecko) Chrome/135.0.0.0 Safari/537.36"
87.250.224.31 - - [13/Dec/2025:18:54:46 +0000] "GET /robots.txt HTTP/1.1" 500 715 "-" "Mozilla/5.0 (compatible; YandexBot/3.0; +http://yandex.com/bots)"
45.133.73.14 - - [13/Dec/2025:18:54:52 +0000] "POST /xmlrpc.php HTTP/1.1" 500 715 "https://www.google.com/" "Mozilla/5.0 (Windows NT 10.0; Win64; x64) AppleWebKit/537.36 (KHTML, like Gecko) Chrome/74.0.3729.157 Safari/537.36"
45.84.107.74 - - [13/Dec/2025:18:54:53 +0000] "POST /xmlrpc.php HTTP/1.1" 500 715 "https://www.google.com/" "Mozilla/5.0 (Windows NT 10.0; Win64; x64) AppleWebKit/537.36 (KHTML, like Gecko) Chrome/69.0.3497.100 Safari/537.36"
66.249.68.3 - - [13/Dec/2025:18:55:17 +0000] "GET /transparencia_files/Articulo_8/Fraccion_V/x/2019/EMPEDRADOS%202499%20ENERO%202021.pdf HTTP/1.1" 304 - "-" "Mozilla/5.0 (Linux; Android 6.0.1; Nexus 5X Build/MMB29P) AppleWebKit/537.36 (KHTML, like Gecko) Chrome/141.0.7390.122 Mobile Safari/537.36 (compatible; Googlebot/2.1; +http://www.google.com/bot.html)"
66.249.68.3 - - [13/Dec/2025:18:55:17 +0000] "GET /robots.txt HTTP/1.1" 500 715 "-" "Mozilla/5.0 (compatible; Googlebot/2.1; +http://www.google.com/bot.html)"
157.55.39.195 - - [13/Dec/2025:18:55:23 +0000] "GET /fracc-14/ HTTP/2.0" 500 715 "-" "Mozilla/5.0 AppleWebKit/537.36 (KHTML, like Gecko; compatible; bingbot/2.0; +http://www.bing.com/bingbot.htm) Chrome/116.0.1938.76 Safari/537.36"
66.249.68.3 - - [13/Dec/2025:18:55:32 +0000] "GET /transparencia_files/Articulo_8/Fraccion_V/x/2019/FONDEREG%202018%2017117%20Agosto%202019.pdf HTTP/1.1" 304 - "-" "Mozilla/5.0 (Linux; Android 6.0.1; Nexus 5X Build/MMB29P) AppleWebKit/537.36 (KHTML, like Gecko) Chrome/141.0.7390.122 Mobile Safari/537.36 (compatible; Googlebot/2.1; +http://www.google.com/bot.html)"
27.50.29.178 - - [13/Dec/2025:18:55:43 +0000] "GET /images/inputs.php HTTP/1.1" 500 715 "-" "Mozilla/5.0 (Linux; Android 10; K) AppleWebKit/537.36 (KHTML, like Gecko) Chrome/114.0.0.0 Mobile Safari/537.36"
66.249.68.69 - - [13/Dec/2025:18:55:44 +0000] "GET /robots.txt HTTP/1.1" 500 715 "-" "Mozilla/5.0 (compatible; Googlebot/2.1; +http://www.google.com/bot.html)"
66.249.68.67 - - [13/Dec/2025:18:55:44 +0000] "GET /transparencia_files/Curriculums/2024-2027/CURRICULUM%20INFORMATICA.pdf HTTP/1.1" 304 - "-" "Mozilla/5.0 (Linux; Android 6.0.1; Nexus 5X Build/MMB29P) AppleWebKit/537.36 (KHTML, like Gecko) Chrome/141.0.7390.122 Mobile Safari/537.36 (compatible; Googlebot/2.1; +http://www.google.com/bot.html)"
66.249.68.3 - - [13/Dec/2025:18:56:03 +0000] "GET /transparencia_files/Articulo_15/Fraccion_IX/Sesiones%20de%20Cabildo%20Administracion%202018-2021/ACTA%20NUMERO%2015%20EXTRAORDINARIA.docx HTTP/1.1" 304 - "-" "Mozilla/5.0 (Linux; Android 6.0.1; Nexus 5X Build/MMB29P) AppleWebKit/537.36 (KHTML, like Gecko) Chrome/141.0.7390.122 Mobile Safari/537.36 (compatible; Googlebot/2.1; +http://www.google.com/bot.html)"
27.50.29.178 - - [13/Dec/2025:18:56:08 +0000] "GET /inputs.php HTTP/1.1" 500 715 "-" "Mozilla/5.0 (Linux; Android 10; K) AppleWebKit/537.36 (KHTML, like Gecko) Chrome/114.0.0.0 Mobile Safari/537.36"
27.50.29.178 - - [13/Dec/2025:18:56:08 +0000] "GET /install.php HTTP/1.1" 500 715 "-" "Mozilla/5.0 (Linux; Android 10; K) AppleWebKit/537.36 (KHTML, like Gecko) Chrome/114.0.0.0 Mobile Safari/537.36"
27.50.29.178 - - [13/Dec/2025:18:56:08 +0000] "GET /jindex.php HTTP/1.1" 500 715 "-" "Mozilla/5.0 (Linux; Android 10; K) AppleWebKit/537.36 (KHTML, like Gecko) Chrome/114.0.0.0 Mobile Safari/537.36"
27.50.29.178 - - [13/Dec/2025:18:56:08 +0000] "GET /j.php HTTP/1.1" 500 715 "-" "Mozilla/5.0 (Linux; Android 10; K) AppleWebKit/537.36 (KHTML, like Gecko) Chrome/114.0.0.0 Mobile Safari/537.36"
27.50.29.178 - - [13/Dec/2025:18:56:09 +0000] "GET /iq.php HTTP/1.1" 500 715 "-" "Mozilla/5.0 (Linux; Android 10; K) AppleWebKit/537.36 (KHTML, like Gecko) Chrome/114.0.0.0 Mobile Safari/537.36"
66.249.68.4 - - [13/Dec/2025:18:56:18 +0000] "GET /robots.txt HTTP/1.1" 500 715 "-" "Mozilla/5.0 (compatible; Googlebot/2.1; +http://www.google.com/bot.html)"
66.249.68.3 - - [13/Dec/2025:18:56:18 +0000] "GET /transparencia_files/Articulo_8/Fraccion_V/x/2019/GENERAL%203544%20JUNIO%202020.pdf HTTP/1.1" 304 - "-" "Mozilla/5.0 (Linux; Android 6.0.1; Nexus 5X Build/MMB29P) AppleWebKit/537.36 (KHTML, like Gecko) Chrome/141.0.7390.122 Mobile Safari/537.36 (compatible; Googlebot/2.1; +http://www.google.com/bot.html)"
201.88.224.68 - - [13/Dec/2025:18:56:40 +0000] "GET /agenda/categoria/transparencia/dia/2024-01-29 HTTP/1.1" 500 715 "https://cuautlajalisco.gob.mx/" "Mozilla/5.0 (Windows NT 10.0; Win64; x64) AppleWebKit/537.36 (KHTML, like Gecko) Chrome/135.0.0.0 Safari/537.36"
190.55.123.106 - - [13/Dec/2025:18:56:40 +0000] "GET /agenda/categoria/transparencia/dia/2024-05-19 HTTP/1.1" 500 715 "https://cuautlajalisco.gob.mx/" "Mozilla/5.0 (Windows NT 10.0; Win64; x64; rv:137.0) Gecko/20100101 Firefox/137.0"
66.249.68.4 - - [13/Dec/2025:18:56:43 +0000] "GET /transparencia_files/Articulo_8/Fraccion_V/f/03%20RENUMERACION%20DEL%2001%20AL%2015%20MARZO%20DEL%202024.pdf HTTP/1.1" 304 - "-" "Mozilla/5.0 (Linux; Android 6.0.1; Nexus 5X Build/MMB29P) AppleWebKit/537.36 (KHTML, like Gecko) Chrome/141.0.7390.122 Mobile Safari/537.36 (compatible; Googlebot/2.1; +http://www.google.com/bot.html)"
27.50.29.178 - - [13/Dec/2025:18:56:44 +0000] "GET /js.php?get HTTP/1.1" 500 715 "-" "Mozilla/5.0 (Linux; Android 10; K) AppleWebKit/537.36 (KHTML, like Gecko) Chrome/114.0.0.0 Mobile Safari/537.36"
27.50.29.178 - - [13/Dec/2025:18:56:44 +0000] "GET /js.php HTTP/1.1" 500 715 "-" "Mozilla/5.0 (Linux; Android 10; K) AppleWebKit/537.36 (KHTML, like Gecko) Chrome/114.0.0.0 Mobile Safari/537.36"
27.50.29.178 - - [13/Dec/2025:18:56:44 +0000] "GET /k.php HTTP/1.1" 500 715 "-" "Mozilla/5.0 (Linux; Android 10; K) AppleWebKit/537.36 (KHTML, like Gecko) Chrome/114.0.0.0 Mobile Safari/537.36"
27.50.29.178 - - [13/Dec/2025:18:56:44 +0000] "GET /kn.php HTTP/1.1" 500 715 "-" "Mozilla/5.0 (Linux; Android 10; K) AppleWebKit/537.36 (KHTML, like Gecko) Chrome/114.0.0.0 Mobile Safari/537.36"
27.50.29.178 - - [13/Dec/2025:18:56:45 +0000] "GET /kk.php HTTP/1.1" 500 715 "-" "Mozilla/5.0 (Linux; Android 10; K) AppleWebKit/537.36 (KHTML, like Gecko) Chrome/114.0.0.0 Mobile Safari/537.36"
5.255.231.19 - - [13/Dec/2025:18:56:46 +0000] "GET /robots.txt HTTP/1.1" 500 715 "-" "Mozilla/5.0 (compatible; YandexBot/3.0; +http://yandex.com/bots)"
66.249.68.68 - - [13/Dec/2025:18:56:55 +0000] "GET /transparencia_files/Curriculums/2024-2027/JUAN%20RAMON%20LOPEZ.pdf HTTP/1.1" 304 - "-" "Mozilla/5.0 (Linux; Android 6.0.1; Nexus 5X Build/MMB29P) AppleWebKit/537.36 (KHTML, like Gecko) Chrome/141.0.7390.122 Mobile Safari/537.36 (compatible; Googlebot/2.1; +http://www.google.com/bot.html)"
66.249.68.69 - - [13/Dec/2025:18:56:55 +0000] "GET /robots.txt HTTP/1.1" 500 715 "-" "Mozilla/5.0 (compatible; Googlebot/2.1; +http://www.google.com/bot.html)"
66.249.68.67 - - [13/Dec/2025:18:57:39 +0000] "GET /transparencia_files/Curriculums/2024-2027/ROBERTO%20%20cultura%20CURRICULUM.pdf HTTP/1.1" 304 - "-" "Mozilla/5.0 (Linux; Android 6.0.1; Nexus 5X Build/MMB29P) AppleWebKit/537.36 (KHTML, like Gecko) Chrome/141.0.7390.122 Mobile Safari/537.36 (compatible; Googlebot/2.1; +http://www.google.com/bot.html)"
66.249.68.3 - - [13/Dec/2025:18:57:54 +0000] "GET /transparencia_files/Articulo_8/Fraccion_II/d/ReglamentosMunicipales/Reglamento%20Interno%20de%20Tesoreria%20Municipal.pdf HTTP/1.1" 304 - "-" "Mozilla/5.0 (Linux; Android 6.0.1; Nexus 5X Build/MMB29P) AppleWebKit/537.36 (KHTML, like Gecko) Chrome/141.0.7390.122 Mobile Safari/537.36 (compatible; Googlebot/2.1; +http://www.google.com/bot.html)"
66.249.68.4 - - [13/Dec/2025:18:57:54 +0000] "GET /robots.txt HTTP/1.1" 500 715 "-" "Mozilla/5.0 (compatible; Googlebot/2.1; +http://www.google.com/bot.html)"
66.249.68.68 - - [13/Dec/2025:18:58:00 +0000] "GET /transparencia_files/Articulo_15/Fraccion_XIII/2024/CONTRATO%20OP-CUAJAL-R33-2024-13.pdf HTTP/1.1" 304 - "-" "Mozilla/5.0 (Linux; Android 6.0.1; Nexus 5X Build/MMB29P) AppleWebKit/537.36 (KHTML, like Gecko) Chrome/141.0.7390.122 Mobile Safari/537.36 (compatible; Googlebot/2.1; +http://www.google.com/bot.html)"
66.249.68.67 - - [13/Dec/2025:18:58:00 +0000] "GET /robots.txt HTTP/1.1" 500 715 "-" "Mozilla/5.0 (compatible; Googlebot/2.1; +http://www.google.com/bot.html)"
27.50.29.178 - - [13/Dec/2025:18:58:24 +0000] "GET /m.php HTTP/1.1" 500 715 "-" "Mozilla/5.0 (Linux; Android 10; K) AppleWebKit/537.36 (KHTML, like Gecko) Chrome/114.0.0.0 Mobile Safari/537.36"
27.50.29.178 - - [13/Dec/2025:18:58:24 +0000] "GET /mah.php HTTP/1.1" 500 715 "-" "Mozilla/5.0 (Linux; Android 10; K) AppleWebKit/537.36 (KHTML, like Gecko) Chrome/114.0.0.0 Mobile Safari/537.36"
27.50.29.178 - - [13/Dec/2025:18:58:24 +0000] "GET /mad.php HTTP/1.1" 500 715 "-" "Mozilla/5.0 (Linux; Android 10; K) AppleWebKit/537.36 (KHTML, like Gecko) Chrome/114.0.0.0 Mobile Safari/537.36"
27.50.29.178 - - [13/Dec/2025:18:58:24 +0000] "GET /lx.php HTTP/1.1" 500 715 "-" "Mozilla/5.0 (Linux; Android 10; K) AppleWebKit/537.36 (KHTML, like Gecko) Chrome/114.0.0.0 Mobile Safari/537.36"
27.50.29.178 - - [13/Dec/2025:18:58:24 +0000] "GET /lv.php HTTP/1.1" 500 715 "-" "Mozilla/5.0 (Linux; Android 10; K) AppleWebKit/537.36 (KHTML, like Gecko) Chrome/114.0.0.0 Mobile Safari/537.36"
213.180.203.71 - - [13/Dec/2025:18:58:46 +0000] "GET /robots.txt HTTP/1.1" 500 715 "-" "Mozilla/5.0 (compatible; YandexBot/3.0; +http://yandex.com/bots)"
66.249.68.68 - - [13/Dec/2025:18:58:55 +0000] "GET /transparencia_files/Articulo_15/Fraccion_VI/Matriz%20de%20Indicadores/Matriz%20de%20Indicadores%20Educacion%202021.pdf HTTP/1.1" 304 - "-" "Mozilla/5.0 (Linux; Android 6.0.1; Nexus 5X Build/MMB29P) AppleWebKit/537.36 (KHTML, like Gecko) Chrome/141.0.7390.122 Mobile Safari/537.36 (compatible; Googlebot/2.1; +http://www.google.com/bot.html)"
66.249.68.69 - - [13/Dec/2025:18:59:09 +0000] "GET /transparencia_files/Curriculums/2015-2021/CURRICULUM%20%20ADMINISTRACION%202015%20%20-%20%20%202021.pdf HTTP/1.1" 304 - "-" "Mozilla/5.0 (Linux; Android 6.0.1; Nexus 5X Build/MMB29P) AppleWebKit/537.36 (KHTML, like Gecko) Chrome/141.0.7390.122 Mobile Safari/537.36 (compatible; Googlebot/2.1; +http://www.google.com/bot.html)"
66.249.68.67 - - [13/Dec/2025:18:59:09 +0000] "GET /robots.txt HTTP/1.1" 500 715 "-" "Mozilla/5.0 (compatible; Googlebot/2.1; +http://www.google.com/bot.html)"
66.249.68.4 - - [13/Dec/2025:18:59:42 +0000] "GET /transparencia_files/Articulo_8/Fraccion_V/f/02%20RENUMERACION%20DEL%2016%20AL%2029%20DE%20FEBRERO%20DEL%202024.pdf HTTP/1.1" 304 - "-" "Mozilla/5.0 (Linux; Android 6.0.1; Nexus 5X Build/MMB29P) AppleWebKit/537.36 (KHTML, like Gecko) Chrome/141.0.7390.122 Mobile Safari/537.36 (compatible; Googlebot/2.1; +http://www.google.com/bot.html)"
66.249.68.5 - - [13/Dec/2025:18:59:42 +0000] "GET /robots.txt HTTP/1.1" 500 715 "-" "Mozilla/5.0 (compatible; Googlebot/2.1; +http://www.google.com/bot.html)"
66.249.68.3 - - [13/Dec/2025:18:59:47 +0000] "GET /transparencia_files/Articulo_8/Fraccion_V/i/2023/03%20MARZO%202023.pdf HTTP/1.1" 200 536257 "-" "Mozilla/5.0 AppleWebKit/537.36 (KHTML, like Gecko; compatible; GoogleOther) Chrome/141.0.7390.122 Safari/537.36"
66.249.68.4 - - [13/Dec/2025:18:59:47 +0000] "GET /transparencia_files/Articulo_8/Fraccion_V/x/2019/RASTRO%20DIGNO%201146%20AGOSTO%202021.pdf HTTP/1.1" 200 161223 "-" "Mozilla/5.0 AppleWebKit/537.36 (KHTML, like Gecko; compatible; GoogleOther) Chrome/141.0.7390.122 Safari/537.36"
204.76.203.8 - - [13/Dec/2025:19:00:12 +0000] "PROPFIND / HTTP/1.1" 500 - "http://198.38.90.22:443/" "-"
68.183.102.134 - - [13/Dec/2025:19:00:29 +0000] "GET /transparencia_files/Articulo_8/Fraccion_I/m/formato_guia_solicitud_de_informacion.docx HTTP/1.1" 500 715 "-" "Mozilla/5.0 (Macintosh; Intel Mac OS X 10_15_7) AppleWebKit/537.36 (KHTML, like Gecko) Chrome/135.0.0.0 Safari/537.36"
192.241.145.113 - - [13/Dec/2025:19:00:31 +0000] "GET /transparencia_files/Articulo_8/Fraccion_I/m/formato_guia_solicitud_de_informacion.docx HTTP/1.1" 500 715 "-" "Mozilla/5.0 (Macintosh; Intel Mac OS X 10_15_7) AppleWebKit/537.36 (KHTML, like Gecko) Chrome/135.0.0.0 Safari/537.36"
137.184.65.57 - - [13/Dec/2025:19:00:32 +0000] "GET /transparencia_files/Articulo_8/Fraccion_I/m/formato_guia_solicitud_de_informacion.docx HTTP/1.1" 500 715 "-" "Mozilla/5.0 (Macintosh; Intel Mac OS X 10_15_7) AppleWebKit/537.36 (KHTML, like Gecko) Chrome/135.0.0.0 Safari/537.36"
5.255.231.136 - - [13/Dec/2025:19:00:46 +0000] "GET /robots.txt HTTP/1.1" 500 715 "-" "Mozilla/5.0 (compatible; YandexBot/3.0; +http://yandex.com/bots)"
95.108.213.99 - - [13/Dec/2025:19:00:46 +0000] "GET /transparencia_files/Articulo_8/Fraccion_V/g/2024/NOMINA%20PRESIDENCIA%2016%20AL%2031%20DE%20MAYO%202024.pdf HTTP/1.1" 200 673849 "-" "Mozilla/5.0 (compatible; YandexBot/3.0; +http://yandex.com/bots)"
66.249.68.5 - - [13/Dec/2025:19:00:51 +0000] "GET /transparencia_files/Articulo_8/Fraccion_III/b/NO%20PROGRAMAS%20FEDERALES%20FEBRERO%202025149.pdf HTTP/1.1" 304 - "-" "Mozilla/5.0 (Linux; Android 6.0.1; Nexus 5X Build/MMB29P) AppleWebKit/537.36 (KHTML, like Gecko) Chrome/141.0.7390.122 Mobile Safari/537.36 (compatible; Googlebot/2.1; +http://www.google.com/bot.html)"
66.249.68.4 - - [13/Dec/2025:19:00:51 +0000] "GET /robots.txt HTTP/1.1" 500 715 "-" "Mozilla/5.0 (compatible; Googlebot/2.1; +http://www.google.com/bot.html)"
66.249.68.4 - - [13/Dec/2025:19:01:03 +0000] "GET /transparencia_files/Articulo_15/Fraccion_IX/Sesiones%20de%20Cabildo%20Administracion%202018-2021/ACTA%20NUMERO%2004%20EXTRAORDINARIA.pdf HTTP/1.1" 304 - "-" "Mozilla/5.0 (Linux; Android 6.0.1; Nexus 5X Build/MMB29P) AppleWebKit/537.36 (KHTML, like Gecko) Chrome/141.0.7390.122 Mobile Safari/537.36 (compatible; Googlebot/2.1; +http://www.google.com/bot.html)"
66.249.68.4 - - [13/Dec/2025:19:01:41 +0000] "GET /transparencia_files/Articulo_8/Fraccion_IV/d/2018-2021/Manual%20de%20Operaciones%20Informatica%202019-2021.docx HTTP/1.1" 304 - "-" "Mozilla/5.0 (Linux; Android 6.0.1; Nexus 5X Build/MMB29P) AppleWebKit/537.36 (KHTML, like Gecko) Chrome/141.0.7390.122 Mobile Safari/537.36 (compatible; Googlebot/2.1; +http://www.google.com/bot.html)"
146.190.214.42 - - [13/Dec/2025:19:01:53 +0000] "GET /transparencia_files/Edictos/2024/COMUR%20021-CUAUTLA-2024.pdf HTTP/1.1" 500 715 "-" "Mozilla/5.0 (Macintosh; Intel Mac OS X 10_15_7) AppleWebKit/537.36 (KHTML, like Gecko) Chrome/135.0.0.0 Safari/537.36"
147.182.135.28 - - [13/Dec/2025:19:01:54 +0000] "GET /transparencia_files/Edictos/2024/COMUR%20021-CUAUTLA-2024.pdf HTTP/1.1" 500 715 "-" "Mozilla/5.0 (Macintosh; Intel Mac OS X 10_15_7) AppleWebKit/537.36 (KHTML, like Gecko) Chrome/135.0.0.0 Safari/537.36"
68.183.96.116 - - [13/Dec/2025:19:01:56 +0000] "GET /transparencia_files/Edictos/2024/COMUR%20021-CUAUTLA-2024.pdf HTTP/1.1" 500 715 "-" "Mozilla/5.0 (Macintosh; Intel Mac OS X 10_15_7) AppleWebKit/537.36 (KHTML, like Gecko) Chrome/135.0.0.0 Safari/537.36"
77.106.61.32 - - [13/Dec/2025:19:02:06 +0000] "GET /agenda/categoria/transparencia/dia/2023-10-20 HTTP/1.1" 500 715 "https://cuautlajalisco.gob.mx/" "Mozilla/5.0 (Windows NT 10.0; Win64; x64) AppleWebKit/537.36 (KHTML, like Gecko) Chrome/135.0.0.0 Safari/537.36"
66.249.68.4 - - [13/Dec/2025:19:02:10 +0000] "GET /robots.txt HTTP/1.1" 500 715 "-" "Mozilla/5.0 (compatible; Googlebot/2.1; +http://www.google.com/bot.html)"
66.249.68.4 - - [13/Dec/2025:19:02:10 +0000] "GET /transparencia_files/DatosAbiertos/RegistroCivil/VOLANTE%20DE%20CONTROL%20REGISTRO%20CIVIL%20DICIEMBRE%202019.docx HTTP/1.1" 304 - "-" "Mozilla/5.0 (Linux; Android 6.0.1; Nexus 5X Build/MMB29P) AppleWebKit/537.36 (KHTML, like Gecko) Chrome/141.0.7390.122 Mobile Safari/537.36 (compatible; Googlebot/2.1; +http://www.google.com/bot.html)"
104.152.52.70 - - [13/Dec/2025:19:02:15 +0000] "GET / HTTP/1.1" 200 2469 "-" "curl/7.61.1"
104.152.52.70 - - [13/Dec/2025:19:02:15 +0000] "GET /img/logoayuntamiento.jpg HTTP/1.1" 200 68034 "-" "curl/7.61.1"
66.249.68.3 - - [13/Dec/2025:19:02:18 +0000] "GET /transparencia_files/Articulo_8/Fraccion_III/d/DESARROLLO%20SOCIAL%202020.xlsx HTTP/1.1" 304 - "-" "Mozilla/5.0 (Linux; Android 6.0.1; Nexus 5X Build/MMB29P) AppleWebKit/537.36 (KHTML, like Gecko) Chrome/141.0.7390.122 Mobile Safari/537.36 (compatible; Googlebot/2.1; +http://www.google.com/bot.html)"
5.255.231.116 - - [13/Dec/2025:19:02:46 +0000] "GET /robots.txt HTTP/1.1" 500 715 "-" "Mozilla/5.0 (compatible; YandexBot/3.0; +http://yandex.com/bots)"
213.109.66.158 - - [13/Dec/2025:19:02:47 +0000] "GET /agenda/categoria/fomento-agropecuario/dia/2024-10-26 HTTP/1.1" 500 715 "https://cuautlajalisco.gob.mx/" "Mozilla/5.0 (Macintosh; Intel Mac OS X 10_15_7) AppleWebKit/605.1.15 (KHTML, like Gecko) Version/18.3.1 Safari/605.1.15"
66.249.68.68 - - [13/Dec/2025:19:03:13 +0000] "GET /robots.txt HTTP/1.1" 500 715 "-" "Mozilla/5.0 (compatible; Googlebot/2.1; +http://www.google.com/bot.html)"
66.249.68.69 - - [13/Dec/2025:19:03:13 +0000] "GET /transparencia_files/Articulo_15/Fraccion_VIII/Comisiones%20Edilicias/Convocatoria%20Nov%202018%20%28Proteccion%20Civil%2C%20Saneamiento%20y%20Accion%20Ambiental%2C%20Agua%20y%20Alcantarillado%29.pdf HTTP/1.1" 304 - "-" "Mozilla/5.0 (Linux; Android 6.0.1; Nexus 5X Build/MMB29P) AppleWebKit/537.36 (KHTML, like Gecko) Chrome/141.0.7390.122 Mobile Safari/537.36 (compatible; Googlebot/2.1; +http://www.google.com/bot.html)"
181.42.203.249 - - [13/Dec/2025:19:03:38 +0000] "GET /agenda/2023-09-10 HTTP/1.1" 500 715 "https://cuautlajalisco.gob.mx/" "Mozilla/5.0 (Windows NT 10.0; Win64; x64) AppleWebKit/537.36 (KHTML, like Gecko) Chrome/135.0.0.0 Safari/537.36"
66.249.68.68 - - [13/Dec/2025:19:03:42 +0000] "GET /transparencia_files/Articulo_8/Fraccion_V/g/2024/NOMINA%20PRESIDENCIA%20DEL%2001%20AL%2015%20DE%20ENERO%20DEL%202024.pdf HTTP/1.1" 304 - "-" "Mozilla/5.0 (Linux; Android 6.0.1; Nexus 5X Build/MMB29P) AppleWebKit/537.36 (KHTML, like Gecko) Chrome/141.0.7390.122 Mobile Safari/537.36 (compatible; Googlebot/2.1; +http://www.google.com/bot.html)"
47.82.11.35 - - [13/Dec/2025:19:03:42 +0000] "GET /agenda/categoria/fomento-agropecuario/dia/2024-04-30 HTTP/1.1" 500 715 "https://cuautlajalisco.gob.mx/" "Mozilla/5.0 (Windows NT 10.0; Win64; x64) AppleWebKit/537.36 (KHTML, like Gecko) Chrome/131.0.0.0 Safari/537.36"
66.249.68.68 - - [13/Dec/2025:19:03:47 +0000] "GET /transparencia_files/Articulo_8/Fraccion_V/g/2021/01%20al%2015%20de%20diciembre%20presidencia.pdf HTTP/1.1" 304 - "-" "Mozilla/5.0 (Linux; Android 6.0.1; Nexus 5X Build/MMB29P) AppleWebKit/537.36 (KHTML, like Gecko) Chrome/141.0.7390.122 Mobile Safari/537.36 (compatible; Googlebot/2.1; +http://www.google.com/bot.html)"
66.249.68.4 - - [13/Dec/2025:19:04:14 +0000] "GET /robots.txt HTTP/1.1" 500 715 "-" "Mozilla/5.0 (compatible; Googlebot/2.1; +http://www.google.com/bot.html)"
66.249.68.4 - - [13/Dec/2025:19:04:14 +0000] "GET /transparencia_files/Articulo_8/Fraccion_V/y/MONICA%20SOFIA%20TORO%20FUENTES-%20MODIFICACION%202019.pdf HTTP/1.1" 304 - "-" "Mozilla/5.0 (Linux; Android 6.0.1; Nexus 5X Build/MMB29P) AppleWebKit/537.36 (KHTML, like Gecko) Chrome/141.0.7390.122 Mobile Safari/537.36 (compatible; Googlebot/2.1; +http://www.google.com/bot.html)"
177.37.79.122 - - [13/Dec/2025:19:04:24 +0000] "GET /agenda/categoria/transparencia/dia/2024-02-04 HTTP/1.1" 500 715 "https://cuautlajalisco.gob.mx/" "Mozilla/5.0 (Macintosh; Intel Mac OS X 10_15_7) AppleWebKit/605.1.15 (KHTML, like Gecko) Version/18.1 Safari/605.1.15"
18.182.6.86 - - [13/Dec/2025:19:04:34 +0000] "GET / HTTP/1.1" 200 2469 "-" "Mozilla/5.0 (Windows NT 10.0; Win64; x64) AppleWebKit/537.36 (KHTML, like Gecko) Chrome/60.0.3112.113 Safari/537.36 Assetnote/1.0.0"
18.182.6.86 - - [13/Dec/2025:19:04:34 +0000] "HEAD /apps HTTP/1.1" 500 - "-" "Mozilla/5.0 (Windows NT 10.0; Win64; x64) AppleWebKit/537.36 (KHTML, like Gecko) Chrome/60.0.3112.113 Safari/537.36 Assetnote/1.0.0"
18.182.6.86 - - [13/Dec/2025:19:04:34 +0000] "POST /apps HTTP/1.1" 500 715 "-" "Mozilla/5.0 (Windows NT 10.0; Win64; x64) AppleWebKit/537.36 (KHTML, like Gecko) Chrome/60.0.3112.113 Safari/537.36 Assetnote/1.0.0"
40.77.167.203 - - [13/Dec/2025:19:04:38 +0000] "GET /robots.txt HTTP/2.0" 500 715 "-" "Mozilla/5.0 AppleWebKit/537.36 (KHTML, like Gecko; compatible; bingbot/2.0; +http://www.bing.com/bingbot.htm) Chrome/116.0.1938.76 Safari/537.36"
66.249.68.69 - - [13/Dec/2025:19:04:40 +0000] "GET /robots.txt HTTP/1.1" 500 715 "-" "Mozilla/5.0 (compatible; Googlebot/2.1; +http://www.google.com/bot.html)"
66.249.68.69 - - [13/Dec/2025:19:04:40 +0000] "GET /transparencia_files/Articulo_15/Fraccion_XI/2020/Control%20Registro%20Civil%20FEB2020.pdf HTTP/1.1" 304 - "-" "Mozilla/5.0 (Linux; Android 6.0.1; Nexus 5X Build/MMB29P) AppleWebKit/537.36 (KHTML, like Gecko) Chrome/141.0.7390.122 Mobile Safari/537.36 (compatible; Googlebot/2.1; +http://www.google.com/bot.html)"
40.77.167.71 - - [13/Dec/2025:19:04:45 +0000] "GET /14820428.html HTTP/2.0" 500 715 "-" "Mozilla/5.0 AppleWebKit/537.36 (KHTML, like Gecko; compatible; bingbot/2.0; +http://www.bing.com/bingbot.htm) Chrome/116.0.1938.76 Safari/537.36"
91.106.55.35 - - [13/Dec/2025:19:04:46 +0000] "GET /inicio1/378079845_693306892837308_4370529019905960161_n HTTP/1.1" 500 715 "https://cuautlajalisco.gob.mx/" "Mozilla/5.0 (Windows NT 10.0; Win64; x64) AppleWebKit/537.36 (KHTML, like Gecko) Chrome/135.0.0.0 Safari/537.36"
66.249.68.69 - - [13/Dec/2025:19:05:01 +0000] "GET /transparencia_files/Nombramientos/Nombramientos%202024-2027/Nombramiento%20AUXILIAR%20CULTURA%20RAQUEL%20RANGEL.pdf HTTP/1.1" 304 - "-" "Mozilla/5.0 (Linux; Android 6.0.1; Nexus 5X Build/MMB29P) AppleWebKit/537.36 (KHTML, like Gecko) Chrome/141.0.7390.122 Mobile Safari/537.36 (compatible; Googlebot/2.1; +http://www.google.com/bot.html)"
186.177.189.0 - - [13/Dec/2025:19:05:13 +0000] "GET /agenda/2023-07-20 HTTP/1.1" 500 715 "https://cuautlajalisco.gob.mx/" "Mozilla/5.0 (Windows NT 10.0; Win64; x64) AppleWebKit/537.36 (KHTML, like Gecko) Chrome/134.0.0.0 Safari/537.36"
45.94.31.25 - - [13/Dec/2025:19:05:25 +0000] "GET /.env HTTP/1.1" 500 715 "-" "Mozilla/5.0 (Linux; U; Android 4.4.2; en-US; HM NOTE 1W Build/KOT49H) AppleWebKit/534.30 (KHTML, like Gecko) Version/4.0 UCBrowser/11.0.5.850 U3/0.8.0 Mobile Safari/534.30"
45.94.31.25 - - [13/Dec/2025:19:05:26 +0000] "POST / HTTP/1.1" 200 2469 "-" "Mozilla/5.0 (Linux; U; Android 4.4.2; en-US; HM NOTE 1W Build/KOT49H) AppleWebKit/534.30 (KHTML, like Gecko) Version/4.0 UCBrowser/11.0.5.850 U3/0.8.0 Mobile Safari/534.30"
134.209.117.54 - - [13/Dec/2025:19:05:30 +0000] "GET /transparencia_files/Articulo_8/Fraccion_V/x/2019/EMPEDRADOS%202499%20ENERO%202021.pdf HTTP/1.1" 200 165578 "-" "Mozilla/5.0 (Macintosh; Intel Mac OS X 10_15_7) AppleWebKit/537.36 (KHTML, like Gecko) Chrome/135.0.0.0 Safari/537.36"
167.172.154.153 - - [13/Dec/2025:19:05:38 +0000] "GET /transparencia_files/Articulo_8/Fraccion_XIV/3ro%20trimestre/ejercicio%20presupuestario/Informacio%CC%81n%20de%20Montos%20Pagados%20por%20Ayudas%20y%20Subsidios.docx HTTP/1.1" 500 715 "-" "Mozilla/5.0 (Macintosh; Intel Mac OS X 10_15_7) AppleWebKit/537.36 (KHTML, like Gecko) Chrome/135.0.0.0 Safari/537.36"
142.93.11.191 - - [13/Dec/2025:19:05:39 +0000] "GET /transparencia_files/Articulo_8/Fraccion_XIV/3ro%20trimestre/ejercicio%20presupuestario/Informacio%CC%81n%20de%20Montos%20Pagados%20por%20Ayudas%20y%20Subsidios.docx HTTP/1.1" 500 715 "-" "Mozilla/5.0 (Macintosh; Intel Mac OS X 10_15_7) AppleWebKit/537.36 (KHTML, like Gecko) Chrome/135.0.0.0 Safari/537.36"
24.144.126.16 - - [13/Dec/2025:19:05:40 +0000] "GET /transparencia_files/Articulo_8/Fraccion_XIV/3ro%20trimestre/ejercicio%20presupuestario/Informacio%CC%81n%20de%20Montos%20Pagados%20por%20Ayudas%20y%20Subsidios.docx HTTP/1.1" 500 715 "-" "Mozilla/5.0 (Macintosh; Intel Mac OS X 10_15_7) AppleWebKit/537.36 (KHTML, like Gecko) Chrome/135.0.0.0 Safari/537.36"
66.249.68.68 - - [13/Dec/2025:19:05:43 +0000] "GET /transparencia_files/Articulo_15/Fraccion_VIII/Admon%202021-2024/CONVOCATORIA%2017%20SESIO%CC%81N%20ORDIANARIA%2024%20DE%20ENERO%202023.pdf HTTP/1.1" 304 - "-" "Mozilla/5.0 (Linux; Android 6.0.1; Nexus 5X Build/MMB29P) AppleWebKit/537.36 (KHTML, like Gecko) Chrome/141.0.7390.122 Mobile Safari/537.36 (compatible; Googlebot/2.1; +http://www.google.com/bot.html)"
66.249.68.67 - - [13/Dec/2025:19:05:59 +0000] "GET /transparencia_files/Articulo_15/Fraccion_XVI/Consejos%20Consultivos%202024/Comite%CC%81%20comunitario%20Ejido%20Tototlan-Mina.pdf HTTP/1.1" 304 - "-" "Mozilla/5.0 (Linux; Android 6.0.1; Nexus 5X Build/MMB29P) AppleWebKit/537.36 (KHTML, like Gecko) Chrome/141.0.7390.122 Mobile Safari/537.36 (compatible; Googlebot/2.1; +http://www.google.com/bot.html)"
66.249.68.67 - - [13/Dec/2025:19:06:16 +0000] "GET /transparencia_files/Articulo_15/Fraccion_VI/Reglamentos/Reglamento%20Organo%20Interno%20de%20Control%20.pdf HTTP/1.1" 304 - "-" "Mozilla/5.0 (Linux; Android 6.0.1; Nexus 5X Build/MMB29P) AppleWebKit/537.36 (KHTML, like Gecko) Chrome/141.0.7390.122 Mobile Safari/537.36 (compatible; Googlebot/2.1; +http://www.google.com/bot.html)"
66.249.68.5 - - [13/Dec/2025:19:06:29 +0000] "GET /transparencia_files/EdictosComur/Pasado/EXPEDIENTE%20COMUR%20018-CUAUTLA-2023.pdf HTTP/1.1" 304 - "-" "Mozilla/5.0 (Linux; Android 6.0.1; Nexus 5X Build/MMB29P) AppleWebKit/537.36 (KHTML, like Gecko) Chrome/141.0.7390.122 Mobile Safari/537.36 (compatible; Googlebot/2.1; +http://www.google.com/bot.html)"
66.249.68.68 - - [13/Dec/2025:19:06:41 +0000] "GET /transparencia_files/Articulo_15/Fraccion_VII/Administracion%202024-2027/21-PLAN%20DE%20TABAJO%20DE%20LA%20COMISION%20EDILICIA-COMERCIO%20Y%20TRABAJO-ADM-24-27.pdf HTTP/1.1" 304 - "-" "Mozilla/5.0 (Linux; Android 6.0.1; Nexus 5X Build/MMB29P) AppleWebKit/537.36 (KHTML, like Gecko) Chrome/141.0.7390.122 Mobile Safari/537.36 (compatible; Googlebot/2.1; +http://www.google.com/bot.html)"
5.255.231.45 - - [13/Dec/2025:19:06:47 +0000] "GET /robots.txt HTTP/1.1" 500 715 "-" "Mozilla/5.0 (compatible; YandexBot/3.0; +http://yandex.com/bots)"
27.50.29.178 - - [13/Dec/2025:19:07:09 +0000] "GET /wp-admin/admin.php HTTP/1.1" 500 715 "-" "Mozilla/5.0 (Linux; Android 10; K) AppleWebKit/537.36 (KHTML, like Gecko) Chrome/114.0.0.0 Mobile Safari/537.36"
27.50.29.178 - - [13/Dec/2025:19:07:09 +0000] "GET /wp-admin/css/colors/xmrlpc.php?p= HTTP/1.1" 500 715 "-" "Mozilla/5.0 (Linux; Android 10; K) AppleWebKit/537.36 (KHTML, like Gecko) Chrome/114.0.0.0 Mobile Safari/537.36"
27.50.29.178 - - [13/Dec/2025:19:07:10 +0000] "GET /wp-admin/about.php HTTP/1.1" 500 715 "-" "Mozilla/5.0 (Linux; Android 10; K) AppleWebKit/537.36 (KHTML, like Gecko) Chrome/114.0.0.0 Mobile Safari/537.36"
27.50.29.178 - - [13/Dec/2025:19:07:10 +0000] "GET /wp-admin/alfa.php HTTP/1.1" 500 715 "-" "Mozilla/5.0 (Linux; Android 10; K) AppleWebKit/537.36 (KHTML, like Gecko) Chrome/114.0.0.0 Mobile Safari/537.36"
27.50.29.178 - - [13/Dec/2025:19:07:16 +0000] "GET /wp-admin/dropdown.php HTTP/1.1" 500 715 "-" "Mozilla/5.0 (Linux; Android 10; K) AppleWebKit/537.36 (KHTML, like Gecko) Chrome/114.0.0.0 Mobile Safari/537.36"
27.50.29.178 - - [13/Dec/2025:19:08:03 +0000] "GET /wp-admin/includes/atomlib.php HTTP/1.1" 500 715 "-" "Mozilla/5.0 (Linux; Android 10; K) AppleWebKit/537.36 (KHTML, like Gecko) Chrome/114.0.0.0 Mobile Safari/537.36"
27.50.29.178 - - [13/Dec/2025:19:08:04 +0000] "GET /wp-admin/images/about.php HTTP/1.1" 500 715 "-" "Mozilla/5.0 (Linux; Android 10; K) AppleWebKit/537.36 (KHTML, like Gecko) Chrome/114.0.0.0 Mobile Safari/537.36"
27.50.29.178 - - [13/Dec/2025:19:08:04 +0000] "GET /wp-admin/index.php HTTP/1.1" 500 715 "-" "Mozilla/5.0 (Linux; Android 10; K) AppleWebKit/537.36 (KHTML, like Gecko) Chrome/114.0.0.0 Mobile Safari/537.36"
27.50.29.178 - - [13/Dec/2025:19:08:04 +0000] "GET /wp-admin/fw.php HTTP/1.1" 500 715 "-" "Mozilla/5.0 (Linux; Android 10; K) AppleWebKit/537.36 (KHTML, like Gecko) Chrome/114.0.0.0 Mobile Safari/537.36"
137.184.29.115 - - [13/Dec/2025:19:08:20 +0000] "GET /pdf/vi/ayuntamiento/j/ordinarias/12.docx HTTP/1.1" 500 715 "-" "Mozilla/5.0 (Macintosh; Intel Mac OS X 10_15_7) AppleWebKit/537.36 (KHTML, like Gecko) Chrome/135.0.0.0 Safari/537.36"
165.227.195.218 - - [13/Dec/2025:19:08:21 +0000] "GET /pdf/vi/ayuntamiento/j/ordinarias/12.docx HTTP/1.1" 500 715 "-" "Mozilla/5.0 (Macintosh; Intel Mac OS X 10_15_7) AppleWebKit/537.36 (KHTML, like Gecko) Chrome/135.0.0.0 Safari/537.36"
134.209.120.57 - - [13/Dec/2025:19:08:23 +0000] "GET /pdf/vi/ayuntamiento/j/ordinarias/12.docx HTTP/1.1" 500 715 "-" "Mozilla/5.0 (Macintosh; Intel Mac OS X 10_15_7) AppleWebKit/537.36 (KHTML, like Gecko) Chrome/135.0.0.0 Safari/537.36"
66.249.68.69 - - [13/Dec/2025:19:08:43 +0000] "GET /transparencia_files/Articulo_15/Fraccion_VII/Administracion%202024-2027/10-PLAN%20DE%20TRABAJO%20DE%20COMISION%20OBRA%20PUBLICA-ADM-24-27.pdf HTTP/1.1" 304 - "-" "Mozilla/5.0 (Linux; Android 6.0.1; Nexus 5X Build/MMB29P) AppleWebKit/537.36 (KHTML, like Gecko) Chrome/141.0.7390.122 Mobile Safari/537.36 (compatible; Googlebot/2.1; +http://www.google.com/bot.html)"
66.249.68.67 - - [13/Dec/2025:19:08:43 +0000] "GET /robots.txt HTTP/1.1" 500 715 "-" "Mozilla/5.0 (compatible; Googlebot/2.1; +http://www.google.com/bot.html)"
66.249.68.68 - - [13/Dec/2025:19:09:41 +0000] "GET /transparencia_files/Articulo_15/Fraccion_VI/Manuales%20Procedimientos/MANUALES%20DE%20PROCEDIMIENTOS%20IMJUVE.docx HTTP/1.1" 304 - "-" "Mozilla/5.0 (Linux; Android 6.0.1; Nexus 5X Build/MMB29P) AppleWebKit/537.36 (KHTML, like Gecko) Chrome/141.0.7390.122 Mobile Safari/537.36 (compatible; Googlebot/2.1; +http://www.google.com/bot.html)"
66.249.68.4 - - [13/Dec/2025:19:10:01 +0000] "GET /transparencia_files/Articulo_8/Fraccion_VI/j/Actas%20Cabildo/ACTA%20NUMERO%2020%20EXTRAORDINARIA.docx HTTP/1.1" 304 - "-" "Mozilla/5.0 (Linux; Android 6.0.1; Nexus 5X Build/MMB29P) AppleWebKit/537.36 (KHTML, like Gecko) Chrome/141.0.7390.122 Mobile Safari/537.36 (compatible; Googlebot/2.1; +http://www.google.com/bot.html)"
66.249.68.3 - - [13/Dec/2025:19:10:01 +0000] "GET /robots.txt HTTP/1.1" 500 715 "-" "Mozilla/5.0 (compatible; Googlebot/2.1; +http://www.google.com/bot.html)"
27.50.29.178 - - [13/Dec/2025:19:10:25 +0000] "GET /wp-content/flame.php HTTP/1.1" 500 715 "-" "Mozilla/5.0 (Linux; Android 10; K) AppleWebKit/537.36 (KHTML, like Gecko) Chrome/114.0.0.0 Mobile Safari/537.36"
27.50.29.178 - - [13/Dec/2025:19:10:25 +0000] "GET /wp-content.php HTTP/1.1" 500 715 "-" "Mozilla/5.0 (Linux; Android 10; K) AppleWebKit/537.36 (KHTML, like Gecko) Chrome/114.0.0.0 Mobile Safari/537.36"
27.50.29.178 - - [13/Dec/2025:19:10:25 +0000] "GET /wp-content/admin.php HTTP/1.1" 500 715 "-" "Mozilla/5.0 (Linux; Android 10; K) AppleWebKit/537.36 (KHTML, like Gecko) Chrome/114.0.0.0 Mobile Safari/537.36"
27.50.29.178 - - [13/Dec/2025:19:10:25 +0000] "GET /wp-content/about.php HTTP/1.1" 500 715 "-" "Mozilla/5.0 (Linux; Android 10; K) AppleWebKit/537.36 (KHTML, like Gecko) Chrome/114.0.0.0 Mobile Safari/537.36"
27.50.29.178 - - [13/Dec/2025:19:10:25 +0000] "GET /wp-conflg.php HTTP/1.1" 500 715 "-" "Mozilla/5.0 (Linux; Android 10; K) AppleWebKit/537.36 (KHTML, like Gecko) Chrome/114.0.0.0 Mobile Safari/537.36"
66.249.68.3 - - [13/Dec/2025:19:10:35 +0000] "GET /transparencia_files/Articulo_8/Fraccion_V/x/2025/01%20Estados%20de%20Cuentas%20Enero%202025.pdf HTTP/1.1" 304 - "-" "Mozilla/5.0 (Linux; Android 6.0.1; Nexus 5X Build/MMB29P) AppleWebKit/537.36 (KHTML, like Gecko) Chrome/141.0.7390.122 Mobile Safari/537.36 (compatible; Googlebot/2.1; +http://www.google.com/bot.html)"
66.249.68.3 - - [13/Dec/2025:19:10:41 +0000] "GET /transparencia_files/Articulo_8/Fraccion_V/x/2024/01%20Estados%20de%20Cuentas%20Enero%202024.pdf HTTP/1.1" 304 - "-" "Mozilla/5.0 (Linux; Android 6.0.1; Nexus 5X Build/MMB29P) AppleWebKit/537.36 (KHTML, like Gecko) Chrome/141.0.7390.122 Mobile Safari/537.36 (compatible; Googlebot/2.1; +http://www.google.com/bot.html)"
92.253.28.195 - - [13/Dec/2025:19:10:46 +0000] "GET /agenda/2024-09-16 HTTP/1.1" 500 715 "https://cuautlajalisco.gob.mx/" "Mozilla/5.0 (Windows NT 10.0; Win64; x64) AppleWebKit/537.36 (KHTML, like Gecko) Chrome/135.0.0.0 Safari/537.36"
193.31.207.190 - - [13/Dec/2025:19:11:02 +0000] "GET /agenda/categoria/transparencia/dia/2024-04-03 HTTP/1.1" 500 715 "https://cuautlajalisco.gob.mx/" "Mozilla/5.0 (Windows NT 10.0; Win64; x64) AppleWebKit/537.36 (KHTML, like Gecko) Chrome/135.0.0.0 Safari/537.36"
40.77.167.121 - - [13/Dec/2025:19:11:15 +0000] "GET /58814120.html HTTP/2.0" 500 715 "-" "Mozilla/5.0 AppleWebKit/537.36 (KHTML, like Gecko; compatible; bingbot/2.0; +http://www.bing.com/bingbot.htm) Chrome/116.0.1938.76 Safari/537.36"
66.249.68.5 - - [13/Dec/2025:19:11:20 +0000] "GET /robots.txt HTTP/1.1" 500 715 "-" "Mozilla/5.0 (compatible; Googlebot/2.1; +http://www.google.com/bot.html)"
66.249.68.4 - - [13/Dec/2025:19:11:20 +0000] "GET /transparencia_files/Articulo_8/Fraccion_V/x/2024/04%20Estados%20de%20Cuentas%20Abril%202024.pdf HTTP/1.1" 304 - "-" "Mozilla/5.0 (Linux; Android 6.0.1; Nexus 5X Build/MMB29P) AppleWebKit/537.36 (KHTML, like Gecko) Chrome/141.0.7390.122 Mobile Safari/537.36 (compatible; Googlebot/2.1; +http://www.google.com/bot.html)"
47.82.11.4 - - [13/Dec/2025:19:11:35 +0000] "GET /agenda/2024-09-17 HTTP/1.1" 500 715 "https://cuautlajalisco.gob.mx/" "Mozilla/5.0 (Windows NT 10.0; Win64; x64) AppleWebKit/537.36 (KHTML, like Gecko) Chrome/135.0.0.0 Safari/537.36 Edg/135.0.0.0"
66.249.68.5 - - [13/Dec/2025:19:11:51 +0000] "GET /transparencia_files/Articulo_8/Fraccion_V/x/2022-2023/005%20Estados%20de%20Cuentas%20Mayo%202022.pdf HTTP/1.1" 304 - "-" "Mozilla/5.0 (Linux; Android 6.0.1; Nexus 5X Build/MMB29P) AppleWebKit/537.36 (KHTML, like Gecko) Chrome/141.0.7390.122 Mobile Safari/537.36 (compatible; Googlebot/2.1; +http://www.google.com/bot.html)"
40.77.167.9 - - [13/Dec/2025:19:11:55 +0000] "GET /8193940.html HTTP/2.0" 500 715 "-" "Mozilla/5.0 AppleWebKit/537.36 (KHTML, like Gecko; compatible; bingbot/2.0; +http://www.bing.com/bingbot.htm) Chrome/116.0.1938.76 Safari/537.36"
40.77.167.235 - - [13/Dec/2025:19:12:44 +0000] "GET /transparencia_files/Articulo_15/Fraccion_IX/Comisiones/Acta%2012%28Doce%29%20Comision%20Catastro.pdf HTTP/2.0" 500 715 "-" "Mozilla/5.0 AppleWebKit/537.36 (KHTML, like Gecko; compatible; bingbot/2.0; +http://www.bing.com/bingbot.htm) Chrome/116.0.1938.76 Safari/537.36"
66.249.68.5 - - [13/Dec/2025:19:12:48 +0000] "GET /robots.txt HTTP/1.1" 500 715 "-" "Mozilla/5.0 (compatible; Googlebot/2.1; +http://www.google.com/bot.html)"
66.249.68.4 - - [13/Dec/2025:19:12:48 +0000] "GET /transparencia_files/Articulo_15/Fraccion_IX/Sesiones%20de%20Cabildo%20Administracion%202018-2021/ACTA%20XXV%20VIGESIMA%20QUINTA%20ORDINARIA.pdf HTTP/1.1" 304 - "-" "Mozilla/5.0 (Linux; Android 6.0.1; Nexus 5X Build/MMB29P) AppleWebKit/537.36 (KHTML, like Gecko) Chrome/141.0.7390.122 Mobile Safari/537.36 (compatible; Googlebot/2.1; +http://www.google.com/bot.html)"
66.249.68.69 - - [13/Dec/2025:19:13:02 +0000] "GET /transparencia_files/Articulo_8/Fraccion_V/g/2017/01-15demarzo2017.pdf HTTP/1.1" 304 - "-" "Mozilla/5.0 (Linux; Android 6.0.1; Nexus 5X Build/MMB29P) AppleWebKit/537.36 (KHTML, like Gecko) Chrome/141.0.7390.122 Mobile Safari/537.36 (compatible; Googlebot/2.1; +http://www.google.com/bot.html)"
66.249.68.67 - - [13/Dec/2025:19:13:02 +0000] "GET /robots.txt HTTP/1.1" 500 715 "-" "Mozilla/5.0 (compatible; Googlebot/2.1; +http://www.google.com/bot.html)"
204.76.203.8 - - [13/Dec/2025:19:13:14 +0000] "PROPFIND / HTTP/1.1" 500 - "http://198.38.90.22:443/" "-"
66.249.68.68 - - [13/Dec/2025:19:13:17 +0000] "GET /transparencia_files/Articulo_8/Fraccion_V/g/2017/1eranoviembre2017.pdf HTTP/1.1" 304 - "-" "Mozilla/5.0 (Linux; Android 6.0.1; Nexus 5X Build/MMB29P) AppleWebKit/537.36 (KHTML, like Gecko) Chrome/141.0.7390.122 Mobile Safari/537.36 (compatible; Googlebot/2.1; +http://www.google.com/bot.html)"
66.249.68.4 - - [13/Dec/2025:19:13:38 +0000] "GET /transparencia_files/Articulo_8/Fraccion_V/g/2017/1eradediciembre2017.pdf HTTP/1.1" 304 - "-" "Mozilla/5.0 (Linux; Android 6.0.1; Nexus 5X Build/MMB29P) AppleWebKit/537.36 (KHTML, like Gecko) Chrome/141.0.7390.122 Mobile Safari/537.36 (compatible; Googlebot/2.1; +http://www.google.com/bot.html)"
66.249.68.3 - - [13/Dec/2025:19:13:43 +0000] "GET /transparencia_files/Articulo_8/Fraccion_V/x/2022-2023/Estados%20de%20Cuentas%20Noviembre%202021.pdf HTTP/1.1" 304 - "-" "Mozilla/5.0 (Linux; Android 6.0.1; Nexus 5X Build/MMB29P) AppleWebKit/537.36 (KHTML, like Gecko) Chrome/141.0.7390.122 Mobile Safari/537.36 (compatible; Googlebot/2.1; +http://www.google.com/bot.html)"
66.249.68.3 - - [13/Dec/2025:19:14:05 +0000] "GET /transparencia_files/Articulo_8/Fraccion_V/x/2022-2023/01%20Estados%20de%20Cuentas%20Enero%202023.pdf HTTP/1.1" 304 - "-" "Mozilla/5.0 (Linux; Android 6.0.1; Nexus 5X Build/MMB29P) AppleWebKit/537.36 (KHTML, like Gecko) Chrome/141.0.7390.122 Mobile Safari/537.36 (compatible; Googlebot/2.1; +http://www.google.com/bot.html)"
66.249.68.4 - - [13/Dec/2025:19:14:05 +0000] "GET /robots.txt HTTP/1.1" 500 715 "-" "Mozilla/5.0 (compatible; Googlebot/2.1; +http://www.google.com/bot.html)"
27.50.29.178 - - [13/Dec/2025:19:14:40 +0000] "GET /wp-includes/fonts/dev.php HTTP/1.1" 500 715 "-" "Mozilla/5.0 (Linux; Android 10; K) AppleWebKit/537.36 (KHTML, like Gecko) Chrome/114.0.0.0 Mobile Safari/537.36"
27.50.29.178 - - [13/Dec/2025:19:14:40 +0000] "GET /wp-includes/default.php HTTP/1.1" 500 715 "-" "Mozilla/5.0 (Linux; Android 10; K) AppleWebKit/537.36 (KHTML, like Gecko) Chrome/114.0.0.0 Mobile Safari/537.36"
27.50.29.178 - - [13/Dec/2025:19:14:40 +0000] "GET /wp-includes/fonts/iq.php HTTP/1.1" 500 715 "-" "Mozilla/5.0 (Linux; Android 10; K) AppleWebKit/537.36 (KHTML, like Gecko) Chrome/114.0.0.0 Mobile Safari/537.36"
27.50.29.178 - - [13/Dec/2025:19:14:40 +0000] "GET /wp-includes/customize/index.php HTTP/1.1" 500 715 "-" "Mozilla/5.0 (Linux; Android 10; K) AppleWebKit/537.36 (KHTML, like Gecko) Chrome/114.0.0.0 Mobile Safari/537.36"
27.50.29.178 - - [13/Dec/2025:19:14:50 +0000] "GET /wp-includes/fonts/about.php HTTP/1.1" 500 715 "-" "Mozilla/5.0 (Linux; Android 10; K) AppleWebKit/537.36 (KHTML, like Gecko) Chrome/114.0.0.0 Mobile Safari/537.36"
66.249.68.67 - - [13/Dec/2025:19:14:55 +0000] "GET /robots.txt HTTP/1.1" 500 715 "-" "Mozilla/5.0 (compatible; Googlebot/2.1; +http://www.google.com/bot.html)"
