66.249.68.69 - - [13/Dec/2025:18:08:20 +0000] "GET /transparencia_files/Articulo_15/Fraccion_X/Admon%202021-2024/MARZO%202023%2CGACETA%20MUNICIPAL%20CUAUTLA%20JALISCO.pdf HTTP/1.1" 304 - "-" "Mozilla/5.0 (Linux; Android 6.0.1; Nexus 5X Build/MMB29P) AppleWebKit/537.36 (KHTML, like Gecko) Chrome/141.0.7390.122 Mobile Safari/537.36 (compatible; Googlebot/2.1; +http://www.google.com/bot.html)"
66.249.68.67 - - [13/Dec/2025:18:08:20 +0000] "GET /robots.txt HTTP/1.1" 500 715 "-" "Mozilla/5.0 (compatible; Googlebot/2.1; +http://www.google.com/bot.html)"
66.249.68.68 - - [13/Dec/2025:18:08:26 +0000] "GET /transparencia_files/Articulo_15/Fraccion_X/Admon%202021-2024/MAYO%202022%2CGACETA%20MUNICIPAL%20CUAUTLA%20JALISCO.pdf HTTP/1.1" 304 - "-" "Mozilla/5.0 (Linux; Android 6.0.1; Nexus 5X Build/MMB29P) AppleWebKit/537.36 (KHTML, like Gecko) Chrome/141.0.7390.122 Mobile Safari/537.36 (compatible; Googlebot/2.1; +http://www.google.com/bot.html)"
66.249.68.69 - - [13/Dec/2025:18:08:38 +0000] "GET /transparencia_files/Articulo_15/Fraccion_X/Admon%202021-2024/AGOSTO%202024%20MUNICIPAL%20CUAUTLA%20JALISCO.pdf HTTP/1.1" 304 - "-" "Mozilla/5.0 (Linux; Android 6.0.1; Nexus 5X Build/MMB29P) AppleWebKit/537.36 (KHTML, like Gecko) Chrome/141.0.7390.122 Mobile Safari/537.36 (compatible; Googlebot/2.1; +http://www.google.com/bot.html)"
66.249.68.5 - - [13/Dec/2025:18:08:41 +0000] "GET /robots.txt HTTP/1.1" 500 715 "-" "Mozilla/5.0 (compatible; Googlebot/2.1; +http://www.google.com/bot.html)"
66.249.68.3 - - [13/Dec/2025:18:08:41 +0000] "GET /transparencia_files/Articulo_8/Fraccion_V/i/Historico/ESTADO%20DE%20VARIACIO%CC%81N%20DE%20LA%20HACIENDA%20PU%CC%81BLICA%202020.pdf HTTP/1.1" 200 65557 "-" "Mozilla/5.0 AppleWebKit/537.36 (KHTML, like Gecko; compatible; GoogleOther) Chrome/141.0.7390.122 Safari/537.36"
66.249.68.3 - - [13/Dec/2025:18:08:41 +0000] "GET /transparencia_files/Articulo_8/Fraccion_V/d/2024/CERTIFICACION%20DE%20CONVOCATORIAS%20FEBRERO%202024.pdf HTTP/1.1" 200 147806 "-" "Mozilla/5.0 AppleWebKit/537.36 (KHTML, like Gecko; compatible; GoogleOther) Chrome/141.0.7390.122 Safari/537.36"
66.249.68.4 - - [13/Dec/2025:18:08:41 +0000] "GET /transparencia_files/Articulo_8/Fraccion_II/d/ReglamentosMunicipales/Reglamento%20de%20Educacion.pdf HTTP/1.1" 200 338961 "-" "Mozilla/5.0 AppleWebKit/537.36 (KHTML, like Gecko; compatible; GoogleOther) Chrome/141.0.7390.122 Safari/537.36"
66.249.68.4 - - [13/Dec/2025:18:08:41 +0000] "GET /transparencia_files/Articulo_8/Fraccion_V/d/CONVOCATORIA%20DICIEMBRE2021.pdf HTTP/1.1" 200 707783 "-" "Mozilla/5.0 AppleWebKit/537.36 (KHTML, like Gecko; compatible; GoogleOther) Chrome/141.0.7390.122 Safari/537.36"
66.249.68.4 - - [13/Dec/2025:18:08:41 +0000] "GET /transparencia_files/Articulo_8/Fraccion_IV/c/2018-2021/Manual%20de%20Organizacion%20Secretaria%20General%202019-2021.pdf HTTP/1.1" 200 966601 "-" "Mozilla/5.0 AppleWebKit/537.36 (KHTML, like Gecko; compatible; GoogleOther) Chrome/141.0.7390.122 Safari/537.36"
66.249.68.4 - - [13/Dec/2025:18:08:41 +0000] "GET /transparencia_files/Articulo_8/Fraccion_V/r/entregasindicatura.pdf HTTP/1.1" 200 2437548 "-" "Mozilla/5.0 AppleWebKit/537.36 (KHTML, like Gecko; compatible; GoogleOther) Chrome/141.0.7390.122 Safari/537.36"
66.249.68.3 - - [13/Dec/2025:18:08:42 +0000] "GET /transparencia_files/Articulo_8/Fraccion_V/x/2019/GENERAL%203544%20SEPTIEMBRE%202020.pdf HTTP/1.1" 200 174103 "-" "Mozilla/5.0 AppleWebKit/537.36 (KHTML, like Gecko; compatible; GoogleOther) Chrome/141.0.7390.122 Safari/537.36"
66.249.68.4 - - [13/Dec/2025:18:08:42 +0000] "GET /transparencia_files/Articulo_8/Fraccion_VI/j/Transparencia%202021-2024/Actas/Acta%20Septima%20Ordinaria.docx HTTP/1.1" 304 - "-" "Mozilla/5.0 (Linux; Android 6.0.1; Nexus 5X Build/MMB29P) AppleWebKit/537.36 (KHTML, like Gecko) Chrome/141.0.7390.122 Mobile Safari/537.36 (compatible; Googlebot/2.1; +http://www.google.com/bot.html)"
66.249.68.5 - - [13/Dec/2025:18:08:42 +0000] "GET /transparencia_files/Articulo_8/Fraccion_IV/c/2018-2021/Manual%20de%20organizacion%20Registro%20Civil%202019-2021.pdf HTTP/1.1" 200 470937 "-" "Mozilla/5.0 AppleWebKit/537.36 (KHTML, like Gecko; compatible; GoogleOther) Chrome/141.0.7390.122 Safari/537.36"
66.249.68.5 - - [13/Dec/2025:18:08:45 +0000] "GET /transparencia_files/Articulo_8/Fraccion_V/x/2019/FONDO%20JALISCO%20DE%20ANIMACION%20CULTURAL%209717%20Noviembre%202019.pdf HTTP/1.1" 304 - "-" "Mozilla/5.0 (Linux; Android 6.0.1; Nexus 5X Build/MMB29P) AppleWebKit/537.36 (KHTML, like Gecko) Chrome/141.0.7390.122 Mobile Safari/537.36 (compatible; Googlebot/2.1; +http://www.google.com/bot.html)"
66.249.68.4 - - [13/Dec/2025:18:08:47 +0000] "GET /transparencia_files/Articulo_8/Fraccion_VI/n/Secretaria%20General/2023/ESTADISTICA%20SECRETARIA%20GENERAL%20SEPTIEMBRE%202023.pdf HTTP/1.1" 200 217450 "-" "Googlebot/2.1 (+http://www.google.com/bot.html)"
66.249.68.68 - - [13/Dec/2025:18:08:49 +0000] "GET /transparencia_files/Articulo_15/Fraccion_IX/CMDRS/1.%20ACTA%20CMDRS%20CUAUTLA%2C%20JALISCO_Febrero.pdf HTTP/1.1" 304 - "-" "Mozilla/5.0 (Linux; Android 6.0.1; Nexus 5X Build/MMB29P) AppleWebKit/537.36 (KHTML, like Gecko) Chrome/141.0.7390.122 Mobile Safari/537.36 (compatible; Googlebot/2.1; +http://www.google.com/bot.html)"
18.182.6.86 - - [13/Dec/2025:18:08:51 +0000] "GET / HTTP/1.1" 200 2469 "-" "Mozilla/5.0 (Windows NT 10.0; Win64; x64) AppleWebKit/537.36 (KHTML, like Gecko) Chrome/60.0.3112.113 Safari/537.36 Assetnote/1.0.0"
18.182.6.86 - - [13/Dec/2025:18:08:51 +0000] "HEAD /apps HTTP/1.1" 500 - "-" "Mozilla/5.0 (Windows NT 10.0; Win64; x64) AppleWebKit/537.36 (KHTML, like Gecko) Chrome/60.0.3112.113 Safari/537.36 Assetnote/1.0.0"
18.182.6.86 - - [13/Dec/2025:18:08:52 +0000] "POST /apps HTTP/1.1" 500 715 "-" "Mozilla/5.0 (Windows NT 10.0; Win64; x64) AppleWebKit/537.36 (KHTML, like Gecko) Chrome/60.0.3112.113 Safari/537.36 Assetnote/1.0.0"
66.249.68.3 - - [13/Dec/2025:18:08:53 +0000] "GET /transparencia_files/Articulo_8/Fraccion_VI/n/Seguridad%20Publica/Marzo%202022.docx HTTP/1.1" 304 - "-" "Mozilla/5.0 (Linux; Android 6.0.1; Nexus 5X Build/MMB29P) AppleWebKit/537.36 (KHTML, like Gecko) Chrome/141.0.7390.122 Mobile Safari/537.36 (compatible; Googlebot/2.1; +http://www.google.com/bot.html)"
66.249.68.69 - - [13/Dec/2025:18:09:00 +0000] "GET /transparencia_files/Articulo_15/Fraccion_X/Admon%202024-2027/GACETA%20MUNICIPAL-JUNIO-2025%20CUAUTLA%20JALISCO.pdf HTTP/1.1" 304 - "-" "Mozilla/5.0 (Linux; Android 6.0.1; Nexus 5X Build/MMB29P) AppleWebKit/537.36 (KHTML, like Gecko) Chrome/141.0.7390.122 Mobile Safari/537.36 (compatible; Googlebot/2.1; +http://www.google.com/bot.html)"
66.249.68.67 - - [13/Dec/2025:18:09:03 +0000] "GET /transparencia_files/Articulo_8/Fraccion_XIV/1ro%20trimestre/Estado%20Financiero/F7%20Estado%20Analitico%20del%20Ingreso.xlsx HTTP/1.1" 304 - "-" "Mozilla/5.0 (Linux; Android 6.0.1; Nexus 5X Build/MMB29P) AppleWebKit/537.36 (KHTML, like Gecko) Chrome/141.0.7390.122 Mobile Safari/537.36 (compatible; Googlebot/2.1; +http://www.google.com/bot.html)"
167.172.156.64 - - [13/Dec/2025:18:09:03 +0000] "GET /transparencia_files/Articulo_8/Fraccion_VI/j/DECIMO%20PRIMERA%20%20SESIO%CC%81N%20EXTRAORDINARIA%20DEL%20COMITE%CC%81%20DE%20TRANSPARENCIA.docx HTTP/1.1" 500 715 "-" "Mozilla/5.0 (Macintosh; Intel Mac OS X 10_15_7) AppleWebKit/537.36 (KHTML, like Gecko) Chrome/135.0.0.0 Safari/537.36"
67.205.150.95 - - [13/Dec/2025:18:09:04 +0000] "GET /transparencia_files/Articulo_8/Fraccion_VI/j/DECIMO%20PRIMERA%20%20SESIO%CC%81N%20EXTRAORDINARIA%20DEL%20COMITE%CC%81%20DE%20TRANSPARENCIA.docx HTTP/1.1" 500 715 "-" "Mozilla/5.0 (Macintosh; Intel Mac OS X 10_15_7) AppleWebKit/537.36 (KHTML, like Gecko) Chrome/135.0.0.0 Safari/537.36"
159.223.170.163 - - [13/Dec/2025:18:09:05 +0000] "GET /transparencia_files/Articulo_8/Fraccion_VI/j/DECIMO%20PRIMERA%20%20SESIO%CC%81N%20EXTRAORDINARIA%20DEL%20COMITE%CC%81%20DE%20TRANSPARENCIA.docx HTTP/1.1" 500 715 "-" "Mozilla/5.0 (Macintosh; Intel Mac OS X 10_15_7) AppleWebKit/537.36 (KHTML, like Gecko) Chrome/135.0.0.0 Safari/537.36"
66.249.68.5 - - [13/Dec/2025:18:09:06 +0000] "GET /transparencia_files/Articulo_8/Fraccion_II/d/ReglamentosMunicipales/Reglamento%20de%20Venta%20de%20Bebidas%20Alcoholicas.pdf HTTP/1.1" 304 - "-" "Mozilla/5.0 (Linux; Android 6.0.1; Nexus 5X Build/MMB29P) AppleWebKit/537.36 (KHTML, like Gecko) Chrome/141.0.7390.122 Mobile Safari/537.36 (compatible; Googlebot/2.1; +http://www.google.com/bot.html)"
139.59.94.63 - - [13/Dec/2025:18:09:16 +0000] "GET /.env HTTP/1.1" 500 715 "-" "python-requests/2.27.1"
66.249.68.3 - - [13/Dec/2025:18:09:16 +0000] "GET /transparencia_files/Articulo_8/Fraccion_V/x/2022-2023/006%20Estados%20de%20Cuentas%20Junio%202022.pdf HTTP/1.1" 304 - "-" "Mozilla/5.0 (Linux; Android 6.0.1; Nexus 5X Build/MMB29P) AppleWebKit/537.36 (KHTML, like Gecko) Chrome/141.0.7390.122 Mobile Safari/537.36 (compatible; Googlebot/2.1; +http://www.google.com/bot.html)"
139.59.94.63 - - [13/Dec/2025:18:09:17 +0000] "POST / HTTP/1.1" 200 2469 "-" "url"
139.59.94.63 - - [13/Dec/2025:18:09:17 +0000] "POST /core/.env HTTP/1.1" 500 715 "-" "url"
139.59.94.63 - - [13/Dec/2025:18:09:18 +0000] "GET /core/.env HTTP/1.1" 500 715 "-" "python-requests/2.27.1"
66.249.68.67 - - [13/Dec/2025:18:09:19 +0000] "GET /transparencia_files/Nombramientos/Nombramientos%202024-2027/NOMBRAMIENTO%20SECRETARIA%20MARGARITA%20MARCIAL%202024-2027.pdf HTTP/1.1" 304 - "-" "Mozilla/5.0 (Linux; Android 6.0.1; Nexus 5X Build/MMB29P) AppleWebKit/537.36 (KHTML, like Gecko) Chrome/141.0.7390.122 Mobile Safari/537.36 (compatible; Googlebot/2.1; +http://www.google.com/bot.html)"
139.59.94.63 - - [13/Dec/2025:18:09:19 +0000] "POST / HTTP/1.1" 200 2469 "-" "url"
66.249.68.4 - - [13/Dec/2025:18:09:19 +0000] "GET /transparencia_files/Articulo_8/Fraccion_VI/d/NO%20PROGRAMAS%20SOCIALES%20AGOSTO%202025189.pdf HTTP/1.1" 304 - "-" "Mozilla/5.0 (Linux; Android 6.0.1; Nexus 5X Build/MMB29P) AppleWebKit/537.36 (KHTML, like Gecko) Chrome/141.0.7390.122 Mobile Safari/537.36 (compatible; Googlebot/2.1; +http://www.google.com/bot.html)"
139.59.94.63 - - [13/Dec/2025:18:09:20 +0000] "POST /core/.env HTTP/1.1" 500 715 "-" "url"
66.249.68.3 - - [13/Dec/2025:18:09:24 +0000] "GET /transparencia_files/Articulo_8/Fraccion_IV/c/MANUAL%20DE%20ORGANIZACION%20ECOLOGIA.pdf HTTP/1.1" 304 - "-" "Mozilla/5.0 (Linux; Android 6.0.1; Nexus 5X Build/MMB29P) AppleWebKit/537.36 (KHTML, like Gecko) Chrome/141.0.7390.122 Mobile Safari/537.36 (compatible; Googlebot/2.1; +http://www.google.com/bot.html)"
192.0.99.155 - - [13/Dec/2025:18:09:27 +0000] "GET /wp-content/uploads/2020/05/95761621_2943931782363119_1057998436692918272_o.jpg HTTP/2.0" 500 715 "-" "Photon/1.0"
195.234.109.62 - - [13/Dec/2025:18:09:29 +0000] "GET /wp-content/uploads/2020/05/95761621_2943931782363119_1057998436692918272_o.jpg HTTP/2.0" 500 715 "-" "Photon/1.0"
173.252.79.4 - - [13/Dec/2025:18:09:32 +0000] "HEAD /fracc-1m/ HTTP/1.1" 500 - "-" "Python/3.12 aiohttp/3.12.15"
66.249.68.67 - - [13/Dec/2025:18:09:34 +0000] "GET /robots.txt HTTP/1.1" 500 715 "-" "Mozilla/5.0 (compatible; Googlebot/2.1; +http://www.google.com/bot.html)"
66.249.68.67 - - [13/Dec/2025:18:09:34 +0000] "GET /transparencia_files/Articulo_8/Fraccion_XIV/Otros/Estado%20anali%CC%81tico%20del%20ejercicio%20del%20presupuesto%20de%20egresos%20por%20objeto%20del%20gasto%202021.pdf HTTP/1.1" 304 - "-" "Mozilla/5.0 (Linux; Android 6.0.1; Nexus 5X Build/MMB29P) AppleWebKit/537.36 (KHTML, like Gecko) Chrome/141.0.7390.122 Mobile Safari/537.36 (compatible; Googlebot/2.1; +http://www.google.com/bot.html)"
52.167.144.23 - - [13/Dec/2025:18:09:38 +0000] "GET /552576690.shtml HTTP/2.0" 500 715 "-" "Mozilla/5.0 AppleWebKit/537.36 (KHTML, like Gecko; compatible; bingbot/2.0; +http://www.bing.com/bingbot.htm) Chrome/116.0.1938.76 Safari/537.36"
66.249.68.67 - - [13/Dec/2025:18:09:48 +0000] "GET /transparencia_files/Articulo_8/Fraccion_XIV/SEvAC%202019-I/D.1.11.pdf HTTP/1.1" 304 - "-" "Mozilla/5.0 (Linux; Android 6.0.1; Nexus 5X Build/MMB29P) AppleWebKit/537.36 (KHTML, like Gecko) Chrome/141.0.7390.122 Mobile Safari/537.36 (compatible; Googlebot/2.1; +http://www.google.com/bot.html)"
66.249.68.5 - - [13/Dec/2025:18:10:06 +0000] "GET /robots.txt HTTP/1.1" 500 715 "-" "Mozilla/5.0 (compatible; Googlebot/2.1; +http://www.google.com/bot.html)"
66.249.68.5 - - [13/Dec/2025:18:10:06 +0000] "GET /transparencia_files/Articulo_8/Fraccion_VI/n/Sindicatura/2024/MAYO%202024%20ESTADISTICA%20SINDICATURA.pdf HTTP/1.1" 200 259990 "-" "Googlebot/2.1 (+http://www.google.com/bot.html)"
66.249.68.69 - - [13/Dec/2025:18:10:11 +0000] "GET /transparencia_files/Articulo_8/Fraccion_XIV/SEvAC%202019-II/D.1.19.pdf HTTP/1.1" 304 - "-" "Mozilla/5.0 (Linux; Android 6.0.1; Nexus 5X Build/MMB29P) AppleWebKit/537.36 (KHTML, like Gecko) Chrome/141.0.7390.122 Mobile Safari/537.36 (compatible; Googlebot/2.1; +http://www.google.com/bot.html)"
66.249.68.67 - - [13/Dec/2025:18:10:14 +0000] "GET /transparencia_files/Articulo_8/Fraccion_V/g/2016/febrero12016.pdf HTTP/1.1" 304 - "-" "Mozilla/5.0 (Linux; Android 6.0.1; Nexus 5X Build/MMB29P) AppleWebKit/537.36 (KHTML, like Gecko) Chrome/141.0.7390.122 Mobile Safari/537.36 (compatible; Googlebot/2.1; +http://www.google.com/bot.html)"
66.249.68.67 - - [13/Dec/2025:18:10:31 +0000] "GET /transparencia_files/Articulo_8/Fraccion_V/g/2017/2dadeoctubre2017.pdf HTTP/1.1" 304 - "-" "Mozilla/5.0 (Linux; Android 6.0.1; Nexus 5X Build/MMB29P) AppleWebKit/537.36 (KHTML, like Gecko) Chrome/141.0.7390.122 Mobile Safari/537.36 (compatible; Googlebot/2.1; +http://www.google.com/bot.html)"
66.249.68.68 - - [13/Dec/2025:18:10:32 +0000] "GET /transparencia_files/Curriculums/2024-2027/CURRICULUM%20TESORERIA2.pdf HTTP/1.1" 304 - "-" "Mozilla/5.0 (Linux; Android 6.0.1; Nexus 5X Build/MMB29P) AppleWebKit/537.36 (KHTML, like Gecko) Chrome/141.0.7390.122 Mobile Safari/537.36 (compatible; Googlebot/2.1; +http://www.google.com/bot.html)"
66.249.68.67 - - [13/Dec/2025:18:10:41 +0000] "GET /transparencia_files/Articulo_8/Fraccion_III/d/NO%20PROGRAMAS%20ESTATALES%20FEBRERO%202025148.pdf HTTP/1.1" 304 - "-" "Mozilla/5.0 (Linux; Android 6.0.1; Nexus 5X Build/MMB29P) AppleWebKit/537.36 (KHTML, like Gecko) Chrome/141.0.7390.122 Mobile Safari/537.36 (compatible; Googlebot/2.1; +http://www.google.com/bot.html)"
40.77.167.71 - - [13/Dec/2025:18:10:56 +0000] "GET /1213188.html?sellerview=on HTTP/2.0" 500 715 "-" "Mozilla/5.0 AppleWebKit/537.36 (KHTML, like Gecko; compatible; bingbot/2.0; +http://www.bing.com/bingbot.htm) Chrome/116.0.1938.76 Safari/537.36"
66.220.149.13 - - [13/Dec/2025:18:10:58 +0000] "HEAD /informacion-covid-19/ HTTP/1.1" 500 - "-" "Python/3.12 aiohttp/3.12.15"
66.249.68.67 - - [13/Dec/2025:18:11:14 +0000] "GET /transparencia_files/Articulo_8/Fraccion_V/g/2021/2da%20Junio%202021.xlsx HTTP/1.1" 304 - "-" "Mozilla/5.0 (Linux; Android 6.0.1; Nexus 5X Build/MMB29P) AppleWebKit/537.36 (KHTML, like Gecko) Chrome/141.0.7390.122 Mobile Safari/537.36 (compatible; Googlebot/2.1; +http://www.google.com/bot.html)"
207.46.13.130 - - [13/Dec/2025:18:11:16 +0000] "GET /transparencia_files/Articulo_8/Fraccion_V/f/02DA%20REMUNERACIONES%20DE%20MARZO%202022.pdf HTTP/2.0" 200 261442 "-" "Mozilla/5.0 AppleWebKit/537.36 (KHTML, like Gecko; compatible; bingbot/2.0; +http://www.bing.com/bingbot.htm) Chrome/116.0.1938.76 Safari/537.36"
66.249.68.4 - - [13/Dec/2025:18:11:32 +0000] "GET /robots.txt HTTP/1.1" 500 715 "-" "Mozilla/5.0 (compatible; Googlebot/2.1; +http://www.google.com/bot.html)"
66.249.68.4 - - [13/Dec/2025:18:11:32 +0000] "GET /transparencia_files/Articulo_8/Fraccion_V/r/entregaproteccion.pdf HTTP/1.1" 200 1396392 "-" "Mozilla/5.0 AppleWebKit/537.36 (KHTML, like Gecko; compatible; GoogleOther) Chrome/141.0.7390.122 Safari/537.36"
66.249.68.4 - - [13/Dec/2025:18:11:32 +0000] "GET /transparencia_files/Articulo_8/Fraccion_V/i/Historico/2020%2009%20SEPTIEMBRE.pdf HTTP/1.1" 200 3064313 "-" "Mozilla/5.0 AppleWebKit/537.36 (KHTML, like Gecko; compatible; GoogleOther) Chrome/141.0.7390.122 Safari/537.36"
66.249.68.4 - - [13/Dec/2025:18:11:33 +0000] "GET /transparencia_files/Articulo_8/Fraccion_V/i/Historico/2020%2008%20AGOSTO.pdf HTTP/1.1" 200 2773507 "-" "Mozilla/5.0 AppleWebKit/537.36 (KHTML, like Gecko; compatible; GoogleOther) Chrome/141.0.7390.122 Safari/537.36"
66.249.68.4 - - [13/Dec/2025:18:11:33 +0000] "GET /transparencia_files/Articulo_8/Fraccion_II/d/ReglamentosMunicipales/Reglamento%20Sindicatura.pdf HTTP/1.1" 200 693599 "-" "Mozilla/5.0 AppleWebKit/537.36 (KHTML, like Gecko; compatible; GoogleOther) Chrome/141.0.7390.122 Safari/537.36"
66.249.68.5 - - [13/Dec/2025:18:11:33 +0000] "GET /transparencia_files/Articulo_8/Fraccion_V/i/Historico/2020%2002%20FEBRERO.pdf HTTP/1.1" 200 5736900 "-" "Mozilla/5.0 AppleWebKit/537.36 (KHTML, like Gecko; compatible; GoogleOther) Chrome/141.0.7390.122 Safari/537.36"
66.249.68.4 - - [13/Dec/2025:18:11:33 +0000] "GET /transparencia_files/Articulo_8/Fraccion_I/g/Acta%2015%20Ordinaria%20Comite%20Transparencia.pdf HTTP/1.1" 200 3611641 "-" "Mozilla/5.0 AppleWebKit/537.36 (KHTML, like Gecko; compatible; GoogleOther) Chrome/141.0.7390.122 Safari/537.36"
66.249.68.3 - - [13/Dec/2025:18:11:33 +0000] "GET /transparencia_files/Articulo_8/Fraccion_V/x/2019/GENERAL%203544%20ABRIL%202021.pdf HTTP/1.1" 200 173173 "-" "Mozilla/5.0 AppleWebKit/537.36 (KHTML, like Gecko; compatible; GoogleOther) Chrome/141.0.7390.122 Safari/537.36"
66.249.68.3 - - [13/Dec/2025:18:11:34 +0000] "GET /transparencia_files/Articulo_8/Fraccion_V/x/2019/2051657194_EdoCuentaCFDI%20%281%29%20MARZO%202021.pdf HTTP/1.1" 200 123754 "-" "Mozilla/5.0 AppleWebKit/537.36 (KHTML, like Gecko; compatible; GoogleOther) Chrome/141.0.7390.122 Safari/537.36"
66.249.68.3 - - [13/Dec/2025:18:11:34 +0000] "GET /transparencia_files/Articulo_8/Fraccion_V/i/Historico/F1b%20ESTADO%20DE%20SITUACION%20FINANCIERA.pdf HTTP/1.1" 200 106133 "-" "Mozilla/5.0 AppleWebKit/537.36 (KHTML, like Gecko; compatible; GoogleOther) Chrome/141.0.7390.122 Safari/537.36"
66.249.68.6 - - [13/Dec/2025:18:11:37 +0000] "GET /transparencia_files/Articulo_8/Fraccion_V/i/2024/06%20JUNIO%202024.pdf HTTP/1.1" 304 - "-" "Mozilla/5.0 (Linux; Android 6.0.1; Nexus 5X Build/MMB29P) AppleWebKit/537.36 (KHTML, like Gecko) Chrome/141.0.7390.122 Mobile Safari/537.36 (compatible; Googlebot/2.1; +http://www.google.com/bot.html)"
45.80.158.142 - - [13/Dec/2025:18:11:39 +0000] "POST /xmlrpc.php HTTP/1.1" 500 715 "https://www.google.com/" "Mozilla/5.0 (Windows NT 10.0; Win64; x64) AppleWebKit/537.36 (KHTML, like Gecko) Chrome/91.0.4472.124 Safari/537.36"
192.42.116.201 - - [13/Dec/2025:18:11:40 +0000] "POST /xmlrpc.php HTTP/1.1" 500 715 "https://www.google.com/" "Mozilla/5.0 (X11; Linux x86_64) AppleWebKit/537.36 (KHTML, like Gecko) Chrome/64.0.3282.24 Safari/537.36"
142.93.57.226 - - [13/Dec/2025:18:11:59 +0000] "GET /transparencia_files/Articulo_15/Fraccion_IX/Administracion%202021-2024/Convo/CONVOCATORIA%20A%20LA%209NA%20SESION%20EXTRAORDINARIA.pdf HTTP/1.1" 500 715 "-" "Mozilla/5.0 (Macintosh; Intel Mac OS X 10_15_7) AppleWebKit/537.36 (KHTML, like Gecko) Chrome/135.0.0.0 Safari/537.36"
206.189.200.150 - - [13/Dec/2025:18:12:00 +0000] "GET /transparencia_files/Articulo_15/Fraccion_IX/Administracion%202021-2024/Convo/CONVOCATORIA%20A%20LA%209NA%20SESION%20EXTRAORDINARIA.pdf HTTP/1.1" 500 715 "-" "Mozilla/5.0 (Macintosh; Intel Mac OS X 10_15_7) AppleWebKit/537.36 (KHTML, like Gecko) Chrome/135.0.0.0 Safari/537.36"
159.223.109.183 - - [13/Dec/2025:18:12:01 +0000] "GET /transparencia_files/Articulo_15/Fraccion_IX/Administracion%202021-2024/Convo/CONVOCATORIA%20A%20LA%209NA%20SESION%20EXTRAORDINARIA.pdf HTTP/1.1" 500 715 "-" "Mozilla/5.0 (Macintosh; Intel Mac OS X 10_15_7) AppleWebKit/537.36 (KHTML, like Gecko) Chrome/135.0.0.0 Safari/537.36"
66.249.68.69 - - [13/Dec/2025:18:12:02 +0000] "GET /transparencia_files/Articulo_8/Fraccion_V/g/2016/abril22016.pdf HTTP/1.1" 304 - "-" "Mozilla/5.0 (Linux; Android 6.0.1; Nexus 5X Build/MMB29P) AppleWebKit/537.36 (KHTML, like Gecko) Chrome/141.0.7390.122 Mobile Safari/537.36 (compatible; Googlebot/2.1; +http://www.google.com/bot.html)"
66.249.68.7 - - [13/Dec/2025:18:12:06 +0000] "GET /transparencia_files/Articulo_8/Fraccion_V/nn/Proveedores/PADRON%20PROVEEDORES%202019.xlsx HTTP/1.1" 304 - "-" "Mozilla/5.0 (Linux; Android 6.0.1; Nexus 5X Build/MMB29P) AppleWebKit/537.36 (KHTML, like Gecko) Chrome/141.0.7390.122 Mobile Safari/537.36 (compatible; Googlebot/2.1; +http://www.google.com/bot.html)"
66.249.68.5 - - [13/Dec/2025:18:12:18 +0000] "GET /transparencia_files/Articulo_8/Fraccion_VI/n/Secretaria%20General/2023/ESTADISTICA%20SECRETARIA%20GENERAL%20FEBRERO%202023.pdf HTTP/1.1" 304 - "-" "Mozilla/5.0 (Linux; Android 6.0.1; Nexus 5X Build/MMB29P) AppleWebKit/537.36 (KHTML, like Gecko) Chrome/141.0.7390.122 Mobile Safari/537.36 (compatible; Googlebot/2.1; +http://www.google.com/bot.html)"
66.249.68.5 - - [13/Dec/2025:18:12:31 +0000] "GET /transparencia_files/Articulo_8/Fraccion_IV/f/2018-2021/Manual%20de%20servicios%20Registro%20Civil.docx HTTP/1.1" 304 - "-" "Mozilla/5.0 (Linux; Android 6.0.1; Nexus 5X Build/MMB29P) AppleWebKit/537.36 (KHTML, like Gecko) Chrome/141.0.7390.122 Mobile Safari/537.36 (compatible; Googlebot/2.1; +http://www.google.com/bot.html)"
66.249.68.3 - - [13/Dec/2025:18:12:36 +0000] "GET /robots.txt HTTP/1.1" 500 715 "-" "Mozilla/5.0 (compatible; Googlebot/2.1; +http://www.google.com/bot.html)"
66.249.68.3 - - [13/Dec/2025:18:12:36 +0000] "GET /transparencia_files/Articulo_8/Fraccion_VI/n/Obras%20Publicas/ESTADISTICA%20JUNIO%202023.xlsx HTTP/1.1" 304 - "-" "Mozilla/5.0 (Linux; Android 6.0.1; Nexus 5X Build/MMB29P) AppleWebKit/537.36 (KHTML, like Gecko) Chrome/141.0.7390.122 Mobile Safari/537.36 (compatible; Googlebot/2.1; +http://www.google.com/bot.html)"
66.249.68.67 - - [13/Dec/2025:18:12:44 +0000] "GET /robots.txt HTTP/1.1" 500 715 "-" "Mozilla/5.0 (compatible; Googlebot/2.1; +http://www.google.com/bot.html)"
66.249.68.67 - - [13/Dec/2025:18:12:44 +0000] "GET /transparencia_files/Articulo_8/Fraccion_V/g/2023/PRESIDENCIA%2016%20AL%2031%20AGOSTO%202023.pdf HTTP/1.1" 304 - "-" "Mozilla/5.0 (Linux; Android 6.0.1; Nexus 5X Build/MMB29P) AppleWebKit/537.36 (KHTML, like Gecko) Chrome/141.0.7390.122 Mobile Safari/537.36 (compatible; Googlebot/2.1; +http://www.google.com/bot.html)"
66.249.68.5 - - [13/Dec/2025:18:13:03 +0000] "GET /transparencia_files/Articulo_8/Fraccion_V/g/2024/NOMINA%20DE%20PRESIDENCIA%20DEL%2016%20AL%2030%20DE%20ABRIL%202024.pdf HTTP/1.1" 304 - "-" "Mozilla/5.0 (Linux; Android 6.0.1; Nexus 5X Build/MMB29P) AppleWebKit/537.36 (KHTML, like Gecko) Chrome/141.0.7390.122 Mobile Safari/537.36 (compatible; Googlebot/2.1; +http://www.google.com/bot.html)"
66.249.68.3 - - [13/Dec/2025:18:13:19 +0000] "GET /transparencia_files/Articulo_8/Fraccion_VI/h/MES%20DE%20SEPTIEMBRE.xlsx HTTP/1.1" 304 - "-" "Mozilla/5.0 (Linux; Android 6.0.1; Nexus 5X Build/MMB29P) AppleWebKit/537.36 (KHTML, like Gecko) Chrome/141.0.7390.122 Mobile Safari/537.36 (compatible; Googlebot/2.1; +http://www.google.com/bot.html)"
66.249.68.3 - - [13/Dec/2025:18:13:21 +0000] "GET /transparencia_files/Articulo_8/Fraccion_VI/i/Admon2021-2024/CONVOCATORIA%2023%20SESION%20EXTRAORDINARIA.pdf HTTP/1.1" 304 - "-" "Mozilla/5.0 (Linux; Android 6.0.1; Nexus 5X Build/MMB29P) AppleWebKit/537.36 (KHTML, like Gecko) Chrome/141.0.7390.122 Mobile Safari/537.36 (compatible; Googlebot/2.1; +http://www.google.com/bot.html)"
66.249.68.67 - - [13/Dec/2025:18:13:52 +0000] "GET /transparencia_files/Articulo_15/Fraccion_VIII/Admon%202024-2027/Extraordinarias/CONVOCATORIA%207%20SESION%20EXTRAORDINARIA.pdf HTTP/1.1" 304 - "-" "Mozilla/5.0 (Linux; Android 6.0.1; Nexus 5X Build/MMB29P) AppleWebKit/537.36 (KHTML, like Gecko) Chrome/141.0.7390.122 Mobile Safari/537.36 (compatible; Googlebot/2.1; +http://www.google.com/bot.html)"
66.249.68.69 - - [13/Dec/2025:18:13:52 +0000] "GET /robots.txt HTTP/1.1" 500 715 "-" "Mozilla/5.0 (compatible; Googlebot/2.1; +http://www.google.com/bot.html)"
66.249.68.69 - - [13/Dec/2025:18:14:03 +0000] "GET /transparencia_files/Articulo_15/Fraccion_VIII/Admon%202024-2027/Ordinarias/CONVOCATORIA%205%20SESION%20ORDINARIA.pdf HTTP/1.1" 304 - "-" "Mozilla/5.0 (Linux; Android 6.0.1; Nexus 5X Build/MMB29P) AppleWebKit/537.36 (KHTML, like Gecko) Chrome/141.0.7390.122 Mobile Safari/537.36 (compatible; Googlebot/2.1; +http://www.google.com/bot.html)"
66.249.68.68 - - [13/Dec/2025:18:14:11 +0000] "GET /transparencia_files/Articulo_15/Fraccion_VIII/Admon%202024-2027/Extraordinarias/CONVOCATORIA%206%20SESION%20EXTRAORDINARIA.pdf HTTP/1.1" 304 - "-" "Mozilla/5.0 (Linux; Android 6.0.1; Nexus 5X Build/MMB29P) AppleWebKit/537.36 (KHTML, like Gecko) Chrome/141.0.7390.122 Mobile Safari/537.36 (compatible; Googlebot/2.1; +http://www.google.com/bot.html)"
66.249.68.5 - - [13/Dec/2025:18:14:13 +0000] "GET /robots.txt HTTP/1.1" 500 715 "-" "Mozilla/5.0 (compatible; Googlebot/2.1; +http://www.google.com/bot.html)"
66.249.68.4 - - [13/Dec/2025:18:14:13 +0000] "GET /transparencia_files/Articulo_8/Fraccion_V/x/2019/3x1%20Enero%202019%204271.pdf HTTP/1.1" 200 106079 "-" "Mozilla/5.0 AppleWebKit/537.36 (KHTML, like Gecko; compatible; GoogleOther) Chrome/141.0.7390.122 Safari/537.36"
66.249.68.5 - - [13/Dec/2025:18:14:13 +0000] "GET /transparencia_files/Articulo_8/Fraccion_IV/c/2018-2021/Manual%20de%20Organizacion%20Desarrollo%20Social%202019-2021.pdf HTTP/1.1" 200 2970111 "-" "Mozilla/5.0 AppleWebKit/537.36 (KHTML, like Gecko; compatible; GoogleOther) Chrome/141.0.7390.122 Safari/537.36"
66.249.68.5 - - [13/Dec/2025:18:14:14 +0000] "GET /transparencia_files/Articulo_8/Fraccion_V/x/2019/GENERAL%203544%20JUNIO%202019.pdf HTTP/1.1" 200 173611 "-" "Mozilla/5.0 AppleWebKit/537.36 (KHTML, like Gecko; compatible; GoogleOther) Chrome/141.0.7390.122 Safari/537.36"
66.249.68.3 - - [13/Dec/2025:18:14:14 +0000] "GET /transparencia_files/Articulo_8/Fraccion_IV/c/Otros/secretariageneral.pdf HTTP/1.1" 200 3364016 "-" "Mozilla/5.0 AppleWebKit/537.36 (KHTML, like Gecko; compatible; GoogleOther) Chrome/141.0.7390.122 Safari/537.36"
66.249.68.3 - - [13/Dec/2025:18:14:15 +0000] "GET /transparencia_files/Articulo_8/Fraccion_I/g/Sesiones%20Ordinarias/1%20SESION%20ORDINARIA%20DE%20TRANSPARENCIA%202021%20-%202024.pdf HTTP/1.1" 200 2974625 "-" "Mozilla/5.0 AppleWebKit/537.36 (KHTML, like Gecko; compatible; GoogleOther) Chrome/141.0.7390.122 Safari/537.36"
66.249.68.3 - - [13/Dec/2025:18:14:19 +0000] "GET /transparencia_files/Articulo_8/Fraccion_XIV/Cuarto%20Trimestre%202024/Inventarios/INVENTARIO%20DE%20BIENES%20MUEBLES%20AL%2031%20DE%20DICIEMBRE%202024.pdf HTTP/1.1" 304 - "-" "Mozilla/5.0 (Linux; Android 6.0.1; Nexus 5X Build/MMB29P) AppleWebKit/537.36 (KHTML, like Gecko) Chrome/141.0.7390.122 Mobile Safari/537.36 (compatible; Googlebot/2.1; +http://www.google.com/bot.html)"
66.249.68.67 - - [13/Dec/2025:18:14:20 +0000] "GET /transparencia_files/Articulo_8/Fraccion_V/g/2022/17%20Septiembre%2001%20al%2015%20presidencia.pdf HTTP/1.1" 304 - "-" "Mozilla/5.0 (Linux; Android 6.0.1; Nexus 5X Build/MMB29P) AppleWebKit/537.36 (KHTML, like Gecko) Chrome/141.0.7390.122 Mobile Safari/537.36 (compatible; Googlebot/2.1; +http://www.google.com/bot.html)"
66.249.68.6 - - [13/Dec/2025:18:14:28 +0000] "GET /transparencia_files/Articulo_8/Fraccion_VI/j/CMDRS/ACTA%20DE%20CMDRS%20NOVIEMBRE%202024.docx HTTP/1.1" 304 - "-" "Mozilla/5.0 (Linux; Android 6.0.1; Nexus 5X Build/MMB29P) AppleWebKit/537.36 (KHTML, like Gecko) Chrome/141.0.7390.122 Mobile Safari/537.36 (compatible; Googlebot/2.1; +http://www.google.com/bot.html)"
204.76.203.8 - - [13/Dec/2025:18:14:37 +0000] "PROPFIND / HTTP/1.1" 500 - "http://198.38.90.22:443/" "-"
66.249.68.3 - - [13/Dec/2025:18:14:46 +0000] "GET /transparencia_files/Articulo_8/Fraccion_V/j/2023/Gastos%20De%20Comunicacion%20Social%20Marzo%202023.pdf HTTP/1.1" 304 - "-" "Mozilla/5.0 (Linux; Android 6.0.1; Nexus 5X Build/MMB29P) AppleWebKit/537.36 (KHTML, like Gecko) Chrome/141.0.7390.122 Mobile Safari/537.36 (compatible; Googlebot/2.1; +http://www.google.com/bot.html)"
66.249.68.6 - - [13/Dec/2025:18:14:46 +0000] "GET /transparencia_files/Articulo_8/Fraccion_V/i/2021/2021%2011%20NOVIEMBRE.pdf HTTP/1.1" 304 - "-" "Mozilla/5.0 (Linux; Android 6.0.1; Nexus 5X Build/MMB29P) AppleWebKit/537.36 (KHTML, like Gecko) Chrome/141.0.7390.122 Mobile Safari/537.36 (compatible; Googlebot/2.1; +http://www.google.com/bot.html)"
66.249.68.6 - - [13/Dec/2025:18:14:46 +0000] "GET /transparencia_files/Articulo_8/Fraccion_IV/c/Otros/Manual%20de%20organizacion%20fomento%20agropecuario.pdf HTTP/1.1" 200 1573607 "-" "Mozilla/5.0 AppleWebKit/537.36 (KHTML, like Gecko; compatible; GoogleOther) Chrome/141.0.7390.122 Safari/537.36"
66.249.68.5 - - [13/Dec/2025:18:14:47 +0000] "GET /transparencia_files/Articulo_8/Fraccion_V/x/2019/FONDO%20DE%20AHORRO%207115%20Diciembre%202019.pdf HTTP/1.1" 200 165460 "-" "Mozilla/5.0 AppleWebKit/537.36 (KHTML, like Gecko; compatible; GoogleOther) Chrome/141.0.7390.122 Safari/537.36"
66.249.68.6 - - [13/Dec/2025:18:14:47 +0000] "GET /transparencia_files/Articulo_8/Fraccion_V/r/entregaoficialia.pdf HTTP/1.1" 200 8127195 "-" "Mozilla/5.0 AppleWebKit/537.36 (KHTML, like Gecko; compatible; GoogleOther) Chrome/141.0.7390.122 Safari/537.36"
66.249.68.6 - - [13/Dec/2025:18:14:47 +0000] "GET /transparencia_files/Articulo_8/Fraccion_V/d/CONVOCATORIA%20NOVIEMBRE%202021.pdf HTTP/1.1" 200 732123 "-" "Mozilla/5.0 AppleWebKit/537.36 (KHTML, like Gecko; compatible; GoogleOther) Chrome/141.0.7390.122 Safari/537.36"
66.249.68.4 - - [13/Dec/2025:18:14:47 +0000] "GET /transparencia_files/Articulo_8/Fraccion_V/x/2019/FORTALECIMIENTO%207397%20JUNIO%202021.pdf HTTP/1.1" 200 165318 "-" "Mozilla/5.0 AppleWebKit/537.36 (KHTML, like Gecko; compatible; GoogleOther) Chrome/141.0.7390.122 Safari/537.36"
66.249.68.6 - - [13/Dec/2025:18:14:47 +0000] "GET /transparencia_files/Articulo_8/Fraccion_V/x/2019/FOCOCI%201308%20FEBRERO%202021.pdf HTTP/1.1" 200 164439 "-" "Mozilla/5.0 AppleWebKit/537.36 (KHTML, like Gecko; compatible; GoogleOther) Chrome/141.0.7390.122 Safari/537.36"
66.249.68.6 - - [13/Dec/2025:18:14:47 +0000] "GET /transparencia_files/Articulo_8/Fraccion_V/p/NEGATIVA%20CERTIFICADA.pdf HTTP/1.1" 200 79229 "-" "Mozilla/5.0 AppleWebKit/537.36 (KHTML, like Gecko; compatible; GoogleOther) Chrome/141.0.7390.122 Safari/537.36"
66.249.68.6 - - [13/Dec/2025:18:14:48 +0000] "GET /transparencia_files/Articulo_8/Fraccion_V/x/2019/INFRAESTRUCTURA%207455%20Marzo2020.pdf HTTP/1.1" 200 165446 "-" "Mozilla/5.0 AppleWebKit/537.36 (KHTML, like Gecko; compatible; GoogleOther) Chrome/141.0.7390.122 Safari/537.36"
66.249.68.5 - - [13/Dec/2025:18:14:48 +0000] "GET /transparencia_files/Articulo_8/Fraccion_V/c/PRESUPUESTO%202021%20CUAUTLA%20JALISCO%20EGRESOS.pdf HTTP/1.1" 200 188103 "-" "Mozilla/5.0 AppleWebKit/537.36 (KHTML, like Gecko; compatible; GoogleOther) Chrome/141.0.7390.122 Safari/537.36"
66.249.68.5 - - [13/Dec/2025:18:14:48 +0000] "GET /transparencia_files/Articulo_8/Fraccion_V/x/2019/GENERAL%203544%20FEBRERO%202020.pdf HTTP/1.1" 200 173481 "-" "Mozilla/5.0 AppleWebKit/537.36 (KHTML, like Gecko; compatible; GoogleOther) Chrome/141.0.7390.122 Safari/537.36"
66.249.68.4 - - [13/Dec/2025:18:14:48 +0000] "GET /transparencia_files/Articulo_8/Fraccion_V/x/2019/INFRAESTRUCTURA%204389%20MARZO.pdf HTTP/1.1" 200 106009 "-" "Mozilla/5.0 AppleWebKit/537.36 (KHTML, like Gecko; compatible; GoogleOther) Chrome/141.0.7390.122 Safari/537.36"
66.249.68.5 - - [13/Dec/2025:18:14:48 +0000] "GET /transparencia_files/Articulo_8/Fraccion_I/g/sesion2.pdf HTTP/1.1" 200 2509184 "-" "Mozilla/5.0 AppleWebKit/537.36 (KHTML, like Gecko; compatible; GoogleOther) Chrome/141.0.7390.122 Safari/537.36"
66.249.68.5 - - [13/Dec/2025:18:14:50 +0000] "GET /transparencia_files/Articulo_8/Fraccion_VI/g/Ecologia/Permisos%20marzo%202021%20ecologia.xlsx HTTP/1.1" 304 - "-" "Mozilla/5.0 (Linux; Android 6.0.1; Nexus 5X Build/MMB29P) AppleWebKit/537.36 (KHTML, like Gecko) Chrome/141.0.7390.122 Mobile Safari/537.36 (compatible; Googlebot/2.1; +http://www.google.com/bot.html)"
66.249.68.67 - - [13/Dec/2025:18:14:58 +0000] "GET /robots.txt HTTP/1.1" 500 715 "-" "Mozilla/5.0 (compatible; Googlebot/2.1; +http://www.google.com/bot.html)"
66.249.68.67 - - [13/Dec/2025:18:14:58 +0000] "GET /transparencia_files/Articulo_15/Fraccion_XXIV/Admon%202021-2024/Extraordinarias/ESTADISTICA%2012%20EXTRAORDIANARIA%2006%20DE%20MARZO%20DE%202024.pdf HTTP/1.1" 304 - "-" "Mozilla/5.0 (Linux; Android 6.0.1; Nexus 5X Build/MMB29P) AppleWebKit/537.36 (KHTML, like Gecko) Chrome/141.0.7390.122 Mobile Safari/537.36 (compatible; Googlebot/2.1; +http://www.google.com/bot.html)"
66.249.68.3 - - [13/Dec/2025:18:15:02 +0000] "GET /transparencia_files/Articulo_8/Fraccion_IV/d/2018-2021/Manual%20de%20Operacion%20Informatica%202019-2021.pdf HTTP/1.1" 304 - "-" "Mozilla/5.0 (Linux; Android 6.0.1; Nexus 5X Build/MMB29P) AppleWebKit/537.36 (KHTML, like Gecko) Chrome/141.0.7390.122 Mobile Safari/537.36 (compatible; Googlebot/2.1; +http://www.google.com/bot.html)"
66.249.68.1 - - [13/Dec/2025:18:15:02 +0000] "GET /transparencia_files/Articulo_8/Fraccion_VI/n/Seguridad%20Publica/DICIEMBRE%20%202022.docx HTTP/1.1" 304 - "-" "Mozilla/5.0 (Linux; Android 6.0.1; Nexus 5X Build/MMB29P) AppleWebKit/537.36 (KHTML, like Gecko) Chrome/141.0.7390.122 Mobile Safari/537.36 (compatible; Googlebot/2.1; +http://www.google.com/bot.html)"
66.249.68.67 - - [13/Dec/2025:18:15:09 +0000] "GET /transparencia_files/Curriculums/2024-2027/SANDRA%20EVELIN.pdf HTTP/1.1" 304 - "-" "Mozilla/5.0 (Linux; Android 6.0.1; Nexus 5X Build/MMB29P) AppleWebKit/537.36 (KHTML, like Gecko) Chrome/141.0.7390.122 Mobile Safari/537.36 (compatible; Googlebot/2.1; +http://www.google.com/bot.html)"
66.249.68.3 - - [13/Dec/2025:18:15:19 +0000] "GET /transparencia_files/Articulo_8/Fraccion_VI/d/SOCIALES%20JULIO%202024274.pdf HTTP/1.1" 304 - "-" "Mozilla/5.0 (Linux; Android 6.0.1; Nexus 5X Build/MMB29P) AppleWebKit/537.36 (KHTML, like Gecko) Chrome/141.0.7390.122 Mobile Safari/537.36 (compatible; Googlebot/2.1; +http://www.google.com/bot.html)"
66.249.68.67 - - [13/Dec/2025:18:15:21 +0000] "GET /transparencia_files/Articulo_8/Fraccion_V/g/2020/2da%20OCTUBRE%202020.xlsx HTTP/1.1" 304 - "-" "Mozilla/5.0 (Linux; Android 6.0.1; Nexus 5X Build/MMB29P) AppleWebKit/537.36 (KHTML, like Gecko) Chrome/141.0.7390.122 Mobile Safari/537.36 (compatible; Googlebot/2.1; +http://www.google.com/bot.html)"
66.249.68.4 - - [13/Dec/2025:18:15:29 +0000] "GET /transparencia_files/Articulo_8/Fraccion_VI/n/Oficialia/2022/INFORME%20ESTADISTICO%20VIAJES%20%20JUNIO%202022.docx HTTP/1.1" 304 - "-" "Mozilla/5.0 (Linux; Android 6.0.1; Nexus 5X Build/MMB29P) AppleWebKit/537.36 (KHTML, like Gecko) Chrome/141.0.7390.122 Mobile Safari/537.36 (compatible; Googlebot/2.1; +http://www.google.com/bot.html)"
66.249.68.3 - - [13/Dec/2025:18:15:37 +0000] "GET /transparencia_files/Articulo_8/Fraccion_XIV/Tercer%20Trimestre%202023/Ejercicio%20Presupuestario/INFORMACIO%CC%81N%20DE%20APLICACIO%CC%81N%20DE%20RECURSOS%20DEL%20FORTAMUN.pdf HTTP/1.1" 304 - "-" "Mozilla/5.0 (Linux; Android 6.0.1; Nexus 5X Build/MMB29P) AppleWebKit/537.36 (KHTML, like Gecko) Chrome/141.0.7390.122 Mobile Safari/537.36 (compatible; Googlebot/2.1; +http://www.google.com/bot.html)"
66.249.68.3 - - [13/Dec/2025:18:15:50 +0000] "GET /transparencia_files/Articulo_8/Fraccion_V/x/005%20Estados%20de%20Cuentas%20Mayo%202022.pdf HTTP/1.1" 500 715 "-" "Googlebot/2.1 (+http://www.google.com/bot.html)"
66.249.68.3 - - [13/Dec/2025:18:15:56 +0000] "GET /transparencia_files/Articulo_8/Fraccion_VI/n/Sindicatura/2022/JULIO%202022%20ESTADISTICA%20SIDICATURA.pdf HTTP/1.1" 200 239516 "-" "Googlebot/2.1 (+http://www.google.com/bot.html)"
66.249.68.3 - - [13/Dec/2025:18:15:59 +0000] "GET /transparencia_files/Articulo_8/Fraccion_V/l/DONATIVOS%20ECONOMICOS%20RECIBIDOS%20MAYO2020.xlsx HTTP/1.1" 304 - "-" "Mozilla/5.0 (Linux; Android 6.0.1; Nexus 5X Build/MMB29P) AppleWebKit/537.36 (KHTML, like Gecko) Chrome/141.0.7390.122 Mobile Safari/537.36 (compatible; Googlebot/2.1; +http://www.google.com/bot.html)"
66.249.68.5 - - [13/Dec/2025:18:16:02 +0000] "GET /transparencia_files/Articulo_8/Fraccion_VI/b/2021-2024/Solicitud%20de%20Servicios%20de%20la%20Oficial%C3%ADa%20Mayor.pdf HTTP/1.1" 304 - "-" "Mozilla/5.0 (Linux; Android 6.0.1; Nexus 5X Build/MMB29P) AppleWebKit/537.36 (KHTML, like Gecko) Chrome/141.0.7390.122 Mobile Safari/537.36 (compatible; Googlebot/2.1; +http://www.google.com/bot.html)"
66.249.68.4 - - [13/Dec/2025:18:16:20 +0000] "GET /transparencia_files/Articulo_8/Fraccion_VI/j/Actas%20Ayuntamiento%202024-2027/SOLEMNES/01-SOLEMNE%20-25-03-25.pdf HTTP/1.1" 304 - "-" "Mozilla/5.0 (Linux; Android 6.0.1; Nexus 5X Build/MMB29P) AppleWebKit/537.36 (KHTML, like Gecko) Chrome/141.0.7390.122 Mobile Safari/537.36 (compatible; Googlebot/2.1; +http://www.google.com/bot.html)"
66.249.68.3 - - [13/Dec/2025:18:16:36 +0000] "GET /transparencia_files/EdictosComur/2025/EDICTOS%20PRIMERA%20ENTREGA/EXPEDIENTE%20COMUR%20019%202025.pdf HTTP/1.1" 304 - "-" "Mozilla/5.0 (Linux; Android 6.0.1; Nexus 5X Build/MMB29P) AppleWebKit/537.36 (KHTML, like Gecko) Chrome/141.0.7390.122 Mobile Safari/537.36 (compatible; Googlebot/2.1; +http://www.google.com/bot.html)"
66.249.68.3 - - [13/Dec/2025:18:16:38 +0000] "GET /transparencia_files/Articulo_8/Fraccion_X/CERTIFICACIO%CC%81N%20DE%20NO%20EXISTENCIA%20DE%20SINDICATOS%20EN%20AYUNTAMIENTO%20DE%20CUAUTLA%202024.pdf HTTP/1.1" 304 - "-" "Mozilla/5.0 (Linux; Android 6.0.1; Nexus 5X Build/MMB29P) AppleWebKit/537.36 (KHTML, like Gecko) Chrome/141.0.7390.122 Mobile Safari/537.36 (compatible; Googlebot/2.1; +http://www.google.com/bot.html)"
66.249.68.5 - - [13/Dec/2025:18:16:42 +0000] "GET /transparencia_files/Articulo_8/Fraccion_VI/n/Sindicatura/2021/NOVIEMBRE%202021%20ESTADISTICA%20SINDICATURA.pdf HTTP/1.1" 200 224053 "-" "Googlebot/2.1 (+http://www.google.com/bot.html)"
66.249.68.3 - - [13/Dec/2025:18:17:18 +0000] "GET /transparencia_files/Articulo_8/Fraccion_VII/CERTIFICACION%20DE%20LAUDOS%20MAYO%202024.pdf HTTP/1.1" 304 - "-" "Mozilla/5.0 (Linux; Android 6.0.1; Nexus 5X Build/MMB29P) AppleWebKit/537.36 (KHTML, like Gecko) Chrome/141.0.7390.122 Mobile Safari/537.36 (compatible; Googlebot/2.1; +http://www.google.com/bot.html)"
66.249.68.5 - - [13/Dec/2025:18:17:18 +0000] "GET /robots.txt HTTP/1.1" 500 715 "-" "Mozilla/5.0 (compatible; Googlebot/2.1; +http://www.google.com/bot.html)"
66.249.68.3 - - [13/Dec/2025:18:17:48 +0000] "GET /transparencia_files/Articulo_8/Fraccion_I/g/Sesiones%20Extraordinarias/22%20SESION%20EXTRAORDINARIA%20DEL%20COMITE%20DE%20TRANSPARENCIA%202021%20-%202024.pdf HTTP/1.1" 304 - "-" "Mozilla/5.0 (Linux; Android 6.0.1; Nexus 5X Build/MMB29P) AppleWebKit/537.36 (KHTML, like Gecko) Chrome/141.0.7390.122 Mobile Safari/537.36 (compatible; Googlebot/2.1; +http://www.google.com/bot.html)"
66.249.68.67 - - [13/Dec/2025:18:18:02 +0000] "GET /transparencia_files/Articulo_15/Fraccion_VI/Reglamentos/Reglamento%20Servicio%20Publico%20de%20Cementerios.pdf HTTP/1.1" 304 - "-" "Mozilla/5.0 (Linux; Android 6.0.1; Nexus 5X Build/MMB29P) AppleWebKit/537.36 (KHTML, like Gecko) Chrome/141.0.7390.122 Mobile Safari/537.36 (compatible; Googlebot/2.1; +http://www.google.com/bot.html)"
66.249.68.68 - - [13/Dec/2025:18:18:02 +0000] "GET /robots.txt HTTP/1.1" 500 715 "-" "Mozilla/5.0 (compatible; Googlebot/2.1; +http://www.google.com/bot.html)"
66.249.68.3 - - [13/Dec/2025:18:18:14 +0000] "GET /transparencia_files/Articulo_8/Fraccion_V/x/2018/3X1MIGRANTES%20DICIEMBRE%202018.PDF HTTP/1.1" 304 - "-" "Mozilla/5.0 (Linux; Android 6.0.1; Nexus 5X Build/MMB29P) AppleWebKit/537.36 (KHTML, like Gecko) Chrome/141.0.7390.122 Mobile Safari/537.36 (compatible; Googlebot/2.1; +http://www.google.com/bot.html)"
66.249.68.4 - - [13/Dec/2025:18:18:20 +0000] "GET /robots.txt HTTP/1.1" 500 715 "-" "Mozilla/5.0 (compatible; Googlebot/2.1; +http://www.google.com/bot.html)"
66.249.68.4 - - [13/Dec/2025:18:18:21 +0000] "GET /transparencia_files/Articulo_8/Fraccion_VI/n/Secretaria%20General/2023/ESTADISTICA%20SECRETARIA%20GENERAL%20ABRIL%202023.pdf HTTP/1.1" 200 225790 "-" "Googlebot/2.1 (+http://www.google.com/bot.html)"
66.249.68.3 - - [13/Dec/2025:18:18:41 +0000] "GET /transparencia_files/Articulo_15/Fraccion_IX/Sesiones%20de%20Cabildo%20Administracion%202018-2021/SESION%206%20SOLEMNE.docx HTTP/1.1" 304 - "-" "Mozilla/5.0 (Linux; Android 6.0.1; Nexus 5X Build/MMB29P) AppleWebKit/537.36 (KHTML, like Gecko) Chrome/141.0.7390.122 Mobile Safari/537.36 (compatible; Googlebot/2.1; +http://www.google.com/bot.html)"
66.249.68.3 - - [13/Dec/2025:18:18:48 +0000] "GET /transparencia_files/Articulo_8/Fraccion_V/x/2019/FOCOCI%201308%20JULIO%202021.pdf HTTP/1.1" 304 - "-" "Mozilla/5.0 (Linux; Android 6.0.1; Nexus 5X Build/MMB29P) AppleWebKit/537.36 (KHTML, like Gecko) Chrome/141.0.7390.122 Mobile Safari/537.36 (compatible; Googlebot/2.1; +http://www.google.com/bot.html)"
66.249.68.3 - - [13/Dec/2025:18:19:02 +0000] "GET /transparencia_files/Articulo_8/Fraccion_VI/n/Secretaria%20General/2021/ESTADISTICA%20SECRETARIA%20GENERAL%20OCTUBRE%202021.pdf HTTP/1.1" 200 400834 "-" "Googlebot/2.1 (+http://www.google.com/bot.html)"
66.249.68.69 - - [13/Dec/2025:18:19:04 +0000] "GET /robots.txt HTTP/1.1" 500 715 "-" "Mozilla/5.0 (compatible; Googlebot/2.1; +http://www.google.com/bot.html)"
66.249.68.67 - - [13/Dec/2025:18:19:04 +0000] "GET /transparencia_files/Articulo_8/Fraccion_XIV/Primer%20Trimestre%202022/Estado%20Financiero/Estado%20Analitico%20del%20Ejercicio%20del%20Presupuesto%20de%20Egresos%20-%20-LDF%20Clasificacion%20por%20objeto%20del%20gasto.pdf HTTP/1.1" 304 - "-" "Mozilla/5.0 (Linux; Android 6.0.1; Nexus 5X Build/MMB29P) AppleWebKit/537.36 (KHTML, like Gecko) Chrome/141.0.7390.122 Mobile Safari/537.36 (compatible; Googlebot/2.1; +http://www.google.com/bot.html)"
66.249.68.68 - - [13/Dec/2025:18:19:10 +0000] "GET /transparencia_files/Articulo_8/Fraccion_XIV/Segundo%20Trimestre%202024/Ejercicio%20Presupuestario/Montos%20pagados%20por%20ayudas%20y%20subsidios%202do%20trimestre%202024.pdf HTTP/1.1" 304 - "-" "Mozilla/5.0 (Linux; Android 6.0.1; Nexus 5X Build/MMB29P) AppleWebKit/537.36 (KHTML, like Gecko) Chrome/141.0.7390.122 Mobile Safari/537.36 (compatible; Googlebot/2.1; +http://www.google.com/bot.html)"
66.249.68.67 - - [13/Dec/2025:18:20:41 +0000] "GET /robots.txt HTTP/1.1" 500 715 "-" "Mozilla/5.0 (compatible; Googlebot/2.1; +http://www.google.com/bot.html)"
66.249.68.69 - - [13/Dec/2025:18:20:41 +0000] "GET /transparencia_files/Articulo_8/Fraccion_XIV/Primer%20Trimestre%202022/Ejercicio%20Presupuestaria/programas%20con%20recursos%20federales%20por%20orden%20de%20gobieno.pdf HTTP/1.1" 304 - "-" "Mozilla/5.0 (Linux; Android 6.0.1; Nexus 5X Build/MMB29P) AppleWebKit/537.36 (KHTML, like Gecko) Chrome/141.0.7390.122 Mobile Safari/537.36 (compatible; Googlebot/2.1; +http://www.google.com/bot.html)"
66.249.68.68 - - [13/Dec/2025:18:21:17 +0000] "GET /transparencia_files/Articulo_8/Fraccion_XIV/Tercer%20Trimestre%202022/Estado%20Financiero/Estado%20Analitico%20de%20Obligaciones%20Diferentes%20de%20Financiamiento%20-%20LDF.pdf HTTP/1.1" 304 - "-" "Mozilla/5.0 (Linux; Android 6.0.1; Nexus 5X Build/MMB29P) AppleWebKit/537.36 (KHTML, like Gecko) Chrome/141.0.7390.122 Mobile Safari/537.36 (compatible; Googlebot/2.1; +http://www.google.com/bot.html)"
66.249.68.67 - - [13/Dec/2025:18:21:55 +0000] "GET /transparencia_files/Articulo_8/Fraccion_XIV/4to%20trimestre/Ejercicio%20Presupuestario%202022/Aportacion%20Fortalecimiento%20Municipios%20nuevo.pdf HTTP/1.1" 304 - "-" "Mozilla/5.0 (Linux; Android 6.0.1; Nexus 5X Build/MMB29P) AppleWebKit/537.36 (KHTML, like Gecko) Chrome/141.0.7390.122 Mobile Safari/537.36 (compatible; Googlebot/2.1; +http://www.google.com/bot.html)"
66.249.68.67 - - [13/Dec/2025:18:21:55 +0000] "GET /robots.txt HTTP/1.1" 500 715 "-" "Mozilla/5.0 (compatible; Googlebot/2.1; +http://www.google.com/bot.html)"
66.249.68.69 - - [13/Dec/2025:18:22:01 +0000] "GET /transparencia_files/Articulo_8/Fraccion_XIV/Tercer%20Trimestre%202022/Estado%20Financiero/Notas%20a%20los%20estados%20financieros%20de%20Gestion%20Administrativa.pdf HTTP/1.1" 304 - "-" "Mozilla/5.0 (Linux; Android 6.0.1; Nexus 5X Build/MMB29P) AppleWebKit/537.36 (KHTML, like Gecko) Chrome/141.0.7390.122 Mobile Safari/537.36 (compatible; Googlebot/2.1; +http://www.google.com/bot.html)"
66.249.68.67 - - [13/Dec/2025:18:22:06 +0000] "GET /transparencia_files/Articulo_8/Fraccion_XIV/4to%20trimestre/Ejercicio%20Presupuestario%202022/programas%20con%20recursos%20federales%20por%20orden%20de%20gobieno.pdf HTTP/1.1" 304 - "-" "Mozilla/5.0 (Linux; Android 6.0.1; Nexus 5X Build/MMB29P) AppleWebKit/537.36 (KHTML, like Gecko) Chrome/141.0.7390.122 Mobile Safari/537.36 (compatible; Googlebot/2.1; +http://www.google.com/bot.html)"
66.249.68.68 - - [13/Dec/2025:18:22:24 +0000] "GET /transparencia_files/Articulo_8/Fraccion_XIV/Cuarto%20Trimestre%202023/Ejercicio%20Presupuestario/RELACION%20DE%20CUENTAS%20BANCARIAS%20PRODUCTIVAS%20ESPECIFICAS%20DEL%20MUNICIPIO.pdf HTTP/1.1" 304 - "-" "Mozilla/5.0 (Linux; Android 6.0.1; Nexus 5X Build/MMB29P) AppleWebKit/537.36 (KHTML, like Gecko) Chrome/141.0.7390.122 Mobile Safari/537.36 (compatible; Googlebot/2.1; +http://www.google.com/bot.html)"
66.249.68.68 - - [13/Dec/2025:18:22:30 +0000] "GET /transparencia_files/Articulo_8/Fraccion_XIV/Segundo%20Trimestre%202024/Ejercicio%20Presupuestario/INFORMACIO%CC%81N%20DE%20APLICACIO%CC%81N%20DE%20RECURSOS%20DEL%20%28FORTAMUN%29.pdf HTTP/1.1" 304 - "-" "Mozilla/5.0 (Linux; Android 6.0.1; Nexus 5X Build/MMB29P) AppleWebKit/537.36 (KHTML, like Gecko) Chrome/141.0.7390.122 Mobile Safari/537.36 (compatible; Googlebot/2.1; +http://www.google.com/bot.html)"
66.249.68.67 - - [13/Dec/2025:18:22:41 +0000] "GET /transparencia_files/Articulo_8/Fraccion_XIV/Primer%20Trimestre%202022/Ejercicio%20Presupuestaria/Aportacion%20Fortalecimiento%20Municipal.pdf HTTP/1.1" 304 - "-" "Mozilla/5.0 (Linux; Android 6.0.1; Nexus 5X Build/MMB29P) AppleWebKit/537.36 (KHTML, like Gecko) Chrome/141.0.7390.122 Mobile Safari/537.36 (compatible; Googlebot/2.1; +http://www.google.com/bot.html)"
66.249.68.3 - - [13/Dec/2025:18:22:41 +0000] "GET /transparencia_files/Articulo_8/Fraccion_I/%C3%B1/Estadi%CC%81sticas%20%20Arco%20Noviembre%202021.pdf HTTP/1.1" 500 715 "-" "Googlebot/2.1 (+http://www.google.com/bot.html)"
66.249.68.5 - - [13/Dec/2025:18:22:41 +0000] "GET /robots.txt HTTP/1.1" 500 715 "-" "Mozilla/5.0 (compatible; Googlebot/2.1; +http://www.google.com/bot.html)"
66.249.68.67 - - [13/Dec/2025:18:22:58 +0000] "GET /transparencia_files/Articulo_8/Fraccion_XIV/Cuarto%20Trimestre%202024/Ejercicio%20Presupuestario/INFORMACI%C3%93N%20DE%20APLICACI%C3%93N%20DE%20RECURSOS%20DEL%20FORTAMUN%20%281%29.pdf HTTP/1.1" 304 - "-" "Mozilla/5.0 (Linux; Android 6.0.1; Nexus 5X Build/MMB29P) AppleWebKit/537.36 (KHTML, like Gecko) Chrome/141.0.7390.122 Mobile Safari/537.36 (compatible; Googlebot/2.1; +http://www.google.com/bot.html)"
66.249.68.67 - - [13/Dec/2025:18:22:58 +0000] "GET /robots.txt HTTP/1.1" 500 715 "-" "Mozilla/5.0 (compatible; Googlebot/2.1; +http://www.google.com/bot.html)"
66.249.68.68 - - [13/Dec/2025:18:23:02 +0000] "GET /transparencia_files/Articulo_8/Fraccion_XIV/Primer%20Trimestre%202022/Ejercicio%20Presupuestaria/Relacion%20de%20cuentas%20bancarias%20productivas%20especificas.pdf HTTP/1.1" 304 - "-" "Mozilla/5.0 (Linux; Android 6.0.1; Nexus 5X Build/MMB29P) AppleWebKit/537.36 (KHTML, like Gecko) Chrome/141.0.7390.122 Mobile Safari/537.36 (compatible; Googlebot/2.1; +http://www.google.com/bot.html)"
66.249.68.3 - - [13/Dec/2025:18:23:15 +0000] "GET /transparencia_files/Articulo_8/Fraccion_V/x/2019/FONDO%20DE%20AHORRO%207115%20MAYO%202020.pdf HTTP/1.1" 200 165289 "-" "Mozilla/5.0 AppleWebKit/537.36 (KHTML, like Gecko; compatible; GoogleOther) Chrome/141.0.7390.122 Safari/537.36"
66.249.68.3 - - [13/Dec/2025:18:23:15 +0000] "GET /transparencia_files/Articulo_8/Fraccion_V/r/entregaecologia.pdf HTTP/1.1" 200 1712801 "-" "Mozilla/5.0 AppleWebKit/537.36 (KHTML, like Gecko; compatible; GoogleOther) Chrome/141.0.7390.122 Safari/537.36"
66.249.68.5 - - [13/Dec/2025:18:23:15 +0000] "GET /transparencia_files/Articulo_8/Fraccion_V/v/03%20POLIZAS%20DE%20CHEQUES%20MARZO%202022.pdf HTTP/1.1" 200 122913 "-" "Mozilla/5.0 AppleWebKit/537.36 (KHTML, like Gecko; compatible; GoogleOther) Chrome/141.0.7390.122 Safari/537.36"
66.249.68.4 - - [13/Dec/2025:18:23:16 +0000] "GET /transparencia_files/Articulo_8/Fraccion_II/d/ReglamentosMunicipales/Reglamento%20de%20Turismo.pdf HTTP/1.1" 200 171213 "-" "Mozilla/5.0 AppleWebKit/537.36 (KHTML, like Gecko; compatible; GoogleOther) Chrome/141.0.7390.122 Safari/537.36"
66.249.68.3 - - [13/Dec/2025:18:23:16 +0000] "GET /transparencia_files/Articulo_8/Fraccion_V/x/2019/GENERAL%203544%20MARZO%202021.pdf HTTP/1.1" 200 176122 "-" "Mozilla/5.0 AppleWebKit/537.36 (KHTML, like Gecko; compatible; GoogleOther) Chrome/141.0.7390.122 Safari/537.36"
66.249.68.4 - - [13/Dec/2025:18:23:16 +0000] "GET /transparencia_files/Articulo_8/Fraccion_V/x/2016/octubre2016.pdf HTTP/1.1" 200 4527072 "-" "Mozilla/5.0 AppleWebKit/537.36 (KHTML, like Gecko; compatible; GoogleOther) Chrome/141.0.7390.122 Safari/537.36"
66.249.68.4 - - [13/Dec/2025:18:23:16 +0000] "GET /transparencia_files/Articulo_8/Fraccion_VI/d/Lista%20mensual%20de%20beneficiarios%20Ruben%20Rodriguez.pdf HTTP/1.1" 200 806713 "-" "Mozilla/5.0 AppleWebKit/537.36 (KHTML, like Gecko; compatible; GoogleOther) Chrome/141.0.7390.122 Safari/537.36"
66.249.68.5 - - [13/Dec/2025:18:23:17 +0000] "GET /transparencia_files/Articulo_8/Fraccion_V/x/2019/FONDO%20DE%20AHORRO%207115%20ABRIL%202020.pdf HTTP/1.1" 200 165223 "-" "Mozilla/5.0 AppleWebKit/537.36 (KHTML, like Gecko; compatible; GoogleOther) Chrome/141.0.7390.122 Safari/537.36"
