66.249.68.68 - - [13/Dec/2025:19:14:55 +0000] "GET /transparencia_files/Articulo_8/Fraccion_XIV/3ro%20trimestre/Ejercicio%20Presupuestario/OBLIGACIONES%20PAGADAS%20O%20GARANTIZADAS.docx HTTP/1.1" 304 - "-" "Mozilla/5.0 (Linux; Android 6.0.1; Nexus 5X Build/MMB29P) AppleWebKit/537.36 (KHTML, like Gecko) Chrome/141.0.7390.122 Mobile Safari/537.36 (compatible; Googlebot/2.1; +http://www.google.com/bot.html)"
52.167.144.158 - - [13/Dec/2025:19:15:05 +0000] "GET /transparencia_files/Articulo_8/Fraccion_XIV/Primer%20Trimestre%202022/F7%20ESTADO%20ANALI%CC%81TICO%20DE%20INGRESOS%20POR%20RUBRO%20DE%20INGRESO.pdf HTTP/2.0" 500 715 "-" "Mozilla/5.0 AppleWebKit/537.36 (KHTML, like Gecko; compatible; bingbot/2.0; +http://www.bing.com/bingbot.htm) Chrome/116.0.1938.76 Safari/537.36"
66.249.68.4 - - [13/Dec/2025:19:15:06 +0000] "GET /transparencia_files/Articulo_8/Fraccion_VI/b/2024-2027/CATA%CC%81LOGO%20DE%20SERVICIO%20DE%20TURISMO.pdf HTTP/1.1" 304 - "-" "Mozilla/5.0 (Linux; Android 6.0.1; Nexus 5X Build/MMB29P) AppleWebKit/537.36 (KHTML, like Gecko) Chrome/141.0.7390.122 Mobile Safari/537.36 (compatible; Googlebot/2.1; +http://www.google.com/bot.html)"
66.249.68.3 - - [13/Dec/2025:19:15:06 +0000] "GET /robots.txt HTTP/1.1" 500 715 "-" "Mozilla/5.0 (compatible; Googlebot/2.1; +http://www.google.com/bot.html)"
66.249.68.3 - - [13/Dec/2025:19:15:17 +0000] "GET /transparencia_files/Articulo_8/Fraccion_V/x/2022-2023/07%20Estados%20de%20Cuentas%20Julio%202023.pdf HTTP/1.1" 304 - "-" "Mozilla/5.0 (Linux; Android 6.0.1; Nexus 5X Build/MMB29P) AppleWebKit/537.36 (KHTML, like Gecko) Chrome/141.0.7390.122 Mobile Safari/537.36 (compatible; Googlebot/2.1; +http://www.google.com/bot.html)"
66.249.68.68 - - [13/Dec/2025:19:15:47 +0000] "GET /transparencia_files/Articulo_15/Fraccion_XXI/Actas%20COMUR%20Pasadas/EXPEDIENTE%20COMUR%20001-CUAUTLA-TIERRAS%20BLANCAS-03-2020.pdf HTTP/1.1" 304 - "-" "Mozilla/5.0 (Linux; Android 6.0.1; Nexus 5X Build/MMB29P) AppleWebKit/537.36 (KHTML, like Gecko) Chrome/141.0.7390.122 Mobile Safari/537.36 (compatible; Googlebot/2.1; +http://www.google.com/bot.html)"
207.46.13.107 - - [13/Dec/2025:19:16:07 +0000] "GET /252492270 HTTP/2.0" 500 715 "-" "Mozilla/5.0 AppleWebKit/537.36 (KHTML, like Gecko; compatible; bingbot/2.0; +http://www.bing.com/bingbot.htm) Chrome/116.0.1938.76 Safari/537.36"
47.82.11.39 - - [13/Dec/2025:19:16:12 +0000] "GET /transparencia_files/EdictosJuzgado/.htaccess HTTP/1.1" 500 - "https://www.cuautlajalisco.gob.mx/" "Mozilla/5.0 (Macintosh; Intel Mac OS X 10_15_7) AppleWebKit/537.36 (KHTML, like Gecko) Chrome/133.0.0.0 Safari/537.36"
27.50.29.178 - - [13/Dec/2025:19:16:19 +0000] "GET /wp-includes/js/jcrop/Jcrop.php HTTP/1.1" 500 715 "-" "Mozilla/5.0 (Linux; Android 10; K) AppleWebKit/537.36 (KHTML, like Gecko) Chrome/114.0.0.0 Mobile Safari/537.36"
27.50.29.178 - - [13/Dec/2025:19:16:20 +0000] "GET /wp-includes/pomo/index.php HTTP/1.1" 500 715 "-" "Mozilla/5.0 (Linux; Android 10; K) AppleWebKit/537.36 (KHTML, like Gecko) Chrome/114.0.0.0 Mobile Safari/537.36"
27.50.29.178 - - [13/Dec/2025:19:16:20 +0000] "GET /wp-includes/library.php HTTP/1.1" 500 715 "-" "Mozilla/5.0 (Linux; Android 10; K) AppleWebKit/537.36 (KHTML, like Gecko) Chrome/114.0.0.0 Mobile Safari/537.36"
27.50.29.178 - - [13/Dec/2025:19:16:20 +0000] "GET /wp-includes/plugins.php HTTP/1.1" 500 715 "-" "Mozilla/5.0 (Linux; Android 10; K) AppleWebKit/537.36 (KHTML, like Gecko) Chrome/114.0.0.0 Mobile Safari/537.36"
27.50.29.178 - - [13/Dec/2025:19:16:22 +0000] "GET /wp-includes/l10n.php HTTP/1.1" 500 715 "-" "Mozilla/5.0 (Linux; Android 10; K) AppleWebKit/537.36 (KHTML, like Gecko) Chrome/114.0.0.0 Mobile Safari/537.36"
66.249.68.5 - - [13/Dec/2025:19:17:05 +0000] "GET /transparencia_files/Articulo_8/Fraccion_V/x/2024/05%20Estados%20de%20Cuentas%20Mayo%202024.pdf HTTP/1.1" 304 - "-" "Mozilla/5.0 (Linux; Android 6.0.1; Nexus 5X Build/MMB29P) AppleWebKit/537.36 (KHTML, like Gecko) Chrome/141.0.7390.122 Mobile Safari/537.36 (compatible; Googlebot/2.1; +http://www.google.com/bot.html)"
66.249.68.4 - - [13/Dec/2025:19:17:05 +0000] "GET /robots.txt HTTP/1.1" 500 715 "-" "Mozilla/5.0 (compatible; Googlebot/2.1; +http://www.google.com/bot.html)"
66.249.68.4 - - [13/Dec/2025:19:17:13 +0000] "GET /transparencia_files/Articulo_8/Fraccion_V/x/2022-2023/011%20Estados%20de%20Cuentas%20Noviembre%202022.pdf HTTP/1.1" 304 - "-" "Mozilla/5.0 (Linux; Android 6.0.1; Nexus 5X Build/MMB29P) AppleWebKit/537.36 (KHTML, like Gecko) Chrome/141.0.7390.122 Mobile Safari/537.36 (compatible; Googlebot/2.1; +http://www.google.com/bot.html)"
66.249.68.68 - - [13/Dec/2025:19:17:22 +0000] "GET /robots.txt HTTP/1.1" 500 715 "-" "Mozilla/5.0 (compatible; Googlebot/2.1; +http://www.google.com/bot.html)"
66.249.68.67 - - [13/Dec/2025:19:17:22 +0000] "GET /transparencia_files/Articulo_15/Fraccion_IX/Administracion%202021-2024/Extraordinarias/ACTA%2012%20EXTRAORDINARIA%20DE%2006%20DE%20MARZO%20DE%202024.pdf HTTP/1.1" 304 - "-" "Mozilla/5.0 (Linux; Android 6.0.1; Nexus 5X Build/MMB29P) AppleWebKit/537.36 (KHTML, like Gecko) Chrome/141.0.7390.122 Mobile Safari/537.36 (compatible; Googlebot/2.1; +http://www.google.com/bot.html)"
216.244.66.227 - - [13/Dec/2025:19:17:40 +0000] "GET /robots.txt HTTP/1.1" 500 715 "-" "Mozilla/5.0 (compatible; DotBot/1.2; +https://opensiteexplorer.org/dotbot; help@moz.com)"
66.249.68.67 - - [13/Dec/2025:19:17:49 +0000] "GET /transparencia_files/Articulo_15/Fraccion_IX/Participacion%20Ciudadana/2021-2024/ACTA%20DE%20INSTALACION%20DE%20CONSEJO%20DE%20PARTICIPACION%20CIUDADANA%20DE%20CUAUTLA%20JALISCO.pdf HTTP/1.1" 304 - "-" "Mozilla/5.0 (Linux; Android 6.0.1; Nexus 5X Build/MMB29P) AppleWebKit/537.36 (KHTML, like Gecko) Chrome/141.0.7390.122 Mobile Safari/537.36 (compatible; Googlebot/2.1; +http://www.google.com/bot.html)"
204.76.203.8 - - [13/Dec/2025:19:17:50 +0000] "PROPFIND / HTTP/1.1" 500 - "http://198.38.90.22:443/" "-"
181.208.252.252 - - [13/Dec/2025:19:18:01 +0000] "GET /transparencia_files/Articulo_8/Fraccion_VI/n/Secretaria%20General/2023/.htaccess HTTP/1.1" 500 - "https://www.cuautlajalisco.gob.mx/" "Mozilla/5.0 (Windows NT 10.0; Win64; x64) AppleWebKit/537.36 (KHTML, like Gecko) Chrome/135.0.0.0 Safari/537.36"
66.249.68.4 - - [13/Dec/2025:19:18:27 +0000] "GET /transparencia_files/Articulo_8/Fraccion_V/x/2022-2023/Estados%20de%20Cuentas%20Abril%202022.pdf HTTP/1.1" 304 - "-" "Mozilla/5.0 (Linux; Android 6.0.1; Nexus 5X Build/MMB29P) AppleWebKit/537.36 (KHTML, like Gecko) Chrome/141.0.7390.122 Mobile Safari/537.36 (compatible; Googlebot/2.1; +http://www.google.com/bot.html)"
41.57.105.142 - - [13/Dec/2025:19:18:30 +0000] "GET /transparencia_files/Articulo_15/Fraccion_XVI/Consejos%20Consultivos%202023/.htaccess HTTP/1.1" 500 - "https://www.cuautlajalisco.gob.mx/" "Mozilla/5.0 (Windows NT 10.0; Win64; x64) AppleWebKit/537.36 (KHTML, like Gecko) Chrome/133.0.6943.127 ADG/11.1.4805 Safari/537.36"
66.249.68.4 - - [13/Dec/2025:19:18:33 +0000] "GET /transparencia_files/Articulo_8/Fraccion_VI/j/CMDRS/CANCELACION%20DE%20REUNION%20DE%20CONSEJO%20JUNIO%202024276.pdf HTTP/1.1" 304 - "-" "Mozilla/5.0 (Linux; Android 6.0.1; Nexus 5X Build/MMB29P) AppleWebKit/537.36 (KHTML, like Gecko) Chrome/141.0.7390.122 Mobile Safari/537.36 (compatible; Googlebot/2.1; +http://www.google.com/bot.html)"
66.249.68.3 - - [13/Dec/2025:19:18:50 +0000] "GET /transparencia_files/Articulo_8/Fraccion_V/x/2022-2023/Estados%20de%20Cuentas%20Marzo%202022.pdf HTTP/1.1" 304 - "-" "Mozilla/5.0 (Linux; Android 6.0.1; Nexus 5X Build/MMB29P) AppleWebKit/537.36 (KHTML, like Gecko) Chrome/141.0.7390.122 Mobile Safari/537.36 (compatible; Googlebot/2.1; +http://www.google.com/bot.html)"
200.8.108.244 - - [13/Dec/2025:19:18:58 +0000] "GET /transparencia_files/Articulo_8/Fraccion_VI/g/Sindicatura/2024/.htaccess HTTP/1.1" 500 - "https://www.cuautlajalisco.gob.mx/" "Mozilla/5.0 (Macintosh; Intel Mac OS X 10_15_7) AppleWebKit/605.1.15 (KHTML, like Gecko) Version/18.2 Safari/605.1.15"
66.249.68.69 - - [13/Dec/2025:19:19:00 +0000] "GET /transparencia_files/Articulo_8/Fraccion_V/g/2017/junio22017.pdf HTTP/1.1" 304 - "-" "Mozilla/5.0 (Linux; Android 6.0.1; Nexus 5X Build/MMB29P) AppleWebKit/537.36 (KHTML, like Gecko) Chrome/141.0.7390.122 Mobile Safari/537.36 (compatible; Googlebot/2.1; +http://www.google.com/bot.html)"
66.249.68.68 - - [13/Dec/2025:19:19:09 +0000] "GET /transparencia_files/Articulo_8/Fraccion_V/g/2024/NOMINAS%20DE%20PRESIDENCIA%20DEL%2001%20AL%2015%20DE%20DICIEMBRE%202024.pdf HTTP/1.1" 304 - "-" "Mozilla/5.0 (Linux; Android 6.0.1; Nexus 5X Build/MMB29P) AppleWebKit/537.36 (KHTML, like Gecko) Chrome/141.0.7390.122 Mobile Safari/537.36 (compatible; Googlebot/2.1; +http://www.google.com/bot.html)"
66.249.68.67 - - [13/Dec/2025:19:19:24 +0000] "GET /transparencia_files/Articulo_15/Fraccion_IX/Sesiones%20de%20Cabildo%20Administracion%202018-2021/convocatoria%2010%20ORDINARIA.docx HTTP/1.1" 304 - "-" "Mozilla/5.0 (Linux; Android 6.0.1; Nexus 5X Build/MMB29P) AppleWebKit/537.36 (KHTML, like Gecko) Chrome/141.0.7390.122 Mobile Safari/537.36 (compatible; Googlebot/2.1; +http://www.google.com/bot.html)"
187.10.78.170 - - [13/Dec/2025:19:19:30 +0000] "GET /transparencia_files/Articulo_8/Fraccion_V/e/.htaccess HTTP/1.1" 500 - "https://www.cuautlajalisco.gob.mx/" "Mozilla/5.0 (Macintosh; Intel Mac OS X 10_15_7) AppleWebKit/537.36 (KHTML, like Gecko) Chrome/131.0.0.0 Safari/537.36"
66.249.68.5 - - [13/Dec/2025:19:19:49 +0000] "GET /transparencia_files/Articulo_8/Fraccion_XIV/SEvAC%202018-IV/a.2.3.pdf HTTP/1.1" 304 - "-" "Mozilla/5.0 (Linux; Android 6.0.1; Nexus 5X Build/MMB29P) AppleWebKit/537.36 (KHTML, like Gecko) Chrome/141.0.7390.122 Mobile Safari/537.36 (compatible; Googlebot/2.1; +http://www.google.com/bot.html)"
52.167.144.24 - - [13/Dec/2025:19:19:50 +0000] "GET /1151512.html HTTP/2.0" 500 715 "-" "Mozilla/5.0 AppleWebKit/537.36 (KHTML, like Gecko; compatible; bingbot/2.0; +http://www.bing.com/bingbot.htm) Chrome/116.0.1938.76 Safari/537.36"
66.249.68.3 - - [13/Dec/2025:19:20:31 +0000] "GET /transparencia_files/Articulo_8/Fraccion_XIV/SEvAC%202019-III/D.1.17.pdf HTTP/1.1" 304 - "-" "Mozilla/5.0 (Linux; Android 6.0.1; Nexus 5X Build/MMB29P) AppleWebKit/537.36 (KHTML, like Gecko) Chrome/141.0.7390.122 Mobile Safari/537.36 (compatible; Googlebot/2.1; +http://www.google.com/bot.html)"
66.249.68.5 - - [13/Dec/2025:19:20:31 +0000] "GET /robots.txt HTTP/1.1" 500 715 "-" "Mozilla/5.0 (compatible; Googlebot/2.1; +http://www.google.com/bot.html)"
37.120.151.162 - - [13/Dec/2025:19:20:37 +0000] "GET /agenda/2023-02-11 HTTP/1.1" 500 715 "https://cuautlajalisco.gob.mx/" "Mozilla/5.0 (Windows NT 10.0; Win64; x64) AppleWebKit/537.36 (KHTML, like Gecko) Chrome/135.0.0.0 Safari/537.36"
177.234.201.206 - - [13/Dec/2025:19:20:43 +0000] "GET /agenda/categoria/transparencia/dia/2024-11-24 HTTP/1.1" 500 715 "https://cuautlajalisco.gob.mx/" "Mozilla/5.0 (Windows NT 10.0; Win64; x64) AppleWebKit/537.36 (KHTML, like Gecko) Chrome/135.0.0.0 Safari/537.36 Edg/135.0.0.0"
66.249.68.69 - - [13/Dec/2025:19:20:45 +0000] "GET /robots.txt HTTP/1.1" 500 715 "-" "Mozilla/5.0 (compatible; Googlebot/2.1; +http://www.google.com/bot.html)"
66.249.68.68 - - [13/Dec/2025:19:20:45 +0000] "GET /transparencia_files/Articulo_8/Fraccion_V/g/2022/05%20Marzo%2001%20al%2015%20presidencia.pdf HTTP/1.1" 304 - "-" "Mozilla/5.0 (Linux; Android 6.0.1; Nexus 5X Build/MMB29P) AppleWebKit/537.36 (KHTML, like Gecko) Chrome/141.0.7390.122 Mobile Safari/537.36 (compatible; Googlebot/2.1; +http://www.google.com/bot.html)"
187.208.244.18 - - [13/Dec/2025:19:21:17 +0000] "GET /fracc-5m HTTP/1.1" 500 715 "https://cuautlajalisco.gob.mx/" "Mozilla/5.0 (Windows NT 10.0; Win64; x64) AppleWebKit/537.36 (KHTML, like Gecko) Chrome/135.0.0.0 Safari/537.36"
66.249.68.5 - - [13/Dec/2025:19:21:22 +0000] "GET /transparencia_files/Articulo_8/Fraccion_IV/c/2018-2021/Manual%20de%20organizacion%20Registro%20Civil%202019-2021.docx HTTP/1.1" 304 - "-" "Mozilla/5.0 (Linux; Android 6.0.1; Nexus 5X Build/MMB29P) AppleWebKit/537.36 (KHTML, like Gecko) Chrome/141.0.7390.122 Mobile Safari/537.36 (compatible; Googlebot/2.1; +http://www.google.com/bot.html)"
66.249.68.4 - - [13/Dec/2025:19:21:29 +0000] "GET /transparencia_files/Articulo_8/Fraccion_VI/g/Sindicatura/2023/PERMISOS%20DE%20EVENTOS%20SINDICATURA%20DICIEMBRE%202023.pdf HTTP/1.1" 304 - "-" "Mozilla/5.0 (Linux; Android 6.0.1; Nexus 5X Build/MMB29P) AppleWebKit/537.36 (KHTML, like Gecko) Chrome/141.0.7390.122 Mobile Safari/537.36 (compatible; Googlebot/2.1; +http://www.google.com/bot.html)"
40.77.167.27 - - [13/Dec/2025:19:21:41 +0000] "GET /57588160.html HTTP/2.0" 500 715 "-" "Mozilla/5.0 AppleWebKit/537.36 (KHTML, like Gecko; compatible; bingbot/2.0; +http://www.bing.com/bingbot.htm) Chrome/116.0.1938.76 Safari/537.36"
66.249.68.3 - - [13/Dec/2025:19:21:43 +0000] "GET /robots.txt HTTP/1.1" 500 715 "-" "Mozilla/5.0 (compatible; Googlebot/2.1; +http://www.google.com/bot.html)"
66.249.68.3 - - [13/Dec/2025:19:21:43 +0000] "GET /transparencia_files/Articulo_8/Fraccion_VI/g/Sindicatura/2023/PERMISOS%20DE%20EVENTOS%20SINDICATURA%20AGOSTO%202023.pdf HTTP/1.1" 304 - "-" "Mozilla/5.0 (Linux; Android 6.0.1; Nexus 5X Build/MMB29P) AppleWebKit/537.36 (KHTML, like Gecko) Chrome/141.0.7390.122 Mobile Safari/537.36 (compatible; Googlebot/2.1; +http://www.google.com/bot.html)"
169.224.97.224 - - [13/Dec/2025:19:21:43 +0000] "GET /agenda/categoria/transparencia/dia/2023-11-20 HTTP/1.1" 500 715 "https://cuautlajalisco.gob.mx/" "Mozilla/5.0 (Windows NT 10.0; Win64; x64) AppleWebKit/537.36 (KHTML, like Gecko) Chrome/135.0.0.0 Safari/537.36 Edg/135.0.0.0"
40.77.167.61 - - [13/Dec/2025:19:21:46 +0000] "GET /transparencia_files/Articulo_15/Fraccion_XXI/EXPEDIENTE%20COMUR%20002-CUAUTLA-2020.pdf HTTP/2.0" 500 715 "-" "Mozilla/5.0 AppleWebKit/537.36 (KHTML, like Gecko; compatible; bingbot/2.0; +http://www.bing.com/bingbot.htm) Chrome/116.0.1938.76 Safari/537.36"
66.249.68.3 - - [13/Dec/2025:19:21:49 +0000] "GET /transparencia_files/Articulo_8/Fraccion_VI/n/Seguridad%20Publica/ABRIL%202024.docx HTTP/1.1" 304 - "-" "Mozilla/5.0 (Linux; Android 6.0.1; Nexus 5X Build/MMB29P) AppleWebKit/537.36 (KHTML, like Gecko) Chrome/141.0.7390.122 Mobile Safari/537.36 (compatible; Googlebot/2.1; +http://www.google.com/bot.html)"
66.249.68.69 - - [13/Dec/2025:19:21:51 +0000] "GET /transparencia_files/Articulo_15/Fraccion_VII/Administracion%202021-2024/COMISION%20EDILICIA%20PARTICIPACION%20CIUDADANA.pdf HTTP/1.1" 304 - "-" "Mozilla/5.0 (Linux; Android 6.0.1; Nexus 5X Build/MMB29P) AppleWebKit/537.36 (KHTML, like Gecko) Chrome/141.0.7390.122 Mobile Safari/537.36 (compatible; Googlebot/2.1; +http://www.google.com/bot.html)"
66.249.68.67 - - [13/Dec/2025:19:21:51 +0000] "GET /robots.txt HTTP/1.1" 500 715 "-" "Mozilla/5.0 (compatible; Googlebot/2.1; +http://www.google.com/bot.html)"
66.249.68.67 - - [13/Dec/2025:19:22:06 +0000] "GET /transparencia_files/Articulo_8/Fraccion_V/g/2023/PRESIDENCIA%2016%20AL%2031%20JULIO%202023.pdf HTTP/1.1" 304 - "-" "Mozilla/5.0 (Linux; Android 6.0.1; Nexus 5X Build/MMB29P) AppleWebKit/537.36 (KHTML, like Gecko) Chrome/141.0.7390.122 Mobile Safari/537.36 (compatible; Googlebot/2.1; +http://www.google.com/bot.html)"
103.103.89.177 - - [13/Dec/2025:19:22:31 +0000] "GET /transparencia_files/Articulo_15/Fraccion_XXII/.htaccess HTTP/1.1" 500 - "https://www.cuautlajalisco.gob.mx/" "Mozilla/5.0 (Windows NT 10.0; Win64; x64) AppleWebKit/537.36 (KHTML, like Gecko) Chrome/129.0.0.0 Safari/537.36"
66.249.68.5 - - [13/Dec/2025:19:22:32 +0000] "GET /transparencia_files/Articulo_8/Fraccion_VI/n/Sindicatura/2022/ENERO%202022%20ESTADISTICA%20SINDICATURA.pdf HTTP/1.1" 304 - "-" "Mozilla/5.0 (Linux; Android 6.0.1; Nexus 5X Build/MMB29P) AppleWebKit/537.36 (KHTML, like Gecko) Chrome/141.0.7390.122 Mobile Safari/537.36 (compatible; Googlebot/2.1; +http://www.google.com/bot.html)"
52.167.144.209 - - [13/Dec/2025:19:22:40 +0000] "GET /36327700.html HTTP/2.0" 500 715 "-" "Mozilla/5.0 AppleWebKit/537.36 (KHTML, like Gecko; compatible; bingbot/2.0; +http://www.bing.com/bingbot.htm) Chrome/116.0.1938.76 Safari/537.36"
66.249.68.67 - - [13/Dec/2025:19:23:00 +0000] "GET /robots.txt HTTP/1.1" 500 715 "-" "Mozilla/5.0 (compatible; Googlebot/2.1; +http://www.google.com/bot.html)"
66.249.68.68 - - [13/Dec/2025:19:23:00 +0000] "GET /transparencia_files/Articulo_15/Fraccion_VIII/Comisiones%20Edilicias/Convocatoria%20Segunda%20Sesion%20Comision%20Edilicia%20Habitacion%20Popular%202019.pdf HTTP/1.1" 304 - "-" "Mozilla/5.0 (Linux; Android 6.0.1; Nexus 5X Build/MMB29P) AppleWebKit/537.36 (KHTML, like Gecko) Chrome/141.0.7390.122 Mobile Safari/537.36 (compatible; Googlebot/2.1; +http://www.google.com/bot.html)"
66.249.68.68 - - [13/Dec/2025:19:23:04 +0000] "GET /transparencia_files/Articulo_15/Fraccion_XXI/Actas%20COMUR%20Pasadas/EXPEDIENTE%20COMUR%20001-CUAUTLA-TIERRAS%20BLANCAS-02-2020.pdf HTTP/1.1" 304 - "-" "Mozilla/5.0 (Linux; Android 6.0.1; Nexus 5X Build/MMB29P) AppleWebKit/537.36 (KHTML, like Gecko) Chrome/141.0.7390.122 Mobile Safari/537.36 (compatible; Googlebot/2.1; +http://www.google.com/bot.html)"
66.249.68.3 - - [13/Dec/2025:19:23:24 +0000] "GET /transparencia_files/Articulo_8/Fraccion_I/nn/ESTADISTICAS%20SIRES%20%20ABRIL%202024.pdf HTTP/1.1" 304 - "-" "Mozilla/5.0 (Linux; Android 6.0.1; Nexus 5X Build/MMB29P) AppleWebKit/537.36 (KHTML, like Gecko) Chrome/141.0.7390.122 Mobile Safari/537.36 (compatible; Googlebot/2.1; +http://www.google.com/bot.html)"
66.249.68.3 - - [13/Dec/2025:19:23:24 +0000] "GET /robots.txt HTTP/1.1" 500 715 "-" "Mozilla/5.0 (compatible; Googlebot/2.1; +http://www.google.com/bot.html)"
66.249.68.67 - - [13/Dec/2025:19:23:41 +0000] "GET /transparencia_files/Articulo_15/Fraccion_VIII/Admon%202021-2024/CONVOCATORIA%203ERA%20SESION%20ORDINARIA.pdf HTTP/1.1" 304 - "-" "Mozilla/5.0 (Linux; Android 6.0.1; Nexus 5X Build/MMB29P) AppleWebKit/537.36 (KHTML, like Gecko) Chrome/141.0.7390.122 Mobile Safari/537.36 (compatible; Googlebot/2.1; +http://www.google.com/bot.html)"
187.19.124.58 - - [13/Dec/2025:19:23:48 +0000] "GET /transparencia_files/Articulo_8/Fraccion_V/v/.htaccess HTTP/1.1" 500 - "https://www.cuautlajalisco.gob.mx/" "Mozilla/5.0 (Macintosh; Intel Mac OS X 10_15_7) AppleWebKit/537.36 (KHTML, like Gecko) Chrome/134.0.0.0 Safari/537.36"
66.249.68.3 - - [13/Dec/2025:19:23:49 +0000] "GET /transparencia_files/Articulo_8/Fraccion_I/nn/Estadisticas%20%20ARCO%20MAYO%202023.pdf HTTP/1.1" 304 - "-" "Mozilla/5.0 (Linux; Android 6.0.1; Nexus 5X Build/MMB29P) AppleWebKit/537.36 (KHTML, like Gecko) Chrome/141.0.7390.122 Mobile Safari/537.36 (compatible; Googlebot/2.1; +http://www.google.com/bot.html)"
66.249.68.3 - - [13/Dec/2025:19:23:59 +0000] "GET /transparencia_files/Articulo_8/Fraccion_VI/g/Sindicatura/2024/PERMISO%20EVENTO%20SINDICATURA%20MAYO%202024.pdf HTTP/1.1" 304 - "-" "Mozilla/5.0 (Linux; Android 6.0.1; Nexus 5X Build/MMB29P) AppleWebKit/537.36 (KHTML, like Gecko) Chrome/141.0.7390.122 Mobile Safari/537.36 (compatible; Googlebot/2.1; +http://www.google.com/bot.html)"
66.249.68.67 - - [13/Dec/2025:19:24:10 +0000] "GET /robots.txt HTTP/1.1" 500 715 "-" "Mozilla/5.0 (compatible; Googlebot/2.1; +http://www.google.com/bot.html)"
66.249.68.69 - - [13/Dec/2025:19:24:10 +0000] "GET /transparencia_files/Articulo_8/Fraccion_V/g/Nominas/Primera%20de%20Abril%202017.pdf HTTP/1.1" 304 - "-" "Mozilla/5.0 (Linux; Android 6.0.1; Nexus 5X Build/MMB29P) AppleWebKit/537.36 (KHTML, like Gecko) Chrome/141.0.7390.122 Mobile Safari/537.36 (compatible; Googlebot/2.1; +http://www.google.com/bot.html)"
66.249.68.3 - - [13/Dec/2025:19:24:28 +0000] "GET /transparencia_files/Articulo_8/Fraccion_IV/c/Otros/MANUAL%20DE%20ORGANIZACIO%CC%81N%202015-2018.pdf HTTP/1.1" 304 - "-" "Mozilla/5.0 (Linux; Android 6.0.1; Nexus 5X Build/MMB29P) AppleWebKit/537.36 (KHTML, like Gecko) Chrome/141.0.7390.122 Mobile Safari/537.36 (compatible; Googlebot/2.1; +http://www.google.com/bot.html)"
66.249.68.5 - - [13/Dec/2025:19:24:28 +0000] "GET /robots.txt HTTP/1.1" 500 715 "-" "Mozilla/5.0 (compatible; Googlebot/2.1; +http://www.google.com/bot.html)"
66.249.68.67 - - [13/Dec/2025:19:24:49 +0000] "GET /transparencia_files/Articulo_15/Fraccion_VI/Manuales%20Organizacion/Manual%20de%20organizaci%C3%B3n%20IMM.docx HTTP/1.1" 304 - "-" "Mozilla/5.0 (Linux; Android 6.0.1; Nexus 5X Build/MMB29P) AppleWebKit/537.36 (KHTML, like Gecko) Chrome/141.0.7390.122 Mobile Safari/537.36 (compatible; Googlebot/2.1; +http://www.google.com/bot.html)"
190.143.255.33 - - [13/Dec/2025:19:25:14 +0000] "GET /transparencia_files/Articulo_8/Fraccion_VI/j/Transparencia%202024-2027/Sesiones%20Ordinarias%202024-2027/.htaccess HTTP/1.1" 500 - "https://www.cuautlajalisco.gob.mx/" "Mozilla/5.0 (Windows NT 10.0; Win64; x64) AppleWebKit/537.36 (KHTML, like Gecko) Chrome/135.0.0.0 Safari/537.36"
66.249.68.4 - - [13/Dec/2025:19:25:23 +0000] "GET /transparencia_files/Articulo_8/Fraccion_V/v/10%20POLIZAS%20DE%20CHEQUES%20OCTUBRE%202021.pdf HTTP/1.1" 304 - "-" "Mozilla/5.0 (Linux; Android 6.0.1; Nexus 5X Build/MMB29P) AppleWebKit/537.36 (KHTML, like Gecko) Chrome/141.0.7390.122 Mobile Safari/537.36 (compatible; Googlebot/2.1; +http://www.google.com/bot.html)"
177.86.103.122 - - [13/Dec/2025:19:25:26 +0000] "GET /transparencia_files/Articulo_8/Fraccion_VI/j/Transparencia%202024-2027/Convocatorias%202024-2027/.htaccess HTTP/1.1" 500 - "https://www.cuautlajalisco.gob.mx/" "Mozilla/5.0 (Windows NT 10.0; Win64; x64) AppleWebKit/537.36 (KHTML, like Gecko) Chrome/135.0.0.0 Safari/537.36"
66.249.68.4 - - [13/Dec/2025:19:25:47 +0000] "GET /robots.txt HTTP/1.1" 500 715 "-" "Mozilla/5.0 (compatible; Googlebot/2.1; +http://www.google.com/bot.html)"
66.249.68.4 - - [13/Dec/2025:19:25:47 +0000] "GET /transparencia_files/Articulo_8/Fraccion_I/g/Sesiones%20Extraordinarias/28%20SESION%20EXTRAORDINARIA%20DEL%20COMITE%20DE%20TRANSPARENCIA%202021%20-%202024.pdf HTTP/1.1" 304 - "-" "Mozilla/5.0 (Linux; Android 6.0.1; Nexus 5X Build/MMB29P) AppleWebKit/537.36 (KHTML, like Gecko) Chrome/141.0.7390.122 Mobile Safari/537.36 (compatible; Googlebot/2.1; +http://www.google.com/bot.html)"
66.249.68.69 - - [13/Dec/2025:19:26:05 +0000] "GET /robots.txt HTTP/1.1" 500 715 "-" "Mozilla/5.0 (compatible; Googlebot/2.1; +http://www.google.com/bot.html)"
66.249.68.68 - - [13/Dec/2025:19:26:05 +0000] "GET /transparencia_files/Articulo_15/Fraccion_VI/Manuales%20Servicios/MANUALES%20DE%20SERVICIOS%20IMJUVE.docx HTTP/1.1" 304 - "-" "Mozilla/5.0 (Linux; Android 6.0.1; Nexus 5X Build/MMB29P) AppleWebKit/537.36 (KHTML, like Gecko) Chrome/141.0.7390.122 Mobile Safari/537.36 (compatible; Googlebot/2.1; +http://www.google.com/bot.html)"
66.249.68.4 - - [13/Dec/2025:19:26:17 +0000] "GET /?2541295895 HTTP/1.1" 304 - "-" "Mozilla/5.0 (Linux; Android 6.0.1; Nexus 5X Build/MMB29P) AppleWebKit/537.36 (KHTML, like Gecko) Chrome/141.0.7390.122 Mobile Safari/537.36 (compatible; Googlebot/2.1; +http://www.google.com/bot.html)"
66.249.68.4 - - [13/Dec/2025:19:26:17 +0000] "GET /transparencia_files/Articulo_8/Fraccion_V/g/Nominas/Primera%20de%20Febrero%202018.pdf HTTP/1.1" 200 9446342 "-" "Mozilla/5.0 (Linux; Android 6.0.1; Nexus 5X Build/MMB29P) AppleWebKit/537.36 (KHTML, like Gecko) Chrome/141.0.7390.122 Mobile Safari/537.36 (compatible; GoogleOther)"
66.249.68.67 - - [13/Dec/2025:19:26:20 +0000] "GET /transparencia_files/Articulo_15/Fraccion_VI/Reglamentos/reglamento%20policia%20y%20buen%20gobierno%20cuautla.pdf HTTP/1.1" 304 - "-" "Mozilla/5.0 (Linux; Android 6.0.1; Nexus 5X Build/MMB29P) AppleWebKit/537.36 (KHTML, like Gecko) Chrome/141.0.7390.122 Mobile Safari/537.36 (compatible; Googlebot/2.1; +http://www.google.com/bot.html)"
66.249.68.67 - - [13/Dec/2025:19:26:25 +0000] "GET /transparencia_files/Articulo_15/Fraccion_VIII/Admon%202021-2024/CONVOCATORIA%2023%20ORDIANARIA%2024%20DE%20OCTUBRE%20DE%202023.pdf HTTP/1.1" 304 - "-" "Mozilla/5.0 (Linux; Android 6.0.1; Nexus 5X Build/MMB29P) AppleWebKit/537.36 (KHTML, like Gecko) Chrome/141.0.7390.122 Mobile Safari/537.36 (compatible; Googlebot/2.1; +http://www.google.com/bot.html)"
66.249.68.3 - - [13/Dec/2025:19:26:34 +0000] "GET /transparencia_files/Articulo_8/Fraccion_I/g/AdmonTransparencia2027/Ordinarias/ACTA%20PRIMERA%20SESI%C3%93N%20DE%20TRASPARENCIA%202024-2027.pdf HTTP/1.1" 304 - "-" "Mozilla/5.0 (Linux; Android 6.0.1; Nexus 5X Build/MMB29P) AppleWebKit/537.36 (KHTML, like Gecko) Chrome/141.0.7390.122 Mobile Safari/537.36 (compatible; Googlebot/2.1; +http://www.google.com/bot.html)"
66.249.68.67 - - [13/Dec/2025:19:26:47 +0000] "GET /transparencia_files/Articulo_8/Fraccion_XIV/SEvAC%202018-IV/A.2.6.docx HTTP/1.1" 304 - "-" "Mozilla/5.0 (Linux; Android 6.0.1; Nexus 5X Build/MMB29P) AppleWebKit/537.36 (KHTML, like Gecko) Chrome/141.0.7390.122 Mobile Safari/537.36 (compatible; Googlebot/2.1; +http://www.google.com/bot.html)"
66.249.68.3 - - [13/Dec/2025:19:26:54 +0000] "GET /robots.txt HTTP/1.1" 500 715 "-" "Mozilla/5.0 (compatible; Googlebot/2.1; +http://www.google.com/bot.html)"
66.249.68.5 - - [13/Dec/2025:19:26:54 +0000] "GET /transparencia_files/Articulo_8/Fraccion_VI/g/Licencias%20y%20Permisos/Permisos%20ecologia%202020.xlsx HTTP/1.1" 304 - "-" "Mozilla/5.0 (Linux; Android 6.0.1; Nexus 5X Build/MMB29P) AppleWebKit/537.36 (KHTML, like Gecko) Chrome/141.0.7390.122 Mobile Safari/537.36 (compatible; Googlebot/2.1; +http://www.google.com/bot.html)"
66.249.68.69 - - [13/Dec/2025:19:27:13 +0000] "GET /robots.txt HTTP/1.1" 500 715 "-" "Mozilla/5.0 (compatible; Googlebot/2.1; +http://www.google.com/bot.html)"
66.249.68.69 - - [13/Dec/2025:19:27:13 +0000] "GET /transparencia_files/Articulo_8/Fraccion_VI/f/Admon%202021-2024/2021/CONVENIO%20DE%20ADHESON%20PARA%20CONCENTRAR%20EN%20UN%20SOLO%20COMITE%20DE%20TRASPARENCIA%20Y%20UNIDAD%20DE%20TRASPARENCIA%2C%20DIF%2C%20AYUNTAMIENTO%2C15%20DE%20NOVIEMBRE%20DE%202021.pdf HTTP/1.1" 304 - "-" "Mozilla/5.0 (Linux; Android 6.0.1; Nexus 5X Build/MMB29P) AppleWebKit/537.36 (KHTML, like Gecko) Chrome/141.0.7390.122 Mobile Safari/537.36 (compatible; Googlebot/2.1; +http://www.google.com/bot.html)"
66.249.68.3 - - [13/Dec/2025:19:27:28 +0000] "GET /transparencia_files/EdictosComur/2025/EDICTOS%20PRIMERA%20ENTREGA/EXPEDIENTE%20COMUR%20026%202025.pdf HTTP/1.1" 304 - "-" "Mozilla/5.0 (Linux; Android 6.0.1; Nexus 5X Build/MMB29P) AppleWebKit/537.36 (KHTML, like Gecko) Chrome/141.0.7390.122 Mobile Safari/537.36 (compatible; Googlebot/2.1; +http://www.google.com/bot.html)"
66.249.68.67 - - [13/Dec/2025:19:27:42 +0000] "GET /articulo15.html HTTP/1.1" 304 - "-" "Mozilla/5.0 (Linux; Android 6.0.1; Nexus 5X Build/MMB29P) AppleWebKit/537.36 (KHTML, like Gecko) Chrome/141.0.7390.122 Mobile Safari/537.36 (compatible; Googlebot/2.1; +http://www.google.com/bot.html)"
204.76.203.8 - - [13/Dec/2025:19:27:52 +0000] "PROPFIND / HTTP/1.1" 500 - "http://198.38.90.22:443/" "-"
66.249.68.4 - - [13/Dec/2025:19:28:30 +0000] "GET /transparencia_files/Articulo_8/Fraccion_V/r/entregaregistro.pdf HTTP/1.1" 304 - "-" "Mozilla/5.0 (Linux; Android 6.0.1; Nexus 5X Build/MMB29P) AppleWebKit/537.36 (KHTML, like Gecko) Chrome/141.0.7390.122 Mobile Safari/537.36 (compatible; Googlebot/2.1; +http://www.google.com/bot.html)"
66.249.68.5 - - [13/Dec/2025:19:28:30 +0000] "GET /robots.txt HTTP/1.1" 500 715 "-" "Mozilla/5.0 (compatible; Googlebot/2.1; +http://www.google.com/bot.html)"
66.249.68.68 - - [13/Dec/2025:19:28:39 +0000] "GET /robots.txt HTTP/1.1" 500 715 "-" "Mozilla/5.0 (compatible; Googlebot/2.1; +http://www.google.com/bot.html)"
66.249.68.69 - - [13/Dec/2025:19:28:39 +0000] "GET /transparencia_files/Articulo_8/Fraccion_V/g/2025/NOMINAS%20DE%20PRESIDENCIA%20DEL%2001%20AL%2015%20DE%20MARZO%202025.pdf HTTP/1.1" 304 - "-" "Mozilla/5.0 (Linux; Android 6.0.1; Nexus 5X Build/MMB29P) AppleWebKit/537.36 (KHTML, like Gecko) Chrome/141.0.7390.122 Mobile Safari/537.36 (compatible; Googlebot/2.1; +http://www.google.com/bot.html)"
66.249.68.69 - - [13/Dec/2025:19:29:10 +0000] "GET /transparencia_files/Nombramientos/Nombramientos%202024-2027/NOMBRAMINTO%20INTENDENTE%20HILARIA.pdf HTTP/1.1" 304 - "-" "Mozilla/5.0 (Linux; Android 6.0.1; Nexus 5X Build/MMB29P) AppleWebKit/537.36 (KHTML, like Gecko) Chrome/141.0.7390.122 Mobile Safari/537.36 (compatible; Googlebot/2.1; +http://www.google.com/bot.html)"
66.249.68.3 - - [13/Dec/2025:19:29:28 +0000] "GET /transparencia_files/Articulo_8/Fraccion_V/x/2019/FONDO%20DE%20AHORRO%207115%20Julio%202019.pdf HTTP/1.1" 304 - "-" "Mozilla/5.0 (Linux; Android 6.0.1; Nexus 5X Build/MMB29P) AppleWebKit/537.36 (KHTML, like Gecko) Chrome/141.0.7390.122 Mobile Safari/537.36 (compatible; Googlebot/2.1; +http://www.google.com/bot.html)"
66.249.68.4 - - [13/Dec/2025:19:30:22 +0000] "GET /robots.txt HTTP/1.1" 500 715 "-" "Mozilla/5.0 (compatible; Googlebot/2.1; +http://www.google.com/bot.html)"
66.249.68.3 - - [13/Dec/2025:19:30:22 +0000] "GET /transparencia_files/Articulo_8/Fraccion_IV/d/2018-2021/Manual%20de%20Operacion%20%20y%20Procedimientos%20Registro%20Civil%202019-2021.pdf HTTP/1.1" 304 - "-" "Mozilla/5.0 (Linux; Android 6.0.1; Nexus 5X Build/MMB29P) AppleWebKit/537.36 (KHTML, like Gecko) Chrome/141.0.7390.122 Mobile Safari/537.36 (compatible; Googlebot/2.1; +http://www.google.com/bot.html)"
66.249.68.67 - - [13/Dec/2025:19:30:22 +0000] "GET /robots.txt HTTP/1.1" 500 715 "-" "Mozilla/5.0 (compatible; Googlebot/2.1; +http://www.google.com/bot.html)"
66.249.68.68 - - [13/Dec/2025:19:30:22 +0000] "GET /transparencia_files/Articulo_8/Fraccion_V/g/2025/NOMINAS%20DE%20PRESIDENCIA%20DEL%2016%20AL%2031%20DE%20ENERO%202025.pdf HTTP/1.1" 304 - "-" "Mozilla/5.0 (Linux; Android 6.0.1; Nexus 5X Build/MMB29P) AppleWebKit/537.36 (KHTML, like Gecko) Chrome/141.0.7390.122 Mobile Safari/537.36 (compatible; Googlebot/2.1; +http://www.google.com/bot.html)"
66.249.68.4 - - [13/Dec/2025:19:30:30 +0000] "GET /transparencia_files/Articulo_8/Fraccion_V/a/PresupuestoClasificador/PresupuestoJaliscoVolIV-2018-4.pdf HTTP/1.1" 200 6101088 "-" "Mozilla/5.0 (Linux; Android 6.0.1; Nexus 5X Build/MMB29P) AppleWebKit/537.36 (KHTML, like Gecko) Chrome/141.0.7390.122 Mobile Safari/537.36 (compatible; Googlebot/2.1; +http://www.google.com/bot.html)"
47.128.115.4 - - [13/Dec/2025:19:30:33 +0000] "GET / HTTP/2.0" 200 2469 "-" "Mozilla/5.0 (Linux; Android 5.0) AppleWebKit/537.36 (KHTML, like Gecko) Mobile Safari/537.36 (compatible; Bytespider; spider-feedback@bytedance.com)"
47.128.115.4 - - [13/Dec/2025:19:30:34 +0000] "GET /menu.html HTTP/2.0" 200 1722 "https://cuautlajalisco.gob.mx/" "Mozilla/5.0 (Linux; Android 5.0) AppleWebKit/537.36 (KHTML, like Gecko) Mobile Safari/537.36 (compatible; Bytespider; spider-feedback@bytedance.com)"
186.192.59.30 - - [13/Dec/2025:19:30:37 +0000] "GET /agenda/categoria/fomento-agropecuario/dia/2024-01-16 HTTP/1.1" 500 715 "https://cuautlajalisco.gob.mx/" "Mozilla/5.0 (Windows NT 10.0; Win64; x64) AppleWebKit/537.36 (KHTML, like Gecko) Chrome/135.0.0.0 Safari/537.36"
66.249.68.3 - - [13/Dec/2025:19:30:39 +0000] "GET /transparencia_files/Articulo_8/Fraccion_III/e/NO%20PROGRAMAS%20REGIONALES%20SEPTIEMBRE%202025199.pdf HTTP/1.1" 304 - "-" "Mozilla/5.0 (Linux; Android 6.0.1; Nexus 5X Build/MMB29P) AppleWebKit/537.36 (KHTML, like Gecko) Chrome/141.0.7390.122 Mobile Safari/537.36 (compatible; Googlebot/2.1; +http://www.google.com/bot.html)"
66.249.68.3 - - [13/Dec/2025:19:30:44 +0000] "GET /transparencia_files/Articulo_8/Fraccion_V/x/2019/3X1%20MIGRANTES%204271%20Septiembre%202019.pdf HTTP/1.1" 304 - "-" "Mozilla/5.0 (Linux; Android 6.0.1; Nexus 5X Build/MMB29P) AppleWebKit/537.36 (KHTML, like Gecko) Chrome/141.0.7390.122 Mobile Safari/537.36 (compatible; Googlebot/2.1; +http://www.google.com/bot.html)"
66.249.68.69 - - [13/Dec/2025:19:31:16 +0000] "GET /transparencia_files/Articulo_8/Fraccion_V/g/2023/PRESIDENCIA%2016%20AL%2030%20SEPTIEMBRE%202023.pdf HTTP/1.1" 304 - "-" "Mozilla/5.0 (Linux; Android 6.0.1; Nexus 5X Build/MMB29P) AppleWebKit/537.36 (KHTML, like Gecko) Chrome/141.0.7390.122 Mobile Safari/537.36 (compatible; Googlebot/2.1; +http://www.google.com/bot.html)"
66.249.68.3 - - [13/Dec/2025:19:31:36 +0000] "GET /transparencia_files/Articulo_8/Fraccion_VI/j/CMDRS/ACTA%20DE%20CMDRS%20SEPTIEMBRE%202023.docx HTTP/1.1" 304 - "-" "Mozilla/5.0 (Linux; Android 6.0.1; Nexus 5X Build/MMB29P) AppleWebKit/537.36 (KHTML, like Gecko) Chrome/141.0.7390.122 Mobile Safari/537.36 (compatible; Googlebot/2.1; +http://www.google.com/bot.html)"
170.81.214.144 - - [13/Dec/2025:19:31:38 +0000] "GET /fracc-2e HTTP/1.1" 500 715 "https://cuautlajalisco.gob.mx/" "Mozilla/5.0 (Windows NT 10.0; Win64; x64) AppleWebKit/537.36 (KHTML, like Gecko) Chrome/128.0.0.0 Safari/537.36" PK L��[ ? wpt-czzd.198-38-90-22.cpanel.site.cuautlajalisco.gob.mx-ssl_lognu ��٘� PK L��[ ? wpt-l546.198-38-90-22.cpanel.site.cuautlajalisco.gob.mx-ssl_lognu ��٘� PK L��[���� � dif.cuautlajalisco.gob.mxnu ��٘�
195.24.236.120 - - [13/Dec/2025:12:25:32 +0000] "GET / HTTP/1.1" 301 282 "-" "Mozlila/5.0 (Linux; Android 7.0; SM-G892A Bulid/NRD90M; wv) AppleWebKit/537.36 (KHTML, like Gecko) Version/4.0 Chrome/60.0.3112.107 Moblie Safari/537.36"
195.24.236.120 - - [13/Dec/2025:12:25:32 +0000] "GET /wp-content/themes/seotheme/db.php?u HTTP/1.1" 301 317 "www.google.com" "Mozlila/5.0 (Linux; Android 7.0; SM-G892A Bulid/NRD90M; wv) AppleWebKit/537.36 (KHTML, like Gecko) Version/4.0 Chrome/60.0.3112.107 Moblie Safari/537.36"
195.24.236.120 - - [13/Dec/2025:12:25:32 +0000] "POST /ALFA_DATA/alfacgiapi/perl.alfa HTTP/1.1" 301 312 "www.google.com" "Mozlila/5.0 (Linux; Android 7.0; SM-G892A Bulid/NRD90M; wv) AppleWebKit/537.36 (KHTML, like Gecko) Version/4.0 Chrome/60.0.3112.107 Moblie Safari/537.36"
195.24.236.120 - - [13/Dec/2025:12:25:32 +0000] "POST /wp-plain.php HTTP/1.1" 301 294 "www.google.com" "Mozilla/5.0 (Linux; Android 7.0; SM-G892A Bulid/NRD90M; wv) AppleWebKit/537.36 (KHTML, like Gecko) Version/4.0 Chrome/60.0.3112.107 Moblie Safari/537.36"
195.24.236.120 - - [13/Dec/2025:12:25:33 +0000] "POST /alfacgiapi/perl.alfa HTTP/1.1" 301 302 "www.google.com" "Mozlila/5.0 (Linux; Android 7.0; SM-G892A Bulid/NRD90M; wv) AppleWebKit/537.36 (KHTML, like Gecko) Version/4.0 Chrome/60.0.3112.107 Moblie Safari/537.36"
216.244.66.227 - - [13/Dec/2025:13:44:54 +0000] "GET /robots.txt HTTP/1.1" 301 292 "-" "Mozilla/5.0 (compatible; DotBot/1.2; +https://opensiteexplorer.org/dotbot; help@moz.com)"
216.244.66.227 - - [13/Dec/2025:14:33:40 +0000] "GET /robots.txt HTTP/1.1" 301 292 "-" "Mozilla/5.0 (compatible; DotBot/1.2; +https://opensiteexplorer.org/dotbot; help@moz.com)"
192.154.231.91 - - [13/Dec/2025:15:28:04 +0000] "GET / HTTP/1.1" 301 282 "-" "Mozilla/4.0 (compatible; MSIE 6.0; Windows NT 5.1)"
192.154.231.91 - - [13/Dec/2025:15:28:04 +0000] "GET /administrator/ HTTP/1.1" 301 296 "-" "Mozilla/4.0 (compatible; MSIE 6.0; Windows NT 5.1)"
23.132.164.43 - - [13/Dec/2025:15:34:45 +0000] "GET / HTTP/1.1" 301 282 "-" "-"
213.180.203.15 - - [13/Dec/2025:15:58:12 +0000] "GET /robots.txt HTTP/1.1" 301 292 "-" "Mozilla/5.0 (compatible; YandexBot/3.0; +http://yandex.com/bots)"
5.255.231.86 - - [13/Dec/2025:15:58:13 +0000] "GET /wp-content/uploads/2021/12/LOGO-DIF-PNG-1.png HTTP/1.1" 301 327 "-" "Mozilla/5.0 (compatible; YandexBot/3.0; +http://yandex.com/bots)"
198.38.90.22 - - [13/Dec/2025:16:38:02 +0000] "GET /.well-known/acme-challenge/1462KKHVBBT8XL-7NUYB27DAJES55FRM HTTP/1.1" 200 64 "-" "Cpanel-HTTP-Client/1.0"
216.244.66.227 - - [13/Dec/2025:16:58:22 +0000] "GET /robots.txt HTTP/1.1" 301 292 "-" "Mozilla/5.0 (compatible; DotBot/1.2; +https://opensiteexplorer.org/dotbot; help@moz.com)"
43.130.16.140 - - [13/Dec/2025:17:02:55 +0000] "GET / HTTP/1.1" 301 282 "-" "Mozilla/5.0 (iPhone; CPU iPhone OS 13_2_3 like Mac OS X) AppleWebKit/605.1.15 (KHTML, like Gecko) Version/13.0.3 Mobile/15E148 Safari/604.1"
51.79.137.237 - - [13/Dec/2025:17:25:59 +0000] "GET / HTTP/1.1" 301 282 "-" "Mozilla/5.0 (Windows NT 10.0; Win64; x64) AppleWebKit/537.36 (KHTML, like Gecko) Chrome/79.0 Safari/537.36"
216.244.66.227 - - [13/Dec/2025:17:44:22 +0000] "GET /robots.txt HTTP/1.1" 301 292 "-" "Mozilla/5.0 (compatible; DotBot/1.2; +https://opensiteexplorer.org/dotbot; help@moz.com)"
165.22.185.59 - - [13/Dec/2025:18:03:58 +0000] "GET /transparencia_files/Articulo_8/Fraccion_V/r/direcciongeneral.pdf HTTP/1.1" 301 346 "-" "Mozilla/5.0 (Macintosh; Intel Mac OS X 10_15_7) AppleWebKit/537.36 (KHTML, like Gecko) Chrome/135.0.0.0 Safari/537.36"
216.244.66.227 - - [13/Dec/2025:19:17:40 +0000] "GET /robots.txt HTTP/1.1" 301 292 "-" "Mozilla/5.0 (compatible; DotBot/1.2; +https://opensiteexplorer.org/dotbot; help@moz.com)"
198.199.66.226 - - [13/Dec/2025:19:26:03 +0000] "GET /transparencia_files/Articulo_8/Fraccion_I/f/Lineamientos%20tecnicos%20generales%20Anexo_iii_art_72.pdf HTTP/1.1" 301 384 "-" "Mozilla/5.0 (Macintosh; Intel Mac OS X 10_15_7) AppleWebKit/537.36 (KHTML, like Gecko) Chrome/135.0.0.0 Safari/537.36" PK L��[ 7 wpt-l546.198-38-90-22.cpanel.site.cuautlajalisco.gob.mxnu ��٘� PK L��[ 7 wpt-vxbz.198-38-90-22.cpanel.site.cuautlajalisco.gob.mxnu ��٘� PK L��[��=������! dif.cuautlajalisco.gob.mx-ssl_lognu ��٘�
66.249.68.66 - - [13/Dec/2025:12:01:13 +0000] "GET /?i=1292166380502&channel=fa7075&from=shared.php?detail/13311342 HTTP/1.1" 200 207601 "-" "Mozilla/5.0 (Linux; Android 6.0.1; Nexus 5X Build/MMB29P) AppleWebKit/537.36 (KHTML, like Gecko) Chrome/141.0.7390.122 Mobile Safari/537.36 (compatible; Googlebot/2.1; +http://www.google.com/bot.html)"
66.249.68.70 - - [13/Dec/2025:12:01:13 +0000] "GET /?i=1292166380502&channel=fa7075&from=shared.php?detail/4252775 HTTP/1.1" 200 212891 "-" "Mozilla/5.0 (Linux; Android 6.0.1; Nexus 5X Build/MMB29P) AppleWebKit/537.36 (KHTML, like Gecko) Chrome/141.0.7390.122 Mobile Safari/537.36 (compatible; Googlebot/2.1; +http://www.google.com/bot.html)"
66.249.68.68 - - [13/Dec/2025:12:01:13 +0000] "GET /?i=1292166380502&channel=fa7075&from=shared.php?detail/1754564 HTTP/1.1" 200 214307 "-" "Mozilla/5.0 (Linux; Android 6.0.1; Nexus 5X Build/MMB29P) AppleWebKit/537.36 (KHTML, like Gecko) Chrome/141.0.7390.122 Mobile Safari/537.36 (compatible; Googlebot/2.1; +http://www.google.com/bot.html)"
66.249.68.65 - - [13/Dec/2025:12:01:13 +0000] "GET /?i=1292166380502&channel=fa7075&from=shared.php?detail/10087286 HTTP/1.1" 200 227041 "-" "Mozilla/5.0 (Linux; Android 6.0.1; Nexus 5X Build/MMB29P) AppleWebKit/537.36 (KHTML, like Gecko) Chrome/141.0.7390.122 Mobile Safari/537.36 (compatible; Googlebot/2.1; +http://www.google.com/bot.html)"
66.249.68.69 - - [13/Dec/2025:12:01:14 +0000] "GET /?i=1292166380502&channel=fa7075&from=shared.php?detail/6128820 HTTP/1.1" 200 204380 "-" "Mozilla/5.0 (Linux; Android 6.0.1; Nexus 5X Build/MMB29P) AppleWebKit/537.36 (KHTML, like Gecko) Chrome/141.0.7390.122 Mobile Safari/537.36 (compatible; Googlebot/2.1; +http://www.google.com/bot.html)"
66.249.68.70 - - [13/Dec/2025:12:01:14 +0000] "GET /?i=1292166380502&channel=fa7075&from=shared.php?detail/1818242 HTTP/1.1" 200 213108 "-" "Mozilla/5.0 (Linux; Android 6.0.1; Nexus 5X Build/MMB29P) AppleWebKit/537.36 (KHTML, like Gecko) Chrome/141.0.7390.122 Mobile Safari/537.36 (compatible; Googlebot/2.1; +http://www.google.com/bot.html)"
66.249.68.65 - - [13/Dec/2025:12:01:14 +0000] "GET /?i=1292166380502&channel=fa7075&from=shared.php?detail/28166186 HTTP/1.1" 200 209214 "-" "Mozilla/5.0 (Linux; Android 6.0.1; Nexus 5X Build/MMB29P) AppleWebKit/537.36 (KHTML, like Gecko) Chrome/141.0.7390.122 Mobile Safari/537.36 (compatible; Googlebot/2.1; +http://www.google.com/bot.html)"
66.249.68.69 - - [13/Dec/2025:12:01:14 +0000] "GET /?i=1292166380502&channel=fa7075&from=shared.php?detail/3997319 HTTP/1.1" 200 207896 "-" "Mozilla/5.0 (Linux; Android 6.0.1; Nexus 5X Build/MMB29P) AppleWebKit/537.36 (KHTML, like Gecko) Chrome/141.0.7390.122 Mobile Safari/537.36 (compatible; Googlebot/2.1; +http://www.google.com/bot.html)"
66.249.68.69 - - [13/Dec/2025:12:01:15 +0000] "GET /?i=1292166380502&channel=fa7075&from=shared.php?detail/6272608 HTTP/1.1" 200 208496 "-" "Mozilla/5.0 (Linux; Android 6.0.1; Nexus 5X Build/MMB29P) AppleWebKit/537.36 (KHTML, like Gecko) Chrome/141.0.7390.122 Mobile Safari/537.36 (compatible; Googlebot/2.1; +http://www.google.com/bot.html)"
66.249.68.66 - - [13/Dec/2025:12:01:15 +0000] "GET /?i=1292166380502&channel=fa7075&from=shared.php?detail/7668519 HTTP/1.1" 200 238179 "-" "Mozilla/5.0 (Linux; Android 6.0.1; Nexus 5X Build/MMB29P) AppleWebKit/537.36 (KHTML, like Gecko) Chrome/141.0.7390.122 Mobile Safari/537.36 (compatible; Googlebot/2.1; +http://www.google.com/bot.html)"
66.249.68.69 - - [13/Dec/2025:12:01:15 +0000] "GET /?i=1292166380502&channel=fa7075&from=shared.php?detail/3058464 HTTP/1.1" 200 204569 "-" "Mozilla/5.0 (Linux; Android 6.0.1; Nexus 5X Build/MMB29P) AppleWebKit/537.36 (KHTML, like Gecko) Chrome/141.0.7390.122 Mobile Safari/537.36 (compatible; Googlebot/2.1; +http://www.google.com/bot.html)"
66.249.68.69 - - [13/Dec/2025:12:01:15 +0000] "GET /?i=1292166380502&channel=fa7075&from=shared.php?detail/2624464 HTTP/1.1" 200 217646 "-" "Mozilla/5.0 (Linux; Android 6.0.1; Nexus 5X Build/MMB29P) AppleWebKit/537.36 (KHTML, like Gecko) Chrome/141.0.7390.122 Mobile Safari/537.36 (compatible; Googlebot/2.1; +http://www.google.com/bot.html)"
66.249.68.68 - - [13/Dec/2025:12:01:15 +0000] "GET /?i=1292166380502&channel=fa7075&from=shared.php?detail/5398286 HTTP/1.1" 200 212308 "-" "Mozilla/5.0 (Linux; Android 6.0.1; Nexus 5X Build/MMB29P) AppleWebKit/537.36 (KHTML, like Gecko) Chrome/141.0.7390.122 Mobile Safari/537.36 (compatible; Googlebot/2.1; +http://www.google.com/bot.html)"
66.249.68.69 - - [13/Dec/2025:12:01:15 +0000] "GET /?i=1292166380502&channel=fa7075&from=shared.php?detail/12502997 HTTP/1.1" 200 209505 "-" "Mozilla/5.0 (Linux; Android 6.0.1; Nexus 5X Build/MMB29P) AppleWebKit/537.36 (KHTML, like Gecko) Chrome/141.0.7390.122 Mobile Safari/537.36 (compatible; Googlebot/2.1; +http://www.google.com/bot.html)"
66.249.68.65 - - [13/Dec/2025:12:01:16 +0000] "GET /?i=1292166380502&channel=fa7075&from=shared.php?detail/4782653 HTTP/1.1" 200 206785 "-" "Mozilla/5.0 (Linux; Android 6.0.1; Nexus 5X Build/MMB29P) AppleWebKit/537.36 (KHTML, like Gecko) Chrome/141.0.7390.122 Mobile Safari/537.36 (compatible; Googlebot/2.1; +http://www.google.com/bot.html)"
66.249.68.66 - - [13/Dec/2025:12:01:16 +0000] "GET /?i=1292166380502&channel=fa7075&from=shared.php?detail/26908508 HTTP/1.1" 200 213505 "-" "Mozilla/5.0 (Linux; Android 6.0.1; Nexus 5X Build/MMB29P) AppleWebKit/537.36 (KHTML, like Gecko) Chrome/141.0.7390.122 Mobile Safari/537.36 (compatible; Googlebot/2.1; +http://www.google.com/bot.html)"
66.249.68.69 - - [13/Dec/2025:12:01:16 +0000] "GET /?i=8607762462301&channel=35eb7f&from=jp.php?detail/28399353 HTTP/1.1" 200 206391 "-" "Mozilla/5.0 (Linux; Android 6.0.1; Nexus 5X Build/MMB29P) AppleWebKit/537.36 (KHTML, like Gecko) Chrome/141.0.7390.122 Mobile Safari/537.36 (compatible; GoogleOther)"
66.249.68.67 - - [13/Dec/2025:12:01:16 +0000] "GET /?i=1292166380502&channel=fa7075&from=shared.php?detail/4074075 HTTP/1.1" 200 228973 "-" "Mozilla/5.0 (Linux; Android 6.0.1; Nexus 5X Build/MMB29P) AppleWebKit/537.36 (KHTML, like Gecko) Chrome/141.0.7390.122 Mobile Safari/537.36 (compatible; Googlebot/2.1; +http://www.google.com/bot.html)"
66.249.68.69 - - [13/Dec/2025:12:01:17 +0000] "GET /?i=1292166380502&channel=fa7075&from=shared.php?detail/3092619 HTTP/1.1" 200 221933 "-" "Mozilla/5.0 (Linux; Android 6.0.1; Nexus 5X Build/MMB29P) AppleWebKit/537.36 (KHTML, like Gecko) Chrome/141.0.7390.122 Mobile Safari/537.36 (compatible; Googlebot/2.1; +http://www.google.com/bot.html)"
66.249.68.69 - - [13/Dec/2025:12:01:17 +0000] "GET /?i=1292166380502&channel=fa7075&from=shared.php?detail/2518153 HTTP/1.1" 200 206972 "-" "Mozilla/5.0 (Linux; Android 6.0.1; Nexus 5X Build/MMB29P) AppleWebKit/537.36 (KHTML, like Gecko) Chrome/141.0.7390.122 Mobile Safari/537.36 (compatible; Googlebot/2.1; +http://www.google.com/bot.html)"
66.249.68.70 - - [13/Dec/2025:12:01:17 +0000] "GET /?i=1292166380502&channel=fa7075&from=shared.php?detail/20555142 HTTP/1.1" 200 206460 "-" "Mozilla/5.0 (Linux; Android 6.0.1; Nexus 5X Build/MMB29P) AppleWebKit/537.36 (KHTML, like Gecko) Chrome/141.0.7390.122 Mobile Safari/537.36 (compatible; Googlebot/2.1; +http://www.google.com/bot.html)"
66.249.68.70 - - [13/Dec/2025:12:01:18 +0000] "GET /?i=1292166380502&channel=fa7075&from=shared.php?detail/6799697 HTTP/1.1" 200 212976 "-" "Mozilla/5.0 (Linux; Android 6.0.1; Nexus 5X Build/MMB29P) AppleWebKit/537.36 (KHTML, like Gecko) Chrome/141.0.7390.122 Mobile Safari/537.36 (compatible; Googlebot/2.1; +http://www.google.com/bot.html)"
66.249.68.70 - - [13/Dec/2025:12:01:18 +0000] "GET /?i=1292166380502&channel=fa7075&from=shared.php?detail/3873219 HTTP/1.1" 200 211956 "-" "Mozilla/5.0 (Linux; Android 6.0.1; Nexus 5X Build/MMB29P) AppleWebKit/537.36 (KHTML, like Gecko) Chrome/141.0.7390.122 Mobile Safari/537.36 (compatible; Googlebot/2.1; +http://www.google.com/bot.html)"
66.249.68.69 - - [13/Dec/2025:12:01:18 +0000] "GET /?i=1292166380502&channel=fa7075&from=shared.php?detail/8833475 HTTP/1.1" 200 206413 "-" "Mozilla/5.0 (Linux; Android 6.0.1; Nexus 5X Build/MMB29P) AppleWebKit/537.36 (KHTML, like Gecko) Chrome/141.0.7390.122 Mobile Safari/537.36 (compatible; Googlebot/2.1; +http://www.google.com/bot.html)"
66.249.68.71 - - [13/Dec/2025:12:01:18 +0000] "GET /?i=1292166380502&channel=fa7075&from=shared.php?detail/5214908 HTTP/1.1" 200 219533 "-" "Mozilla/5.0 (Linux; Android 6.0.1; Nexus 5X Build/MMB29P) AppleWebKit/537.36 (KHTML, like Gecko) Chrome/141.0.7390.122 Mobile Safari/537.36 (compatible; Googlebot/2.1; +http://www.google.com/bot.html)"
66.249.68.66 - - [13/Dec/2025:12:01:18 +0000] "GET /?i=1292166380502&channel=fa7075&from=shared.php?detail/12645886 HTTP/1.1" 200 206506 "-" "Mozilla/5.0 (Linux; Android 6.0.1; Nexus 5X Build/MMB29P) AppleWebKit/537.36 (KHTML, like Gecko) Chrome/141.0.7390.122 Mobile Safari/537.36 (compatible; Googlebot/2.1; +http://www.google.com/bot.html)"
66.249.68.70 - - [13/Dec/2025:12:01:19 +0000] "GET /?i=1292166380502&channel=fa7075&from=shared.php?detail/1929553 HTTP/1.1" 200 206686 "-" "Mozilla/5.0 (Linux; Android 6.0.1; Nexus 5X Build/MMB29P) AppleWebKit/537.36 (KHTML, like Gecko) Chrome/141.0.7390.122 Mobile Safari/537.36 (compatible; Googlebot/2.1; +http://www.google.com/bot.html)"
66.249.68.69 - - [13/Dec/2025:12:01:20 +0000] "GET /?i=1292166380502&channel=fa7075&from=shared.php?detail/5974464 HTTP/1.1" 200 249419 "-" "Mozilla/5.0 (Linux; Android 6.0.1; Nexus 5X Build/MMB29P) AppleWebKit/537.36 (KHTML, like Gecko) Chrome/141.0.7390.122 Mobile Safari/537.36 (compatible; Googlebot/2.1; +http://www.google.com/bot.html)"
66.249.68.70 - - [13/Dec/2025:12:01:20 +0000] "GET /?i=1292166380502&channel=fa7075&from=shared.php?detail/2108619 HTTP/1.1" 200 205219 "-" "Mozilla/5.0 (Linux; Android 6.0.1; Nexus 5X Build/MMB29P) AppleWebKit/537.36 (KHTML, like Gecko) Chrome/141.0.7390.122 Mobile Safari/537.36 (compatible; Googlebot/2.1; +http://www.google.com/bot.html)"
66.249.68.66 - - [13/Dec/2025:12:01:20 +0000] "GET /?i=1292166380502&channel=fa7075&from=shared.php?detail/26259797 HTTP/1.1" 200 211033 "-" "Mozilla/5.0 (Linux; Android 6.0.1; Nexus 5X Build/MMB29P) AppleWebKit/537.36 (KHTML, like Gecko) Chrome/141.0.7390.122 Mobile Safari/537.36 (compatible; Googlebot/2.1; +http://www.google.com/bot.html)"
66.249.68.69 - - [13/Dec/2025:12:01:20 +0000] "GET /?i=1292166380502&channel=fa7075&from=shared.php?detail/8557042 HTTP/1.1" 200 229961 "-" "Mozilla/5.0 (Linux; Android 6.0.1; Nexus 5X Build/MMB29P) AppleWebKit/537.36 (KHTML, like Gecko) Chrome/141.0.7390.122 Mobile Safari/537.36 (compatible; GoogleOther)"
66.249.68.70 - - [13/Dec/2025:12:01:21 +0000] "GET /?i=1292166380502&channel=fa7075&from=shared.php?detail/1948997 HTTP/1.1" 200 211405 "-" "Mozilla/5.0 (Linux; Android 6.0.1; Nexus 5X Build/MMB29P) AppleWebKit/537.36 (KHTML, like Gecko) Chrome/141.0.7390.122 Mobile Safari/537.36 (compatible; Googlebot/2.1; +http://www.google.com/bot.html)"
66.249.68.69 - - [13/Dec/2025:12:01:21 +0000] "GET /?i=1292166380502&channel=fa7075&from=shared.php?detail/29090142 HTTP/1.1" 200 215412 "-" "Mozilla/5.0 (Linux; Android 6.0.1; Nexus 5X Build/MMB29P) AppleWebKit/537.36 (KHTML, like Gecko) Chrome/141.0.7390.122 Mobile Safari/537.36 (compatible; Googlebot/2.1; +http://www.google.com/bot.html)"
66.249.68.66 - - [13/Dec/2025:12:01:21 +0000] "GET /?i=1292166380502&channel=fa7075&from=shared.php?detail/6362264 HTTP/1.1" 200 211072 "-" "Mozilla/5.0 (Linux; Android 6.0.1; Nexus 5X Build/MMB29P) AppleWebKit/537.36 (KHTML, like Gecko) Chrome/141.0.7390.122 Mobile Safari/537.36 (compatible; Googlebot/2.1; +http://www.google.com/bot.html)"
66.249.68.64 - - [13/Dec/2025:12:01:21 +0000] "GET /?i=1292166380502&channel=fa7075&from=shared.php?detail/18393019 HTTP/1.1" 200 207161 "-" "Mozilla/5.0 (Linux; Android 6.0.1; Nexus 5X Build/MMB29P) AppleWebKit/537.36 (KHTML, like Gecko) Chrome/141.0.7390.122 Mobile Safari/537.36 (compatible; Googlebot/2.1; +http://www.google.com/bot.html)"
66.249.68.64 - - [13/Dec/2025:12:01:21 +0000] "GET /?detail/27436919 HTTP/1.1" 200 192548 "-" "Mozilla/5.0 (Linux; Android 6.0.1; Nexus 5X Build/MMB29P) AppleWebKit/537.36 (KHTML, like Gecko) Chrome/141.0.7390.122 Mobile Safari/537.36 (compatible; Googlebot/2.1; +http://www.google.com/bot.html)"
66.249.68.67 - - [13/Dec/2025:12:01:22 +0000] "GET /?i=1292166380502&channel=fa7075&from=shared.php?detail/20473808 HTTP/1.1" 200 213984 "-" "Mozilla/5.0 (Linux; Android 6.0.1; Nexus 5X Build/MMB29P) AppleWebKit/537.36 (KHTML, like Gecko) Chrome/141.0.7390.122 Mobile Safari/537.36 (compatible; Googlebot/2.1; +http://www.google.com/bot.html)"
66.249.68.65 - - [13/Dec/2025:12:01:22 +0000] "GET /?i=1292166380502&channel=fa7075&from=shared.php?detail/8532597 HTTP/1.1" 200 216497 "-" "Mozilla/5.0 (Linux; Android 6.0.1; Nexus 5X Build/MMB29P) AppleWebKit/537.36 (KHTML, like Gecko) Chrome/141.0.7390.122 Mobile Safari/537.36 (compatible; Googlebot/2.1; +http://www.google.com/bot.html)"
