66.249.68.70 - - [13/Dec/2025:12:16:25 +0000] "GET /?i=1292166380502&channel=fa7075&from=shared.php?detail/14928920 HTTP/1.1" 200 208009 "-" "Mozilla/5.0 (Linux; Android 6.0.1; Nexus 5X Build/MMB29P) AppleWebKit/537.36 (KHTML, like Gecko) Chrome/141.0.7390.122 Mobile Safari/537.36 (compatible; Googlebot/2.1; +http://www.google.com/bot.html)"
66.249.68.69 - - [13/Dec/2025:12:16:25 +0000] "GET /?i=1292166380502&channel=fa7075&from=shared.php?detail/10079864 HTTP/1.1" 200 207948 "-" "Mozilla/5.0 (Linux; Android 6.0.1; Nexus 5X Build/MMB29P) AppleWebKit/537.36 (KHTML, like Gecko) Chrome/141.0.7390.122 Mobile Safari/537.36 (compatible; Googlebot/2.1; +http://www.google.com/bot.html)"
66.249.68.69 - - [13/Dec/2025:12:16:25 +0000] "GET /?i=1292166380502&channel=fa7075&from=shared.php?detail/12228553 HTTP/1.1" 200 207597 "-" "Mozilla/5.0 (Linux; Android 6.0.1; Nexus 5X Build/MMB29P) AppleWebKit/537.36 (KHTML, like Gecko) Chrome/141.0.7390.122 Mobile Safari/537.36 (compatible; Googlebot/2.1; +http://www.google.com/bot.html)"
66.249.68.68 - - [13/Dec/2025:12:16:26 +0000] "GET /?i=1292166380502&channel=fa7075&from=shared.php?detail/13230308 HTTP/1.1" 200 228503 "-" "Mozilla/5.0 (Linux; Android 6.0.1; Nexus 5X Build/MMB29P) AppleWebKit/537.36 (KHTML, like Gecko) Chrome/141.0.7390.122 Mobile Safari/537.36 (compatible; Googlebot/2.1; +http://www.google.com/bot.html)"
66.249.68.71 - - [13/Dec/2025:12:16:26 +0000] "GET /?i=1292166380502&channel=fa7075&from=shared.php?detail/13757053 HTTP/1.1" 200 225828 "-" "Mozilla/5.0 (Linux; Android 6.0.1; Nexus 5X Build/MMB29P) AppleWebKit/537.36 (KHTML, like Gecko) Chrome/141.0.7390.122 Mobile Safari/537.36 (compatible; Googlebot/2.1; +http://www.google.com/bot.html)"
66.249.68.68 - - [13/Dec/2025:12:16:26 +0000] "GET /?i=1292166380502&channel=fa7075&from=shared.php?detail/11857908 HTTP/1.1" 200 225914 "-" "Mozilla/5.0 (Linux; Android 6.0.1; Nexus 5X Build/MMB29P) AppleWebKit/537.36 (KHTML, like Gecko) Chrome/141.0.7390.122 Mobile Safari/537.36 (compatible; Googlebot/2.1; +http://www.google.com/bot.html)"
66.249.68.66 - - [13/Dec/2025:12:16:27 +0000] "GET /?i=1292166380502&channel=fa7075&from=shared.php?detail/9157664 HTTP/1.1" 200 219510 "-" "Mozilla/5.0 (Linux; Android 6.0.1; Nexus 5X Build/MMB29P) AppleWebKit/537.36 (KHTML, like Gecko) Chrome/141.0.7390.122 Mobile Safari/537.36 (compatible; Googlebot/2.1; +http://www.google.com/bot.html)"
66.249.68.71 - - [13/Dec/2025:12:16:28 +0000] "GET /?detail/23278520 HTTP/1.1" 200 189590 "-" "Mozilla/5.0 (Linux; Android 6.0.1; Nexus 5X Build/MMB29P) AppleWebKit/537.36 (KHTML, like Gecko) Chrome/141.0.7390.122 Mobile Safari/537.36 (compatible; Googlebot/2.1; +http://www.google.com/bot.html)"
66.249.68.65 - - [13/Dec/2025:12:16:28 +0000] "GET /?i=1292166380502&channel=fa7075&from=shared.php?detail/20919653 HTTP/1.1" 200 209145 "-" "Mozilla/5.0 (Linux; Android 6.0.1; Nexus 5X Build/MMB29P) AppleWebKit/537.36 (KHTML, like Gecko) Chrome/141.0.7390.122 Mobile Safari/537.36 (compatible; Googlebot/2.1; +http://www.google.com/bot.html)"
66.249.68.65 - - [13/Dec/2025:12:16:28 +0000] "GET /?i=1292166380502&channel=fa7075&from=shared.php?detail/20386308 HTTP/1.1" 200 208841 "-" "Mozilla/5.0 (Linux; Android 6.0.1; Nexus 5X Build/MMB29P) AppleWebKit/537.36 (KHTML, like Gecko) Chrome/141.0.7390.122 Mobile Safari/537.36 (compatible; Googlebot/2.1; +http://www.google.com/bot.html)"
66.249.68.70 - - [13/Dec/2025:12:16:28 +0000] "GET /?i=1292166380502&channel=fa7075&from=shared.php?detail/1706331 HTTP/1.1" 200 212555 "-" "Mozilla/5.0 (Linux; Android 6.0.1; Nexus 5X Build/MMB29P) AppleWebKit/537.36 (KHTML, like Gecko) Chrome/141.0.7390.122 Mobile Safari/537.36 (compatible; Googlebot/2.1; +http://www.google.com/bot.html)"
66.249.68.71 - - [13/Dec/2025:12:16:28 +0000] "GET /?i=1292166380502&channel=fa7075&from=shared.php?detail/10018353 HTTP/1.1" 200 215482 "-" "Mozilla/5.0 (Linux; Android 6.0.1; Nexus 5X Build/MMB29P) AppleWebKit/537.36 (KHTML, like Gecko) Chrome/141.0.7390.122 Mobile Safari/537.36 (compatible; GoogleOther)"
66.249.68.64 - - [13/Dec/2025:12:16:29 +0000] "GET /?i=1292166380502&channel=fa7075&from=shared.php?detail/15666142 HTTP/1.1" 200 212775 "-" "Mozilla/5.0 (Linux; Android 6.0.1; Nexus 5X Build/MMB29P) AppleWebKit/537.36 (KHTML, like Gecko) Chrome/141.0.7390.122 Mobile Safari/537.36 (compatible; Googlebot/2.1; +http://www.google.com/bot.html)"
66.249.68.69 - - [13/Dec/2025:12:16:29 +0000] "GET /?i=1292166380502&channel=fa7075&from=shared.php?detail/19755586 HTTP/1.1" 200 208705 "-" "Mozilla/5.0 (Linux; Android 6.0.1; Nexus 5X Build/MMB29P) AppleWebKit/537.36 (KHTML, like Gecko) Chrome/141.0.7390.122 Mobile Safari/537.36 (compatible; Googlebot/2.1; +http://www.google.com/bot.html)"
66.249.68.67 - - [13/Dec/2025:12:16:29 +0000] "GET /?i=1292166380502&channel=fa7075&from=shared.php?detail/20746275 HTTP/1.1" 200 205011 "-" "Mozilla/5.0 (Linux; Android 6.0.1; Nexus 5X Build/MMB29P) AppleWebKit/537.36 (KHTML, like Gecko) Chrome/141.0.7390.122 Mobile Safari/537.36 (compatible; Googlebot/2.1; +http://www.google.com/bot.html)"
66.249.68.67 - - [13/Dec/2025:12:16:30 +0000] "GET /?i=1292166380502&channel=fa7075&from=shared.php?detail/5890053 HTTP/1.1" 200 208128 "-" "Mozilla/5.0 (Linux; Android 6.0.1; Nexus 5X Build/MMB29P) AppleWebKit/537.36 (KHTML, like Gecko) Chrome/141.0.7390.122 Mobile Safari/537.36 (compatible; Googlebot/2.1; +http://www.google.com/bot.html)"
66.249.68.70 - - [13/Dec/2025:12:16:30 +0000] "GET /?detail/30014431 HTTP/1.1" 200 202337 "-" "Mozilla/5.0 (Linux; Android 6.0.1; Nexus 5X Build/MMB29P) AppleWebKit/537.36 (KHTML, like Gecko) Chrome/141.0.7390.122 Mobile Safari/537.36 (compatible; Googlebot/2.1; +http://www.google.com/bot.html)"
66.249.68.67 - - [13/Dec/2025:12:16:30 +0000] "GET /?i=1292166380502&channel=fa7075&from=shared.php?detail/16754919 HTTP/1.1" 200 235732 "-" "Mozilla/5.0 (Linux; Android 6.0.1; Nexus 5X Build/MMB29P) AppleWebKit/537.36 (KHTML, like Gecko) Chrome/141.0.7390.122 Mobile Safari/537.36 (compatible; Googlebot/2.1; +http://www.google.com/bot.html)"
66.249.68.68 - - [13/Dec/2025:12:16:30 +0000] "GET /?i=1292166380502&channel=fa7075&from=shared.php?detail/2643353 HTTP/1.1" 200 220087 "-" "Mozilla/5.0 (Linux; Android 6.0.1; Nexus 5X Build/MMB29P) AppleWebKit/537.36 (KHTML, like Gecko) Chrome/141.0.7390.122 Mobile Safari/537.36 (compatible; Googlebot/2.1; +http://www.google.com/bot.html)"
66.249.68.68 - - [13/Dec/2025:12:16:31 +0000] "GET /?i=1292166380502&channel=fa7075&from=shared.php?detail/10361475 HTTP/1.1" 200 206780 "-" "Mozilla/5.0 (Linux; Android 6.0.1; Nexus 5X Build/MMB29P) AppleWebKit/537.36 (KHTML, like Gecko) Chrome/141.0.7390.122 Mobile Safari/537.36 (compatible; Googlebot/2.1; +http://www.google.com/bot.html)"
66.249.68.66 - - [13/Dec/2025:12:16:31 +0000] "GET /?i=1292166380502&channel=fa7075&from=shared.php?detail/7849908 HTTP/1.1" 200 206321 "-" "Mozilla/5.0 (Linux; Android 6.0.1; Nexus 5X Build/MMB29P) AppleWebKit/537.36 (KHTML, like Gecko) Chrome/141.0.7390.122 Mobile Safari/537.36 (compatible; Googlebot/2.1; +http://www.google.com/bot.html)"
66.249.68.65 - - [13/Dec/2025:12:16:31 +0000] "GET /?i=1292166380502&channel=fa7075&from=shared.php?detail/5733108 HTTP/1.1" 200 220049 "-" "Mozilla/5.0 (Linux; Android 6.0.1; Nexus 5X Build/MMB29P) AppleWebKit/537.36 (KHTML, like Gecko) Chrome/141.0.7390.122 Mobile Safari/537.36 (compatible; Googlebot/2.1; +http://www.google.com/bot.html)"
66.249.68.68 - - [13/Dec/2025:12:16:32 +0000] "GET /?i=1292166380502&channel=fa7075&from=shared.php?detail/13977953 HTTP/1.1" 200 203506 "-" "Mozilla/5.0 (Linux; Android 6.0.1; Nexus 5X Build/MMB29P) AppleWebKit/537.36 (KHTML, like Gecko) Chrome/141.0.7390.122 Mobile Safari/537.36 (compatible; Googlebot/2.1; +http://www.google.com/bot.html)"
66.249.68.71 - - [13/Dec/2025:12:16:32 +0000] "GET /?i=1292166380502&channel=fa7075&from=shared.php?detail/2736320 HTTP/1.1" 200 235726 "-" "Mozilla/5.0 (Linux; Android 6.0.1; Nexus 5X Build/MMB29P) AppleWebKit/537.36 (KHTML, like Gecko) Chrome/141.0.7390.122 Mobile Safari/537.36 (compatible; Googlebot/2.1; +http://www.google.com/bot.html)"
66.249.68.68 - - [13/Dec/2025:12:16:32 +0000] "GET /?i=1292166380502&channel=fa7075&from=shared.php?detail/23725886 HTTP/1.1" 200 217615 "-" "Mozilla/5.0 (Linux; Android 6.0.1; Nexus 5X Build/MMB29P) AppleWebKit/537.36 (KHTML, like Gecko) Chrome/141.0.7390.122 Mobile Safari/537.36 (compatible; Googlebot/2.1; +http://www.google.com/bot.html)"
66.249.68.65 - - [13/Dec/2025:12:16:32 +0000] "GET /?i=1292166380502&channel=fa7075&from=shared.php?detail/24394597 HTTP/1.1" 200 213379 "-" "Mozilla/5.0 (Linux; Android 6.0.1; Nexus 5X Build/MMB29P) AppleWebKit/537.36 (KHTML, like Gecko) Chrome/141.0.7390.122 Mobile Safari/537.36 (compatible; GoogleOther)"
66.249.68.67 - - [13/Dec/2025:12:16:33 +0000] "GET /?i=1292166380502&channel=fa7075&from=shared.php?detail/11322175 HTTP/1.1" 200 209726 "-" "Mozilla/5.0 (Linux; Android 6.0.1; Nexus 5X Build/MMB29P) AppleWebKit/537.36 (KHTML, like Gecko) Chrome/141.0.7390.122 Mobile Safari/537.36 (compatible; Googlebot/2.1; +http://www.google.com/bot.html)"
66.249.68.68 - - [13/Dec/2025:12:16:33 +0000] "GET /?i=1292166380502&channel=fa7075&from=shared.php?detail/5104220 HTTP/1.1" 200 212470 "-" "Mozilla/5.0 (Linux; Android 6.0.1; Nexus 5X Build/MMB29P) AppleWebKit/537.36 (KHTML, like Gecko) Chrome/141.0.7390.122 Mobile Safari/537.36 (compatible; Googlebot/2.1; +http://www.google.com/bot.html)"
66.249.68.70 - - [13/Dec/2025:12:16:33 +0000] "GET /?i=1292166380502&channel=fa7075&from=shared.php?detail/11733386 HTTP/1.1" 200 212039 "-" "Mozilla/5.0 (Linux; Android 6.0.1; Nexus 5X Build/MMB29P) AppleWebKit/537.36 (KHTML, like Gecko) Chrome/141.0.7390.122 Mobile Safari/537.36 (compatible; Googlebot/2.1; +http://www.google.com/bot.html)"
66.249.68.69 - - [13/Dec/2025:12:16:33 +0000] "GET /?i=12868127241601&channel=658622&from=category-info.php?detail/8053942 HTTP/1.1" 200 226534 "-" "Mozilla/5.0 (Linux; Android 6.0.1; Nexus 5X Build/MMB29P) AppleWebKit/537.36 (KHTML, like Gecko) Chrome/141.0.7390.122 Mobile Safari/537.36 (compatible; Googlebot/2.1; +http://www.google.com/bot.html)"
66.249.68.70 - - [13/Dec/2025:12:16:34 +0000] "GET /?i=1292166380502&channel=fa7075&from=shared.php?detail/20529319 HTTP/1.1" 200 226819 "-" "Mozilla/5.0 (Linux; Android 6.0.1; Nexus 5X Build/MMB29P) AppleWebKit/537.36 (KHTML, like Gecko) Chrome/141.0.7390.122 Mobile Safari/537.36 (compatible; Googlebot/2.1; +http://www.google.com/bot.html)"
66.249.68.71 - - [13/Dec/2025:12:16:34 +0000] "GET /?detail/19880219 HTTP/1.1" 200 189329 "-" "Mozilla/5.0 (Linux; Android 6.0.1; Nexus 5X Build/MMB29P) AppleWebKit/537.36 (KHTML, like Gecko) Chrome/141.0.7390.122 Mobile Safari/537.36 (compatible; Googlebot/2.1; +http://www.google.com/bot.html)"
66.249.68.71 - - [13/Dec/2025:12:16:34 +0000] "GET /?i=1292166380502&channel=fa7075&from=shared.php?detail/16989575 HTTP/1.1" 200 210133 "-" "Mozilla/5.0 (Linux; Android 6.0.1; Nexus 5X Build/MMB29P) AppleWebKit/537.36 (KHTML, like Gecko) Chrome/141.0.7390.122 Mobile Safari/537.36 (compatible; Googlebot/2.1; +http://www.google.com/bot.html)"
66.249.68.68 - - [13/Dec/2025:12:16:34 +0000] "GET /?i=1292166380502&channel=fa7075&from=shared.php?detail/6561742 HTTP/1.1" 200 210180 "-" "Mozilla/5.0 (Linux; Android 6.0.1; Nexus 5X Build/MMB29P) AppleWebKit/537.36 (KHTML, like Gecko) Chrome/141.0.7390.122 Mobile Safari/537.36 (compatible; Googlebot/2.1; +http://www.google.com/bot.html)"
66.249.68.68 - - [13/Dec/2025:12:16:35 +0000] "GET /?i=1292166380502&channel=fa7075&from=shared.php?detail/12168764 HTTP/1.1" 200 212833 "-" "Mozilla/5.0 (Linux; Android 6.0.1; Nexus 5X Build/MMB29P) AppleWebKit/537.36 (KHTML, like Gecko) Chrome/141.0.7390.122 Mobile Safari/537.36 (compatible; Googlebot/2.1; +http://www.google.com/bot.html)"
66.249.68.71 - - [13/Dec/2025:12:16:35 +0000] "GET /?i=1292166380502&channel=fa7075&from=shared.php?detail/9634564 HTTP/1.1" 200 208224 "-" "Mozilla/5.0 (Linux; Android 6.0.1; Nexus 5X Build/MMB29P) AppleWebKit/537.36 (KHTML, like Gecko) Chrome/141.0.7390.122 Mobile Safari/537.36 (compatible; Googlebot/2.1; +http://www.google.com/bot.html)"
66.249.68.70 - - [13/Dec/2025:12:16:35 +0000] "GET /?i=1292166380502&channel=fa7075&from=shared.php?detail/11396086 HTTP/1.1" 200 213608 "-" "Mozilla/5.0 (Linux; Android 6.0.1; Nexus 5X Build/MMB29P) AppleWebKit/537.36 (KHTML, like Gecko) Chrome/141.0.7390.122 Mobile Safari/537.36 (compatible; Googlebot/2.1; +http://www.google.com/bot.html)"
66.249.68.67 - - [13/Dec/2025:12:16:35 +0000] "GET /?i=1292166380502&channel=fa7075&from=shared.php?detail/7046686 HTTP/1.1" 200 204464 "-" "Mozilla/5.0 (Linux; Android 6.0.1; Nexus 5X Build/MMB29P) AppleWebKit/537.36 (KHTML, like Gecko) Chrome/141.0.7390.122 Mobile Safari/537.36 (compatible; Googlebot/2.1; +http://www.google.com/bot.html)"
66.249.68.64 - - [13/Dec/2025:12:16:36 +0000] "GET /?i=1292166380502&channel=fa7075&from=shared.php?detail/10304619 HTTP/1.1" 200 207271 "-" "Mozilla/5.0 (Linux; Android 6.0.1; Nexus 5X Build/MMB29P) AppleWebKit/537.36 (KHTML, like Gecko) Chrome/141.0.7390.122 Mobile Safari/537.36 (compatible; Googlebot/2.1; +http://www.google.com/bot.html)"
66.249.68.69 - - [13/Dec/2025:12:16:36 +0000] "GET /?i=1292166380502&channel=fa7075&from=shared.php?detail/13413220 HTTP/1.1" 200 205443 "-" "Mozilla/5.0 (Linux; Android 6.0.1; Nexus 5X Build/MMB29P) AppleWebKit/537.36 (KHTML, like Gecko) Chrome/141.0.7390.122 Mobile Safari/537.36 (compatible; Googlebot/2.1; +http://www.google.com/bot.html)"
66.249.68.69 - - [13/Dec/2025:12:16:36 +0000] "GET /?i=1292166380502&channel=fa7075&from=shared.php?detail/3258708 HTTP/1.1" 200 231944 "-" "Mozilla/5.0 (Linux; Android 6.0.1; Nexus 5X Build/MMB29P) AppleWebKit/537.36 (KHTML, like Gecko) Chrome/141.0.7390.122 Mobile Safari/537.36 (compatible; Googlebot/2.1; +http://www.google.com/bot.html)"
66.249.68.67 - - [13/Dec/2025:12:16:37 +0000] "GET /?i=1292166380502&channel=fa7075&from=shared.php?detail/10743997 HTTP/1.1" 200 219404 "-" "Mozilla/5.0 (Linux; Android 6.0.1; Nexus 5X Build/MMB29P) AppleWebKit/537.36 (KHTML, like Gecko) Chrome/141.0.7390.122 Mobile Safari/537.36 (compatible; Googlebot/2.1; +http://www.google.com/bot.html)"
66.249.68.68 - - [13/Dec/2025:12:16:37 +0000] "GET /?detail/27848219 HTTP/1.1" 200 193526 "-" "Mozilla/5.0 (Linux; Android 6.0.1; Nexus 5X Build/MMB29P) AppleWebKit/537.36 (KHTML, like Gecko) Chrome/141.0.7390.122 Mobile Safari/537.36 (compatible; Googlebot/2.1; +http://www.google.com/bot.html)"
216.73.216.21 - - [13/Dec/2025:12:16:37 +0000] "GET /Transparencia/Fraccion12/Fraccion13/index.php?gz=L2hvbWUvY3VhdXRsYTEvZGlmLmN1YXV0bGFqYWxpc2NvLmdvYi5teC9UcmFuc3BhcmVuY2lhL0ZyYWNjaW9uMw%3D%3D HTTP/2.0" 200 14051 "-" "Mozilla/5.0 AppleWebKit/537.36 (KHTML, like Gecko; compatible; ClaudeBot/1.0; +claudebot@anthropic.com)"
216.73.216.21 - - [13/Dec/2025:12:16:37 +0000] "GET /Transparencia/Fraccion12/Fraccion13/index.php?zip=L2hvbWUvY3VhdXRsYTEvZGlmLmN1YXV0bGFqYWxpc2NvLmdvYi5teC9UcmFuc3BhcmVuY2lhL0ZyYWNjaW9uOQ%3D%3D HTTP/2.0" 200 14051 "-" "Mozilla/5.0 AppleWebKit/537.36 (KHTML, like Gecko; compatible; ClaudeBot/1.0; +claudebot@anthropic.com)"
66.249.68.71 - - [13/Dec/2025:12:16:37 +0000] "GET /?i=1292166380502&channel=fa7075&from=shared.php?detail/6036886 HTTP/1.1" 200 210934 "-" "Mozilla/5.0 (Linux; Android 6.0.1; Nexus 5X Build/MMB29P) AppleWebKit/537.36 (KHTML, like Gecko) Chrome/141.0.7390.122 Mobile Safari/537.36 (compatible; Googlebot/2.1; +http://www.google.com/bot.html)"
216.73.216.21 - - [13/Dec/2025:12:16:37 +0000] "GET /Transparencia/Fraccion6/i/c/?gz=L2hvbWUvY3VhdXRsYTEvZGlmLmN1YXV0bGFqYWxpc2NvLmdvYi5teC9UcmFuc3BhcmVuY2lhL0ZyYWNjaW9uNi9h HTTP/2.0" 200 34937 "-" "Mozilla/5.0 AppleWebKit/537.36 (KHTML, like Gecko; compatible; ClaudeBot/1.0; +claudebot@anthropic.com)"
216.73.216.21 - - [13/Dec/2025:12:16:37 +0000] "GET /Transparencia/Fraccion12/Fraccion13/index.php?zip=L2hvbWUvY3VhdXRsYTEvZGlmLmN1YXV0bGFqYWxpc2NvLmdvYi5teC9UcmFuc3BhcmVuY2lhL0ZyYWNjaW9uMTE%3D HTTP/2.0" 200 14051 "-" "Mozilla/5.0 AppleWebKit/537.36 (KHTML, like Gecko; compatible; ClaudeBot/1.0; +claudebot@anthropic.com)"
66.249.68.71 - - [13/Dec/2025:12:16:38 +0000] "GET /?i=1292166380502&channel=fa7075&from=shared.php?detail/11518031 HTTP/1.1" 200 207466 "-" "Mozilla/5.0 (Linux; Android 6.0.1; Nexus 5X Build/MMB29P) AppleWebKit/537.36 (KHTML, like Gecko) Chrome/141.0.7390.122 Mobile Safari/537.36 (compatible; Googlebot/2.1; +http://www.google.com/bot.html)"
216.73.216.21 - - [13/Dec/2025:12:16:38 +0000] "GET /Transparencia/Fraccion12/Fraccion13/index.php?zip=L2hvbWUvY3VhdXRsYTEvZGlmLmN1YXV0bGFqYWxpc2NvLmdvYi5teC9UcmFuc3BhcmVuY2lhL0ZyYWNjaW9uMTQ%3D HTTP/2.0" 200 14051 "-" "Mozilla/5.0 AppleWebKit/537.36 (KHTML, like Gecko; compatible; ClaudeBot/1.0; +claudebot@anthropic.com)"
66.249.68.68 - - [13/Dec/2025:12:16:38 +0000] "GET /?i=1292166380502&channel=fa7075&from=shared.php?detail/30254186 HTTP/1.1" 200 208198 "-" "Mozilla/5.0 (Linux; Android 6.0.1; Nexus 5X Build/MMB29P) AppleWebKit/537.36 (KHTML, like Gecko) Chrome/141.0.7390.122 Mobile Safari/537.36 (compatible; Googlebot/2.1; +http://www.google.com/bot.html)"
66.249.68.64 - - [13/Dec/2025:12:16:38 +0000] "GET /?i=12868127241601&channel=658622&from=category-info.php?detail/8761031 HTTP/1.1" 200 208682 "-" "Mozilla/5.0 (Linux; Android 6.0.1; Nexus 5X Build/MMB29P) AppleWebKit/537.36 (KHTML, like Gecko) Chrome/141.0.7390.122 Mobile Safari/537.36 (compatible; Googlebot/2.1; +http://www.google.com/bot.html)"
216.73.216.21 - - [13/Dec/2025:12:16:38 +0000] "GET /Transparencia/Fraccion12/Fraccion13/index.php?zip=L2hvbWUvY3VhdXRsYTEvZGlmLmN1YXV0bGFqYWxpc2NvLmdvYi5teC9UcmFuc3BhcmVuY2lhL0ZyYWNjaW9uNw%3D%3D HTTP/2.0" 200 14051 "-" "Mozilla/5.0 AppleWebKit/537.36 (KHTML, like Gecko; compatible; ClaudeBot/1.0; +claudebot@anthropic.com)"
216.73.216.21 - - [13/Dec/2025:12:16:38 +0000] "GET /Transparencia/Fraccion12/Fraccion13/index.php?gzfile=L2hvbWUvY3VhdXRsYTEvZGlmLmN1YXV0bGFqYWxpc2NvLmdvYi5teC9UcmFuc3BhcmVuY2lhL2Vycm9yX2xvZw%3D%3D HTTP/2.0" 200 14051 "-" "Mozilla/5.0 AppleWebKit/537.36 (KHTML, like Gecko; compatible; ClaudeBot/1.0; +claudebot@anthropic.com)"
216.73.216.21 - - [13/Dec/2025:12:16:38 +0000] "GET /Transparencia/Fraccion12/Fraccion13/?fm=true&path=%2Fhome%2Fcuautla1%2Fdif.cuautlajalisco.gob.mx%2FTransparencia%2FFraccion12%2FFraccion13%2F&rights=options.php.php.tar.gz HTTP/2.0" 200 18482 "-" "Mozilla/5.0 AppleWebKit/537.36 (KHTML, like Gecko; compatible; ClaudeBot/1.0; +claudebot@anthropic.com)"
66.249.68.66 - - [13/Dec/2025:12:16:38 +0000] "GET /?i=1292166380502&channel=fa7075&from=shared.php?detail/15706731 HTTP/1.1" 200 211904 "-" "Mozilla/5.0 (Linux; Android 6.0.1; Nexus 5X Build/MMB29P) AppleWebKit/537.36 (KHTML, like Gecko) Chrome/141.0.7390.122 Mobile Safari/537.36 (compatible; Googlebot/2.1; +http://www.google.com/bot.html)"
216.73.216.21 - - [13/Dec/2025:12:16:39 +0000] "GET /Transparencia/Fraccion12/Fraccion13/index.php?zip=L2hvbWUvY3VhdXRsYTEvZGlmLmN1YXV0bGFqYWxpc2NvLmdvYi5teC9UcmFuc3BhcmVuY2lhL0RpcmVjdG9yaW8%3D HTTP/2.0" 200 14051 "-" "Mozilla/5.0 AppleWebKit/537.36 (KHTML, like Gecko; compatible; ClaudeBot/1.0; +claudebot@anthropic.com)"
216.73.216.21 - - [13/Dec/2025:12:16:39 +0000] "GET /Transparencia/Fraccion12/Fraccion13/index.php?zip=L2hvbWUvY3VhdXRsYTEvZGlmLmN1YXV0bGFqYWxpc2NvLmdvYi5teC9UcmFuc3BhcmVuY2lhL0ZyYWNjaW9uMTA%3D HTTP/2.0" 200 14051 "-" "Mozilla/5.0 AppleWebKit/537.36 (KHTML, like Gecko; compatible; ClaudeBot/1.0; +claudebot@anthropic.com)"
66.249.68.69 - - [13/Dec/2025:12:16:39 +0000] "GET /?i=1292166380502&channel=fa7075&from=shared.php?detail/7656253 HTTP/1.1" 200 212417 "-" "Mozilla/5.0 (Linux; Android 6.0.1; Nexus 5X Build/MMB29P) AppleWebKit/537.36 (KHTML, like Gecko) Chrome/141.0.7390.122 Mobile Safari/537.36 (compatible; Googlebot/2.1; +http://www.google.com/bot.html)"
216.73.216.21 - - [13/Dec/2025:12:16:39 +0000] "GET /Transparencia/Fraccion12/Fraccion13/index.php?gzfile=L2hvbWUvY3VhdXRsYTEvZGlmLmN1YXV0bGFqYWxpc2NvLmdvYi5teC9UcmFuc3BhcmVuY2lhL29wdGlvbnMucGhw HTTP/2.0" 200 14051 "-" "Mozilla/5.0 AppleWebKit/537.36 (KHTML, like Gecko; compatible; ClaudeBot/1.0; +claudebot@anthropic.com)"
216.73.216.21 - - [13/Dec/2025:12:16:39 +0000] "GET /Transparencia/Fraccion12/Fraccion13/index.php?zip=L2hvbWUvY3VhdXRsYTEvZGlmLmN1YXV0bGFqYWxpc2NvLmdvYi5teC9UcmFuc3BhcmVuY2lhL0ZyYWNjaW9uMw%3D%3D HTTP/2.0" 200 14051 "-" "Mozilla/5.0 AppleWebKit/537.36 (KHTML, like Gecko; compatible; ClaudeBot/1.0; +claudebot@anthropic.com)"
216.73.216.21 - - [13/Dec/2025:12:16:39 +0000] "GET /Transparencia/Fraccion12/Fraccion13/?edit=options.php.php.tar.gz&fm=true&path=%2Fhome%2Fcuautla1%2Fdif.cuautlajalisco.gob.mx%2FTransparencia%2FFraccion12%2FFraccion13%2F HTTP/2.0" 200 20736 "-" "Mozilla/5.0 AppleWebKit/537.36 (KHTML, like Gecko; compatible; ClaudeBot/1.0; +claudebot@anthropic.com)"
216.73.216.21 - - [13/Dec/2025:12:16:39 +0000] "GET /Transparencia/Fraccion12/Fraccion13/?fm=true&path=%2Fhome%2Fcuautla1%2Fdif.cuautlajalisco.gob.mx%2FTransparencia%2FFraccion12%2FFraccion13%2F&rename=options.php.php.tar.gz HTTP/2.0" 200 18466 "-" "Mozilla/5.0 AppleWebKit/537.36 (KHTML, like Gecko; compatible; ClaudeBot/1.0; +claudebot@anthropic.com)"
216.73.216.21 - - [13/Dec/2025:12:16:39 +0000] "GET /Transparencia/Fraccion6/i/c/?zip=L2hvbWUvY3VhdXRsYTEvZGlmLmN1YXV0bGFqYWxpc2NvLmdvYi5teC9UcmFuc3BhcmVuY2lhL0ZyYWNjaW9uNi9h HTTP/2.0" 200 34937 "-" "Mozilla/5.0 AppleWebKit/537.36 (KHTML, like Gecko; compatible; ClaudeBot/1.0; +claudebot@anthropic.com)"
216.73.216.21 - - [13/Dec/2025:12:16:40 +0000] "GET /Transparencia/Fraccion12/Fraccion13/index.php?gz=L2hvbWUvY3VhdXRsYTEvZGlmLmN1YXV0bGFqYWxpc2NvLmdvYi5teC9UcmFuc3BhcmVuY2lhL0ZyYWNjaW9uMTM%3D HTTP/2.0" 200 14051 "-" "Mozilla/5.0 AppleWebKit/537.36 (KHTML, like Gecko; compatible; ClaudeBot/1.0; +claudebot@anthropic.com)"
66.249.68.65 - - [13/Dec/2025:12:16:39 +0000] "GET /?i=1292166380502&channel=fa7075&from=shared.php?detail/15002653 HTTP/1.1" 200 208567 "-" "Mozilla/5.0 (Linux; Android 6.0.1; Nexus 5X Build/MMB29P) AppleWebKit/537.36 (KHTML, like Gecko) Chrome/141.0.7390.122 Mobile Safari/537.36 (compatible; Googlebot/2.1; +http://www.google.com/bot.html)"
216.73.216.21 - - [13/Dec/2025:12:16:40 +0000] "GET /Transparencia/Fraccion12/Fraccion13/index.php?zip=L2hvbWUvY3VhdXRsYTEvZGlmLmN1YXV0bGFqYWxpc2NvLmdvYi5teC9UcmFuc3BhcmVuY2lhL0ZyYWNjaW9uMTM%3D HTTP/2.0" 200 14051 "-" "Mozilla/5.0 AppleWebKit/537.36 (KHTML, like Gecko; compatible; ClaudeBot/1.0; +claudebot@anthropic.com)"
66.249.68.65 - - [13/Dec/2025:12:16:40 +0000] "GET /?i=1292166380502&channel=fa7075&from=shared.php?detail/24622320 HTTP/1.1" 200 218515 "-" "Mozilla/5.0 (Linux; Android 6.0.1; Nexus 5X Build/MMB29P) AppleWebKit/537.36 (KHTML, like Gecko) Chrome/141.0.7390.122 Mobile Safari/537.36 (compatible; Googlebot/2.1; +http://www.google.com/bot.html)"
216.73.216.21 - - [13/Dec/2025:12:16:40 +0000] "GET /Transparencia/Fraccion12/Fraccion13/index.php?download=L2hvbWUvY3VhdXRsYTEvZGlmLmN1YXV0bGFqYWxpc2NvLmdvYi5teC9UcmFuc3BhcmVuY2lhL2Vycm9yX2xvZw%3D%3D HTTP/2.0" 200 414 "-" "Mozilla/5.0 AppleWebKit/537.36 (KHTML, like Gecko; compatible; ClaudeBot/1.0; +claudebot@anthropic.com)"
66.249.68.64 - - [13/Dec/2025:12:16:40 +0000] "GET /?i=1292166380502&channel=fa7075&from=shared.php?detail/4991842 HTTP/1.1" 200 206926 "-" "Mozilla/5.0 (Linux; Android 6.0.1; Nexus 5X Build/MMB29P) AppleWebKit/537.36 (KHTML, like Gecko) Chrome/141.0.7390.122 Mobile Safari/537.36 (compatible; Googlebot/2.1; +http://www.google.com/bot.html)"
216.73.216.21 - - [13/Dec/2025:12:16:40 +0000] "GET /Transparencia/Fraccion6/i/c/index.php?gz=L2hvbWUvY3VhdXRsYTEvZGlmLmN1YXV0bGFqYWxpc2NvLmdvYi5teC9UcmFuc3BhcmVuY2lhL0ZyYWNjaW9uNi9pL2M%3D HTTP/2.0" 200 14051 "-" "Mozilla/5.0 AppleWebKit/537.36 (KHTML, like Gecko; compatible; ClaudeBot/1.0; +claudebot@anthropic.com)"
216.73.216.21 - - [13/Dec/2025:12:16:40 +0000] "GET /Transparencia/Fraccion12/Fraccion13/index.php?download=L2hvbWUvY3VhdXRsYTEvZGlmLmN1YXV0bGFqYWxpc2NvLmdvYi5teC9UcmFuc3BhcmVuY2lhL29wdGlvbnMucGhw HTTP/2.0" 200 1200 "-" "Mozilla/5.0 AppleWebKit/537.36 (KHTML, like Gecko; compatible; ClaudeBot/1.0; +claudebot@anthropic.com)"
216.73.216.21 - - [13/Dec/2025:12:16:40 +0000] "GET /Transparencia/Fraccion6/i/c/index.php?zip=L2hvbWUvY3VhdXRsYTEvZGlmLmN1YXV0bGFqYWxpc2NvLmdvYi5teC9UcmFuc3BhcmVuY2lhL0ZyYWNjaW9uNi9pL2M%3D HTTP/2.0" 200 14051 "-" "Mozilla/5.0 AppleWebKit/537.36 (KHTML, like Gecko; compatible; ClaudeBot/1.0; +claudebot@anthropic.com)"
216.73.216.21 - - [13/Dec/2025:12:16:37 +0000] "GET /Transparencia/Fraccion12/Fraccion13/index.php?zip=L2hvbWUvY3VhdXRsYTEvZGlmLmN1YXV0bGFqYWxpc2NvLmdvYi5teC9UcmFuc3BhcmVuY2lhL0ZyYWNjaW9uNQ%3D%3D HTTP/2.0" 200 14051 "-" "Mozilla/5.0 AppleWebKit/537.36 (KHTML, like Gecko; compatible; ClaudeBot/1.0; +claudebot@anthropic.com)"
66.249.68.69 - - [13/Dec/2025:12:16:40 +0000] "GET /?i=1292166380502&channel=fa7075&from=shared.php?detail/10497520 HTTP/1.1" 200 212889 "-" "Mozilla/5.0 (Linux; Android 6.0.1; Nexus 5X Build/MMB29P) AppleWebKit/537.36 (KHTML, like Gecko) Chrome/141.0.7390.122 Mobile Safari/537.36 (compatible; Googlebot/2.1; +http://www.google.com/bot.html)"
66.249.68.67 - - [13/Dec/2025:12:16:41 +0000] "GET /?i=1292166380502&channel=fa7075&from=shared.php?detail/8743686 HTTP/1.1" 200 249370 "-" "Mozilla/5.0 (Linux; Android 6.0.1; Nexus 5X Build/MMB29P) AppleWebKit/537.36 (KHTML, like Gecko) Chrome/141.0.7390.122 Mobile Safari/537.36 (compatible; Googlebot/2.1; +http://www.google.com/bot.html)"
66.249.68.71 - - [13/Dec/2025:12:16:41 +0000] "GET /?i=1292166380502&channel=fa7075&from=shared.php?detail/5370719 HTTP/1.1" 200 220529 "-" "Mozilla/5.0 (Linux; Android 6.0.1; Nexus 5X Build/MMB29P) AppleWebKit/537.36 (KHTML, like Gecko) Chrome/141.0.7390.122 Mobile Safari/537.36 (compatible; Googlebot/2.1; +http://www.google.com/bot.html)"
66.249.68.70 - - [13/Dec/2025:12:16:42 +0000] "GET /?i=1292166380502&channel=fa7075&from=shared.php?detail/7596619 HTTP/1.1" 200 212405 "-" "Mozilla/5.0 (Linux; Android 6.0.1; Nexus 5X Build/MMB29P) AppleWebKit/537.36 (KHTML, like Gecko) Chrome/141.0.7390.122 Mobile Safari/537.36 (compatible; Googlebot/2.1; +http://www.google.com/bot.html)"
66.249.68.67 - - [13/Dec/2025:12:16:42 +0000] "GET /?i=1292166380502&channel=fa7075&from=shared.php?detail/18382731 HTTP/1.1" 200 222290 "-" "Mozilla/5.0 (Linux; Android 6.0.1; Nexus 5X Build/MMB29P) AppleWebKit/537.36 (KHTML, like Gecko) Chrome/141.0.7390.122 Mobile Safari/537.36 (compatible; Googlebot/2.1; +http://www.google.com/bot.html)"
66.249.68.67 - - [13/Dec/2025:12:16:43 +0000] "GET /?i=1292166380502&channel=fa7075&from=shared.php?detail/9196119 HTTP/1.1" 200 227778 "-" "Mozilla/5.0 (Linux; Android 6.0.1; Nexus 5X Build/MMB29P) AppleWebKit/537.36 (KHTML, like Gecko) Chrome/141.0.7390.122 Mobile Safari/537.36 (compatible; Googlebot/2.1; +http://www.google.com/bot.html)"
66.249.68.71 - - [13/Dec/2025:12:16:43 +0000] "GET /?i=1292166380502&channel=fa7075&from=shared.php?detail/13997575 HTTP/1.1" 200 218309 "-" "Mozilla/5.0 (Linux; Android 6.0.1; Nexus 5X Build/MMB29P) AppleWebKit/537.36 (KHTML, like Gecko) Chrome/141.0.7390.122 Mobile Safari/537.36 (compatible; GoogleOther)"
66.249.68.68 - - [13/Dec/2025:12:16:43 +0000] "GET /?i=1292166380502&channel=fa7075&from=shared.php?detail/12082831 HTTP/1.1" 200 206565 "-" "Mozilla/5.0 (Linux; Android 6.0.1; Nexus 5X Build/MMB29P) AppleWebKit/537.36 (KHTML, like Gecko) Chrome/141.0.7390.122 Mobile Safari/537.36 (compatible; Googlebot/2.1; +http://www.google.com/bot.html)"
66.249.68.65 - - [13/Dec/2025:12:16:43 +0000] "GET /?i=1292166380502&channel=fa7075&from=shared.php?detail/4665631 HTTP/1.1" 200 216868 "-" "Mozilla/5.0 (Linux; Android 6.0.1; Nexus 5X Build/MMB29P) AppleWebKit/537.36 (KHTML, like Gecko) Chrome/141.0.7390.122 Mobile Safari/537.36 (compatible; Googlebot/2.1; +http://www.google.com/bot.html)"
66.249.68.69 - - [13/Dec/2025:12:16:43 +0000] "GET /?i=1292166380502&channel=fa7075&from=shared.php?detail/11716186 HTTP/1.1" 200 238647 "-" "Mozilla/5.0 (Linux; Android 6.0.1; Nexus 5X Build/MMB29P) AppleWebKit/537.36 (KHTML, like Gecko) Chrome/141.0.7390.122 Mobile Safari/537.36 (compatible; Googlebot/2.1; +http://www.google.com/bot.html)"
66.249.68.67 - - [13/Dec/2025:12:16:44 +0000] "GET /?i=1292166380502&channel=fa7075&from=shared.php?detail/23344375 HTTP/1.1" 200 219372 "-" "Mozilla/5.0 (Linux; Android 6.0.1; Nexus 5X Build/MMB29P) AppleWebKit/537.36 (KHTML, like Gecko) Chrome/141.0.7390.122 Mobile Safari/537.36 (compatible; Googlebot/2.1; +http://www.google.com/bot.html)"
66.249.68.70 - - [13/Dec/2025:12:16:44 +0000] "GET /?i=1292166380502&channel=fa7075&from=shared.php?detail/5591508 HTTP/1.1" 200 213801 "-" "Mozilla/5.0 (Linux; Android 6.0.1; Nexus 5X Build/MMB29P) AppleWebKit/537.36 (KHTML, like Gecko) Chrome/141.0.7390.122 Mobile Safari/537.36 (compatible; Googlebot/2.1; +http://www.google.com/bot.html)"
216.73.216.21 - - [13/Dec/2025:12:16:38 +0000] "GET /Transparencia/Fraccion12/Fraccion13/index.php?zip=L2hvbWUvY3VhdXRsYTEvZGlmLmN1YXV0bGFqYWxpc2NvLmdvYi5teC9UcmFuc3BhcmVuY2lhL0ZyYWNjaW9uMTI%3D HTTP/2.0" 200 14051 "-" "Mozilla/5.0 AppleWebKit/537.36 (KHTML, like Gecko; compatible; ClaudeBot/1.0; +claudebot@anthropic.com)"
66.249.68.66 - - [13/Dec/2025:12:16:44 +0000] "GET /?i=1292166380502&channel=fa7075&from=shared.php?detail/3740053 HTTP/1.1" 200 204201 "-" "Mozilla/5.0 (Linux; Android 6.0.1; Nexus 5X Build/MMB29P) AppleWebKit/537.36 (KHTML, like Gecko) Chrome/141.0.7390.122 Mobile Safari/537.36 (compatible; Googlebot/2.1; +http://www.google.com/bot.html)"
66.249.68.66 - - [13/Dec/2025:12:16:45 +0000] "GET /?i=1292166380502&channel=fa7075&from=shared.php?detail/12439542 HTTP/1.1" 200 206144 "-" "Mozilla/5.0 (Linux; Android 6.0.1; Nexus 5X Build/MMB29P) AppleWebKit/537.36 (KHTML, like Gecko) Chrome/141.0.7390.122 Mobile Safari/537.36 (compatible; Googlebot/2.1; +http://www.google.com/bot.html)"
66.249.68.71 - - [13/Dec/2025:12:16:45 +0000] "GET /?i=1292166380502&channel=fa7075&from=shared.php?detail/12794420 HTTP/1.1" 200 205508 "-" "Mozilla/5.0 (Linux; Android 6.0.1; Nexus 5X Build/MMB29P) AppleWebKit/537.36 (KHTML, like Gecko) Chrome/141.0.7390.122 Mobile Safari/537.36 (compatible; Googlebot/2.1; +http://www.google.com/bot.html)"
66.249.68.67 - - [13/Dec/2025:12:16:45 +0000] "GET /?detail/15421786 HTTP/1.1" 200 189218 "-" "Mozilla/5.0 (Linux; Android 6.0.1; Nexus 5X Build/MMB29P) AppleWebKit/537.36 (KHTML, like Gecko) Chrome/141.0.7390.122 Mobile Safari/537.36 (compatible; Googlebot/2.1; +http://www.google.com/bot.html)"
66.249.68.71 - - [13/Dec/2025:12:16:45 +0000] "GET /?i=1292166380502&channel=fa7075&from=shared.php?detail/6593164 HTTP/1.1" 200 203676 "-" "Mozilla/5.0 (Linux; Android 6.0.1; Nexus 5X Build/MMB29P) AppleWebKit/537.36 (KHTML, like Gecko) Chrome/141.0.7390.122 Mobile Safari/537.36 (compatible; Googlebot/2.1; +http://www.google.com/bot.html)"
66.249.68.68 - - [13/Dec/2025:12:16:45 +0000] "GET /?i=1292166380502&channel=fa7075&from=shared.php?detail/10965353 HTTP/1.1" 200 213451 "-" "Mozilla/5.0 (Linux; Android 6.0.1; Nexus 5X Build/MMB29P) AppleWebKit/537.36 (KHTML, like Gecko) Chrome/141.0.7390.122 Mobile Safari/537.36 (compatible; Googlebot/2.1; +http://www.google.com/bot.html)"
66.249.68.68 - - [13/Dec/2025:12:16:45 +0000] "GET /?i=1292166380502&channel=fa7075&from=shared.php?detail/10099642 HTTP/1.1" 200 203588 "-" "Mozilla/5.0 (Linux; Android 6.0.1; Nexus 5X Build/MMB29P) AppleWebKit/537.36 (KHTML, like Gecko) Chrome/141.0.7390.122 Mobile Safari/537.36 (compatible; Googlebot/2.1; +http://www.google.com/bot.html)"
66.249.68.70 - - [13/Dec/2025:12:16:45 +0000] "GET /?i=1292166380502&channel=fa7075&from=shared.php?detail/10909064 HTTP/1.1" 200 207147 "-" "Mozilla/5.0 (Linux; Android 6.0.1; Nexus 5X Build/MMB29P) AppleWebKit/537.36 (KHTML, like Gecko) Chrome/141.0.7390.122 Mobile Safari/537.36 (compatible; Googlebot/2.1; +http://www.google.com/bot.html)"
66.249.68.70 - - [13/Dec/2025:12:16:46 +0000] "GET /?i=1292166380502&channel=fa7075&from=shared.php?detail/6246175 HTTP/1.1" 200 222738 "-" "Mozilla/5.0 (Linux; Android 6.0.1; Nexus 5X Build/MMB29P) AppleWebKit/537.36 (KHTML, like Gecko) Chrome/141.0.7390.122 Mobile Safari/537.36 (compatible; Googlebot/2.1; +http://www.google.com/bot.html)"
66.249.68.66 - - [13/Dec/2025:12:16:46 +0000] "GET /?i=1292166380502&channel=fa7075&from=shared.php?detail/18505520 HTTP/1.1" 200 211831 "-" "Mozilla/5.0 (Linux; Android 6.0.1; Nexus 5X Build/MMB29P) AppleWebKit/537.36 (KHTML, like Gecko) Chrome/141.0.7390.122 Mobile Safari/537.36 (compatible; Googlebot/2.1; +http://www.google.com/bot.html)"
66.249.68.67 - - [13/Dec/2025:12:16:46 +0000] "GET /?i=1292166380502&channel=fa7075&from=shared.php?detail/14528964 HTTP/1.1" 200 219391 "-" "Mozilla/5.0 (Linux; Android 6.0.1; Nexus 5X Build/MMB29P) AppleWebKit/537.36 (KHTML, like Gecko) Chrome/141.0.7390.122 Mobile Safari/537.36 (compatible; Googlebot/2.1; +http://www.google.com/bot.html)"
66.249.68.71 - - [13/Dec/2025:12:16:46 +0000] "GET /?detail/1337619 HTTP/1.1" 200 209531 "-" "Mozilla/5.0 (Linux; Android 6.0.1; Nexus 5X Build/MMB29P) AppleWebKit/537.36 (KHTML, like Gecko) Chrome/141.0.7390.122 Mobile Safari/537.36 (compatible; Googlebot/2.1; +http://www.google.com/bot.html)"
216.73.216.21 - - [13/Dec/2025:12:16:47 +0000] "GET /Transparencia/Fraccion12/Fraccion13/?fm=true&path=%2Fhome%2Fcuautla1%2Fdif.cuautlajalisco.gob.mx%2FTransparencia%2FFraccion12%2FFraccion13%2F&rights=options.php.tar HTTP/2.0" 200 18468 "-" "Mozilla/5.0 AppleWebKit/537.36 (KHTML, like Gecko; compatible; ClaudeBot/1.0; +claudebot@anthropic.com)"
216.73.216.21 - - [13/Dec/2025:12:16:47 +0000] "GET /Transparencia/Fraccion12/Fraccion13/index.php?fm=true&path=%2Fhome%2Fcuautla1%2Fdif.cuautlajalisco.gob.mx%2FTransparencia%2F&rename=error_log HTTP/2.0" 200 18374 "-" "Mozilla/5.0 AppleWebKit/537.36 (KHTML, like Gecko; compatible; ClaudeBot/1.0; +claudebot@anthropic.com)"
216.73.216.21 - - [13/Dec/2025:12:16:47 +0000] "GET /Transparencia/Fraccion12/Fraccion13/?edit=options.php.tar&fm=true&path=%2Fhome%2Fcuautla1%2Fdif.cuautlajalisco.gob.mx%2FTransparencia%2FFraccion12%2FFraccion13%2F HTTP/2.0" 200 23027 "-" "Mozilla/5.0 AppleWebKit/537.36 (KHTML, like Gecko; compatible; ClaudeBot/1.0; +claudebot@anthropic.com)"
216.73.216.21 - - [13/Dec/2025:12:16:47 +0000] "GET /Transparencia/Fraccion6/i/c/index.php?fm=true&path=%2Fhome%2Fcuautla1%2Fdif.cuautlajalisco.gob.mx%2FTransparencia%2FFraccion6%2Fi%2F&rename=c HTTP/2.0" 200 18394 "-" "Mozilla/5.0 AppleWebKit/537.36 (KHTML, like Gecko; compatible; ClaudeBot/1.0; +claudebot@anthropic.com)"
66.249.68.67 - - [13/Dec/2025:12:16:47 +0000] "GET /?i=1292166380502&channel=fa7075&from=shared.php?detail/5167075 HTTP/1.1" 200 208472 "-" "Mozilla/5.0 (Linux; Android 6.0.1; Nexus 5X Build/MMB29P) AppleWebKit/537.36 (KHTML, like Gecko) Chrome/141.0.7390.122 Mobile Safari/537.36 (compatible; Googlebot/2.1; +http://www.google.com/bot.html)"
216.73.216.21 - - [13/Dec/2025:12:16:47 +0000] "GET /Transparencia/Fraccion12/Fraccion13/?fm=true&path=%2Fhome%2Fcuautla1%2Fdif.cuautlajalisco.gob.mx%2FTransparencia%2FFraccion12%2FFraccion13%2F&rename=options.php.tar HTTP/2.0" 200 18452 "-" "Mozilla/5.0 AppleWebKit/537.36 (KHTML, like Gecko; compatible; ClaudeBot/1.0; +claudebot@anthropic.com)"
216.73.216.21 - - [13/Dec/2025:12:16:47 +0000] "GET /Transparencia/Fraccion6/i/c/index.php?fm=true&path=%2Fhome%2Fcuautla1%2Fdif.cuautlajalisco.gob.mx%2FTransparencia%2FFraccion6%2Fi%2Fc HTTP/2.0" 200 34861 "-" "Mozilla/5.0 AppleWebKit/537.36 (KHTML, like Gecko; compatible; ClaudeBot/1.0; +claudebot@anthropic.com)"
66.249.68.70 - - [13/Dec/2025:12:16:47 +0000] "GET /?i=1292166380502&channel=fa7075&from=shared.php?detail/15483286 HTTP/1.1" 200 217957 "-" "Mozilla/5.0 (Linux; Android 6.0.1; Nexus 5X Build/MMB29P) AppleWebKit/537.36 (KHTML, like Gecko) Chrome/141.0.7390.122 Mobile Safari/537.36 (compatible; Googlebot/2.1; +http://www.google.com/bot.html)"
216.73.216.21 - - [13/Dec/2025:12:16:47 +0000] "GET /Transparencia/Fraccion6/i/c/?gz=L2hvbWUvY3VhdXRsYTEvZGlmLmN1YXV0bGFqYWxpc2NvLmdvYi5teC9UcmFuc3BhcmVuY2lhL0ZyYWNjaW9uNi9n HTTP/2.0" 200 40441 "-" "Mozilla/5.0 AppleWebKit/537.36 (KHTML, like Gecko; compatible; ClaudeBot/1.0; +claudebot@anthropic.com)"
66.249.68.64 - - [13/Dec/2025:12:16:48 +0000] "GET /?detail/31147975 HTTP/1.1" 200 194760 "-" "Mozilla/5.0 (Linux; Android 6.0.1; Nexus 5X Build/MMB29P) AppleWebKit/537.36 (KHTML, like Gecko) Chrome/141.0.7390.122 Mobile Safari/537.36 (compatible; Googlebot/2.1; +http://www.google.com/bot.html)"
66.249.68.69 - - [13/Dec/2025:12:16:48 +0000] "GET /?i=1292166380502&channel=fa7075&from=shared.php?detail/22157742 HTTP/1.1" 200 227935 "-" "Mozilla/5.0 (Linux; Android 6.0.1; Nexus 5X Build/MMB29P) AppleWebKit/537.36 (KHTML, like Gecko) Chrome/141.0.7390.122 Mobile Safari/537.36 (compatible; Googlebot/2.1; +http://www.google.com/bot.html)"
216.73.216.21 - - [13/Dec/2025:12:16:48 +0000] "GET /Transparencia/Fraccion12/Fraccion13/index.php?edit=options.php&fm=true&path=%2Fhome%2Fcuautla1%2Fdif.cuautlajalisco.gob.mx%2FTransparencia%2F HTTP/2.0" 200 21065 "-" "Mozilla/5.0 AppleWebKit/537.36 (KHTML, like Gecko; compatible; ClaudeBot/1.0; +claudebot@anthropic.com)"
66.249.68.66 - - [13/Dec/2025:12:16:48 +0000] "GET /?i=1292166380502&channel=fa7075&from=shared.php?detail/8142653 HTTP/1.1" 200 218258 "-" "Mozilla/5.0 (Linux; Android 6.0.1; Nexus 5X Build/MMB29P) AppleWebKit/537.36 (KHTML, like Gecko) Chrome/141.0.7390.122 Mobile Safari/537.36 (compatible; Googlebot/2.1; +http://www.google.com/bot.html)"
216.73.216.21 - - [13/Dec/2025:12:16:47 +0000] "GET /Transparencia/Fraccion6/i/c/?gz=L2hvbWUvY3VhdXRsYTEvZGlmLmN1YXV0bGFqYWxpc2NvLmdvYi5teC9UcmFuc3BhcmVuY2lhL0ZyYWNjaW9uNi9s HTTP/2.0" 200 40441 "-" "Mozilla/5.0 AppleWebKit/537.36 (KHTML, like Gecko; compatible; ClaudeBot/1.0; +claudebot@anthropic.com)"
216.73.216.21 - - [13/Dec/2025:12:16:48 +0000] "GET /Transparencia/Fraccion6/i/c/?zip=L2hvbWUvY3VhdXRsYTEvZGlmLmN1YXV0bGFqYWxpc2NvLmdvYi5teC9UcmFuc3BhcmVuY2lhL0ZyYWNjaW9uNi9s HTTP/2.0" 200 14051 "-" "Mozilla/5.0 AppleWebKit/537.36 (KHTML, like Gecko; compatible; ClaudeBot/1.0; +claudebot@anthropic.com)"
216.73.216.21 - - [13/Dec/2025:12:16:47 +0000] "GET /Transparencia/Fraccion6/i/c/?gz=L2hvbWUvY3VhdXRsYTEvZGlmLmN1YXV0bGFqYWxpc2NvLmdvYi5teC9UcmFuc3BhcmVuY2lhL0ZyYWNjaW9uNi9u HTTP/2.0" 200 43734 "-" "Mozilla/5.0 AppleWebKit/537.36 (KHTML, like Gecko; compatible; ClaudeBot/1.0; +claudebot@anthropic.com)"
216.73.216.21 - - [13/Dec/2025:12:16:48 +0000] "GET /Transparencia/Fraccion6/i/c/?gz=L2hvbWUvY3VhdXRsYTEvZGlmLmN1YXV0bGFqYWxpc2NvLmdvYi5teC9UcmFuc3BhcmVuY2lhL0ZyYWNjaW9uNi9k HTTP/2.0" 200 47053 "-" "Mozilla/5.0 AppleWebKit/537.36 (KHTML, like Gecko; compatible; ClaudeBot/1.0; +claudebot@anthropic.com)"
66.249.68.65 - - [13/Dec/2025:12:16:48 +0000] "GET /?detail/3074519 HTTP/1.1" 200 205197 "-" "Mozilla/5.0 (Linux; Android 6.0.1; Nexus 5X Build/MMB29P) AppleWebKit/537.36 (KHTML, like Gecko) Chrome/141.0.7390.122 Mobile Safari/537.36 (compatible; Googlebot/2.1; +http://www.google.com/bot.html)"
66.249.68.67 - - [13/Dec/2025:12:16:48 +0000] "GET /?i=1292166380502&channel=fa7075&from=shared.php?detail/3325864 HTTP/1.1" 200 207419 "-" "Mozilla/5.0 (Linux; Android 6.0.1; Nexus 5X Build/MMB29P) AppleWebKit/537.36 (KHTML, like Gecko) Chrome/141.0.7390.122 Mobile Safari/537.36 (compatible; Googlebot/2.1; +http://www.google.com/bot.html)"
216.73.216.21 - - [13/Dec/2025:12:16:48 +0000] "GET /Transparencia/Fraccion6/i/c/?gz=L2hvbWUvY3VhdXRsYTEvZGlmLmN1YXV0bGFqYWxpc2NvLmdvYi5teC9UcmFuc3BhcmVuY2lhL0ZyYWNjaW9uNi9j HTTP/2.0" 200 14051 "-" "Mozilla/5.0 AppleWebKit/537.36 (KHTML, like Gecko; compatible; ClaudeBot/1.0; +claudebot@anthropic.com)"
216.73.216.21 - - [13/Dec/2025:12:16:48 +0000] "GET /Transparencia/Fraccion12/Fraccion13/index.php?gz=L2hvbWUvY3VhdXRsYTEvZGlmLmN1YXV0bGFqYWxpc2NvLmdvYi5teC9UcmFuc3BhcmVuY2lhL0ZyYWNjaW9uMg%3D%3D HTTP/2.0" 200 14051 "-" "Mozilla/5.0 AppleWebKit/537.36 (KHTML, like Gecko; compatible; ClaudeBot/1.0; +claudebot@anthropic.com)"
216.73.216.21 - - [13/Dec/2025:12:16:49 +0000] "GET /Transparencia/Fraccion6/i/c/?zip=L2hvbWUvY3VhdXRsYTEvZGlmLmN1YXV0bGFqYWxpc2NvLmdvYi5teC9UcmFuc3BhcmVuY2lhL0ZyYWNjaW9uNi9n HTTP/2.0" 200 14051 "-" "Mozilla/5.0 AppleWebKit/537.36 (KHTML, like Gecko; compatible; ClaudeBot/1.0; +claudebot@anthropic.com)"
66.249.68.67 - - [13/Dec/2025:12:16:49 +0000] "GET /?i=1292166380502&channel=fa7075&from=shared.php?detail/12711153 HTTP/1.1" 200 220774 "-" "Mozilla/5.0 (Linux; Android 6.0.1; Nexus 5X Build/MMB29P) AppleWebKit/537.36 (KHTML, like Gecko) Chrome/141.0.7390.122 Mobile Safari/537.36 (compatible; Googlebot/2.1; +http://www.google.com/bot.html)"
66.249.68.71 - - [13/Dec/2025:12:16:49 +0000] "GET /?detail/4714886 HTTP/1.1" 200 193589 "-" "Mozilla/5.0 (Linux; Android 6.0.1; Nexus 5X Build/MMB29P) AppleWebKit/537.36 (KHTML, like Gecko) Chrome/141.0.7390.122 Mobile Safari/537.36 (compatible; Googlebot/2.1; +http://www.google.com/bot.html)"
66.249.68.65 - - [13/Dec/2025:12:16:49 +0000] "GET /?i=1292166380502&channel=fa7075&from=shared.php?detail/15308397 HTTP/1.1" 200 213145 "-" "Mozilla/5.0 (Linux; Android 6.0.1; Nexus 5X Build/MMB29P) AppleWebKit/537.36 (KHTML, like Gecko) Chrome/141.0.7390.122 Mobile Safari/537.36 (compatible; Googlebot/2.1; +http://www.google.com/bot.html)"
66.249.68.66 - - [13/Dec/2025:12:16:49 +0000] "GET /?i=1292166380502&channel=fa7075&from=shared.php?detail/26083508 HTTP/1.1" 200 211041 "-" "Mozilla/5.0 (Linux; Android 6.0.1; Nexus 5X Build/MMB29P) AppleWebKit/537.36 (KHTML, like Gecko) Chrome/141.0.7390.122 Mobile Safari/537.36 (compatible; Googlebot/2.1; +http://www.google.com/bot.html)"
216.73.216.21 - - [13/Dec/2025:12:16:48 +0000] "GET /Transparencia/Fraccion6/i/c/?zip=L2hvbWUvY3VhdXRsYTEvZGlmLmN1YXV0bGFqYWxpc2NvLmdvYi5teC9UcmFuc3BhcmVuY2lhL0ZyYWNjaW9uNi9q HTTP/2.0" 200 14051 "-" "Mozilla/5.0 AppleWebKit/537.36 (KHTML, like Gecko; compatible; ClaudeBot/1.0; +claudebot@anthropic.com)"
216.73.216.21 - - [13/Dec/2025:12:16:48 +0000] "GET /Transparencia/Fraccion6/i/c/?gz=L2hvbWUvY3VhdXRsYTEvZGlmLmN1YXV0bGFqYWxpc2NvLmdvYi5teC9UcmFuc3BhcmVuY2lhL0ZyYWNjaW9uNi9r HTTP/2.0" 200 51461 "-" "Mozilla/5.0 AppleWebKit/537.36 (KHTML, like Gecko; compatible; ClaudeBot/1.0; +claudebot@anthropic.com)"
66.249.68.70 - - [13/Dec/2025:12:16:50 +0000] "GET /?i=1292166380502&channel=fa7075&from=shared.php?detail/5020964 HTTP/1.1" 200 223784 "-" "Mozilla/5.0 (Linux; Android 6.0.1; Nexus 5X Build/MMB29P) AppleWebKit/537.36 (KHTML, like Gecko) Chrome/141.0.7390.122 Mobile Safari/537.36 (compatible; Googlebot/2.1; +http://www.google.com/bot.html)"
216.73.216.21 - - [13/Dec/2025:12:16:49 +0000] "GET /Transparencia/Fraccion12/Fraccion13/index.php?gz=L2hvbWUvY3VhdXRsYTEvZGlmLmN1YXV0bGFqYWxpc2NvLmdvYi5teC9UcmFuc3BhcmVuY2lhL0ZyYWNjaW9uMQ%3D%3D HTTP/2.0" 200 14051 "-" "Mozilla/5.0 AppleWebKit/537.36 (KHTML, like Gecko; compatible; ClaudeBot/1.0; +claudebot@anthropic.com)"
66.249.68.66 - - [13/Dec/2025:12:16:50 +0000] "GET /?i=1292166380502&channel=fa7075&from=shared.php?detail/13205486 HTTP/1.1" 200 204758 "-" "Mozilla/5.0 (Linux; Android 6.0.1; Nexus 5X Build/MMB29P) AppleWebKit/537.36 (KHTML, like Gecko) Chrome/141.0.7390.122 Mobile Safari/537.36 (compatible; Googlebot/2.1; +http://www.google.com/bot.html)"
66.249.68.67 - - [13/Dec/2025:12:16:50 +0000] "GET /?i=1292166380502&channel=fa7075&from=shared.php?detail/2097042 HTTP/1.1" 200 209119 "-" "Mozilla/5.0 (Linux; Android 6.0.1; Nexus 5X Build/MMB29P) AppleWebKit/537.36 (KHTML, like Gecko) Chrome/141.0.7390.122 Mobile Safari/537.36 (compatible; Googlebot/2.1; +http://www.google.com/bot.html)"
66.249.68.66 - - [13/Dec/2025:12:16:51 +0000] "GET /?i=1292166380502&channel=fa7075&from=shared.php?detail/5239320 HTTP/1.1" 200 233511 "-" "Mozilla/5.0 (Linux; Android 6.0.1; Nexus 5X Build/MMB29P) AppleWebKit/537.36 (KHTML, like Gecko) Chrome/141.0.7390.122 Mobile Safari/537.36 (compatible; Googlebot/2.1; +http://www.google.com/bot.html)"
66.249.68.65 - - [13/Dec/2025:12:16:51 +0000] "GET /?i=1292166380502&channel=fa7075&from=shared.php?detail/18802486 HTTP/1.1" 200 205575 "-" "Mozilla/5.0 (Linux; Android 6.0.1; Nexus 5X Build/MMB29P) AppleWebKit/537.36 (KHTML, like Gecko) Chrome/141.0.7390.122 Mobile Safari/537.36 (compatible; Googlebot/2.1; +http://www.google.com/bot.html)"
66.249.68.66 - - [13/Dec/2025:12:16:51 +0000] "GET /?i=1292166380502&channel=fa7075&from=shared.php?detail/10522764 HTTP/1.1" 200 222980 "-" "Mozilla/5.0 (Linux; Android 6.0.1; Nexus 5X Build/MMB29P) AppleWebKit/537.36 (KHTML, like Gecko) Chrome/141.0.7390.122 Mobile Safari/537.36 (compatible; Googlebot/2.1; +http://www.google.com/bot.html)"
66.249.68.64 - - [13/Dec/2025:12:16:51 +0000] "GET /?i=1292166380502&channel=fa7075&from=shared.php?detail/9757631 HTTP/1.1" 200 206961 "-" "Mozilla/5.0 (Linux; Android 6.0.1; Nexus 5X Build/MMB29P) AppleWebKit/537.36 (KHTML, like Gecko) Chrome/141.0.7390.122 Mobile Safari/537.36 (compatible; Googlebot/2.1; +http://www.google.com/bot.html)"
66.249.68.66 - - [13/Dec/2025:12:16:51 +0000] "GET /?i=1292166380502&channel=fa7075&from=shared.php?detail/14510386 HTTP/1.1" 200 205731 "-" "Mozilla/5.0 (Linux; Android 6.0.1; Nexus 5X Build/MMB29P) AppleWebKit/537.36 (KHTML, like Gecko) Chrome/141.0.7390.122 Mobile Safari/537.36 (compatible; Googlebot/2.1; +http://www.google.com/bot.html)"
66.249.68.65 - - [13/Dec/2025:12:16:51 +0000] "GET /?i=1292166380502&channel=fa7075&from=shared.php?detail/23787320 HTTP/1.1" 200 209941 "-" "Mozilla/5.0 (Linux; Android 6.0.1; Nexus 5X Build/MMB29P) AppleWebKit/537.36 (KHTML, like Gecko) Chrome/141.0.7390.122 Mobile Safari/537.36 (compatible; Googlebot/2.1; +http://www.google.com/bot.html)"
216.73.216.21 - - [13/Dec/2025:12:16:47 +0000] "GET /Transparencia/Fraccion6/i/c/?gz=L2hvbWUvY3VhdXRsYTEvZGlmLmN1YXV0bGFqYWxpc2NvLmdvYi5teC9UcmFuc3BhcmVuY2lhL0ZyYWNjaW9uNi9i HTTP/2.0" 200 56934 "-" "Mozilla/5.0 AppleWebKit/537.36 (KHTML, like Gecko; compatible; ClaudeBot/1.0; +claudebot@anthropic.com)"
66.249.68.65 - - [13/Dec/2025:12:16:52 +0000] "GET /?i=1292166380502&channel=fa7075&from=shared.php?detail/8042008 HTTP/1.1" 200 212216 "-" "Mozilla/5.0 (Linux; Android 6.0.1; Nexus 5X Build/MMB29P) AppleWebKit/537.36 (KHTML, like Gecko) Chrome/141.0.7390.122 Mobile Safari/537.36 (compatible; Googlebot/2.1; +http://www.google.com/bot.html)"
66.249.68.67 - - [13/Dec/2025:12:16:52 +0000] "GET /?i=1292166380502&channel=fa7075&from=shared.php?detail/8269653 HTTP/1.1" 200 221144 "-" "Mozilla/5.0 (Linux; Android 6.0.1; Nexus 5X Build/MMB29P) AppleWebKit/537.36 (KHTML, like Gecko) Chrome/141.0.7390.122 Mobile Safari/537.36 (compatible; Googlebot/2.1; +http://www.google.com/bot.html)"
66.249.68.71 - - [13/Dec/2025:12:16:52 +0000] "GET /?detail/30559308 HTTP/1.1" 200 192787 "-" "Mozilla/5.0 (Linux; Android 6.0.1; Nexus 5X Build/MMB29P) AppleWebKit/537.36 (KHTML, like Gecko) Chrome/141.0.7390.122 Mobile Safari/537.36 (compatible; Googlebot/2.1; +http://www.google.com/bot.html)"
66.249.68.65 - - [13/Dec/2025:12:16:53 +0000] "GET /?i=1292166380502&channel=fa7075&from=shared.php?detail/6184953 HTTP/1.1" 200 214612 "-" "Mozilla/5.0 (Linux; Android 6.0.1; Nexus 5X Build/MMB29P) AppleWebKit/537.36 (KHTML, like Gecko) Chrome/141.0.7390.122 Mobile Safari/537.36 (compatible; Googlebot/2.1; +http://www.google.com/bot.html)"
66.249.68.64 - - [13/Dec/2025:12:16:53 +0000] "GET /?i=1292166380502&channel=fa7075&from=shared.php?detail/15102753 HTTP/1.1" 200 212808 "-" "Mozilla/5.0 (Linux; Android 6.0.1; Nexus 5X Build/MMB29P) AppleWebKit/537.36 (KHTML, like Gecko) Chrome/141.0.7390.122 Mobile Safari/537.36 (compatible; Googlebot/2.1; +http://www.google.com/bot.html)"
66.249.68.71 - - [13/Dec/2025:12:16:53 +0000] "GET /?detail/17476642 HTTP/1.1" 200 194032 "-" "Mozilla/5.0 (Linux; Android 6.0.1; Nexus 5X Build/MMB29P) AppleWebKit/537.36 (KHTML, like Gecko) Chrome/141.0.7390.122 Mobile Safari/537.36 (compatible; Googlebot/2.1; +http://www.google.com/bot.html)"
66.249.68.70 - - [13/Dec/2025:12:16:53 +0000] "GET /?i=1292166380502&channel=fa7075&from=shared.php?detail/9163420 HTTP/1.1" 200 211636 "-" "Mozilla/5.0 (Linux; Android 6.0.1; Nexus 5X Build/MMB29P) AppleWebKit/537.36 (KHTML, like Gecko) Chrome/141.0.7390.122 Mobile Safari/537.36 (compatible; Googlebot/2.1; +http://www.google.com/bot.html)"
216.73.216.21 - - [13/Dec/2025:12:16:48 +0000] "GET /Transparencia/Fraccion12/Fraccion13/index.php?gz=L2hvbWUvY3VhdXRsYTEvZGlmLmN1YXV0bGFqYWxpc2NvLmdvYi5teC9UcmFuc3BhcmVuY2lhL0ZyYWNjaW9uNg%3D%3D HTTP/2.0" 200 14051 "-" "Mozilla/5.0 AppleWebKit/537.36 (KHTML, like Gecko; compatible; ClaudeBot/1.0; +claudebot@anthropic.com)"
216.73.216.21 - - [13/Dec/2025:12:16:48 +0000] "GET /Transparencia/Fraccion6/i/c/?gz=L2hvbWUvY3VhdXRsYTEvZGlmLmN1YXV0bGFqYWxpc2NvLmdvYi5teC9UcmFuc3BhcmVuY2lhL0ZyYWNjaW9uNi9m HTTP/2.0" 200 58056 "-" "Mozilla/5.0 AppleWebKit/537.36 (KHTML, like Gecko; compatible; ClaudeBot/1.0; +claudebot@anthropic.com)"
66.249.68.65 - - [13/Dec/2025:12:16:54 +0000] "GET /?i=1292166380502&channel=fa7075&from=shared.php?detail/4608220 HTTP/1.1" 200 211552 "-" "Mozilla/5.0 (Linux; Android 6.0.1; Nexus 5X Build/MMB29P) AppleWebKit/537.36 (KHTML, like Gecko) Chrome/141.0.7390.122 Mobile Safari/537.36 (compatible; Googlebot/2.1; +http://www.google.com/bot.html)"
66.249.68.71 - - [13/Dec/2025:12:16:54 +0000] "GET /?i=1292166380502&channel=fa7075&from=shared.php?detail/8055975 HTTP/1.1" 200 209028 "-" "Mozilla/5.0 (Linux; Android 6.0.1; Nexus 5X Build/MMB29P) AppleWebKit/537.36 (KHTML, like Gecko) Chrome/141.0.7390.122 Mobile Safari/537.36 (compatible; Googlebot/2.1; +http://www.google.com/bot.html)"
66.249.68.71 - - [13/Dec/2025:12:16:54 +0000] "GET /?i=1292166380502&channel=fa7075&from=shared.php?detail/22996220 HTTP/1.1" 200 206736 "-" "Mozilla/5.0 (Linux; Android 6.0.1; Nexus 5X Build/MMB29P) AppleWebKit/537.36 (KHTML, like Gecko) Chrome/141.0.7390.122 Mobile Safari/537.36 (compatible; Googlebot/2.1; +http://www.google.com/bot.html)"
