66.249.68.3 - - [13/Dec/2025:17:45:19 +0000] "GET /transparencia_files/Articulo_8/Fraccion_III/b/NO%20PROGRAMAS%20FEDERALES%20NOVIEMBRE025.pdf HTTP/1.1" 304 - "-" "Mozilla/5.0 (Linux; Android 6.0.1; Nexus 5X Build/MMB29P) AppleWebKit/537.36 (KHTML, like Gecko) Chrome/141.0.7390.122 Mobile Safari/537.36 (compatible; Googlebot/2.1; +http://www.google.com/bot.html)"
66.249.68.3 - - [13/Dec/2025:17:45:24 +0000] "GET /transparencia_files/Articulo_8/Fraccion_I/g/AdmonTransparencia2027/Ordinarias/03%20%20SESI%C3%93N%20ORDINARIA%20DEL%20COMIT%C3%89%20DE%20TRANSPARENCIA%20DEL%20H%20AYUNTAMIENTO%20DE%20CUAUTLA%20JALISCO.pdf HTTP/1.1" 304 - "-" "Mozilla/5.0 (Linux; Android 6.0.1; Nexus 5X Build/MMB29P) AppleWebKit/537.36 (KHTML, like Gecko) Chrome/141.0.7390.122 Mobile Safari/537.36 (compatible; Googlebot/2.1; +http://www.google.com/bot.html)"
40.77.167.235 - - [13/Dec/2025:17:45:25 +0000] "GET /36034400.html HTTP/2.0" 500 715 "-" "Mozilla/5.0 AppleWebKit/537.36 (KHTML, like Gecko; compatible; bingbot/2.0; +http://www.bing.com/bingbot.htm) Chrome/116.0.1938.76 Safari/537.36"
66.249.68.3 - - [13/Dec/2025:17:45:33 +0000] "GET /transparencia_files/Articulo_8/Fraccion_V/v/11%20POLIZAS%20DE%20CHEQUES%20NOVIEMBRE%202023.pdf HTTP/1.1" 304 - "-" "Mozilla/5.0 (Linux; Android 6.0.1; Nexus 5X Build/MMB29P) AppleWebKit/537.36 (KHTML, like Gecko) Chrome/141.0.7390.122 Mobile Safari/537.36 (compatible; Googlebot/2.1; +http://www.google.com/bot.html)"
185.220.101.135 - - [13/Dec/2025:17:45:33 +0000] "POST /xmlrpc.php HTTP/1.1" 500 715 "https://www.google.com/" "Mozilla/5.0 (Macintosh; Intel Mac OS X 10_10; rv:33.0) Gecko/20100101 Firefox/33.0"
87.120.222.33 - - [13/Dec/2025:17:45:34 +0000] "POST /xmlrpc.php HTTP/1.1" 500 715 "https://www.google.com/" "Mozilla/5.0 (Windows NT 5.1; Win64; x64) AppleWebKit/537.36 (KHTML, like Gecko) Chrome/60.0.3112.90 Safari/537.36"
66.249.68.67 - - [13/Dec/2025:17:45:42 +0000] "GET /transparencia_files/Nombramientos/Nombramientos%202024-2027/NOMBRAMIENTO%20INTENDENTE%20%20MARIA%20DE%20JESUS.pdf HTTP/1.1" 304 - "-" "Mozilla/5.0 (Linux; Android 6.0.1; Nexus 5X Build/MMB29P) AppleWebKit/537.36 (KHTML, like Gecko) Chrome/141.0.7390.122 Mobile Safari/537.36 (compatible; Googlebot/2.1; +http://www.google.com/bot.html)"
66.249.68.5 - - [13/Dec/2025:17:46:30 +0000] "GET /transparencia_files/Articulo_8/Fraccion_V/x/2019/INFRAESTRUCTURA%207455%20NOVIEMBRE%202020.pdf HTTP/1.1" 304 - "-" "Mozilla/5.0 (Linux; Android 6.0.1; Nexus 5X Build/MMB29P) AppleWebKit/537.36 (KHTML, like Gecko) Chrome/141.0.7390.122 Mobile Safari/537.36 (compatible; Googlebot/2.1; +http://www.google.com/bot.html)"
66.249.68.4 - - [13/Dec/2025:17:46:30 +0000] "GET /robots.txt HTTP/1.1" 500 715 "-" "Mozilla/5.0 (compatible; Googlebot/2.1; +http://www.google.com/bot.html)"
162.243.170.79 - - [13/Dec/2025:17:46:32 +0000] "GET /transparencia_files/Articulo_8/Fraccion_VI/j/DECIMA%20SEPTIMA%20%20SESION%20EXTRAORDINARIA%20DE%20COMITE%20DE%20TRANSPARENCIA%202021-2024.pdf HTTP/1.1" 500 715 "-" "Mozilla/5.0 (Macintosh; Intel Mac OS X 10_15_7) AppleWebKit/537.36 (KHTML, like Gecko) Chrome/135.0.0.0 Safari/537.36"
192.241.152.161 - - [13/Dec/2025:17:46:33 +0000] "GET /transparencia_files/Articulo_8/Fraccion_VI/j/DECIMA%20SEPTIMA%20%20SESION%20EXTRAORDINARIA%20DE%20COMITE%20DE%20TRANSPARENCIA%202021-2024.pdf HTTP/1.1" 500 715 "-" "Mozilla/5.0 (Macintosh; Intel Mac OS X 10_15_7) AppleWebKit/537.36 (KHTML, like Gecko) Chrome/135.0.0.0 Safari/537.36"
206.189.178.204 - - [13/Dec/2025:17:46:35 +0000] "GET /transparencia_files/Articulo_8/Fraccion_VI/j/DECIMA%20SEPTIMA%20%20SESION%20EXTRAORDINARIA%20DE%20COMITE%20DE%20TRANSPARENCIA%202021-2024.pdf HTTP/1.1" 500 715 "-" "Mozilla/5.0 (Macintosh; Intel Mac OS X 10_15_7) AppleWebKit/537.36 (KHTML, like Gecko) Chrome/135.0.0.0 Safari/537.36"
66.249.68.4 - - [13/Dec/2025:17:46:36 +0000] "GET /transparencia_files/Articulo_8/Fraccion_VI/g/Licencias%20y%20Permisos/Licencias%20Municipales%202021.xlsx HTTP/1.1" 304 - "-" "Mozilla/5.0 (Linux; Android 6.0.1; Nexus 5X Build/MMB29P) AppleWebKit/537.36 (KHTML, like Gecko) Chrome/141.0.7390.122 Mobile Safari/537.36 (compatible; Googlebot/2.1; +http://www.google.com/bot.html)"
66.249.68.5 - - [13/Dec/2025:17:46:57 +0000] "GET /transparencia_files/Articulo_8/Fraccion_I/g/Sesiones%20Ordinarias/OCTAVA%20SESION%20ORDINARIA.pdf HTTP/1.1" 304 - "-" "Mozilla/5.0 (Linux; Android 6.0.1; Nexus 5X Build/MMB29P) AppleWebKit/537.36 (KHTML, like Gecko) Chrome/141.0.7390.122 Mobile Safari/537.36 (compatible; Googlebot/2.1; +http://www.google.com/bot.html)"
66.249.68.5 - - [13/Dec/2025:17:47:00 +0000] "GET /transparencia_files/Articulo_8/Fraccion_VI/g/Ecologia/Permisos%20mes%20de%20enero%202021%20ecologia.xlsx HTTP/1.1" 304 - "-" "Mozilla/5.0 (Linux; Android 6.0.1; Nexus 5X Build/MMB29P) AppleWebKit/537.36 (KHTML, like Gecko) Chrome/141.0.7390.122 Mobile Safari/537.36 (compatible; Googlebot/2.1; +http://www.google.com/bot.html)"
66.249.68.3 - - [13/Dec/2025:17:47:13 +0000] "GET /transparencia_files/Articulo_8/Fraccion_VI/g/Obras/Permisos%20obras%20mes%20de%20abril%202021.xlsx HTTP/1.1" 304 - "-" "Mozilla/5.0 (Linux; Android 6.0.1; Nexus 5X Build/MMB29P) AppleWebKit/537.36 (KHTML, like Gecko) Chrome/141.0.7390.122 Mobile Safari/537.36 (compatible; Googlebot/2.1; +http://www.google.com/bot.html)"
66.249.68.3 - - [13/Dec/2025:17:47:30 +0000] "GET /transparencia_files/Articulo_8/Fraccion_VI/g/Obras/Permisos%20Obras%20Abril%202021.xlsx HTTP/1.1" 304 - "-" "Mozilla/5.0 (Linux; Android 6.0.1; Nexus 5X Build/MMB29P) AppleWebKit/537.36 (KHTML, like Gecko) Chrome/141.0.7390.122 Mobile Safari/537.36 (compatible; Googlebot/2.1; +http://www.google.com/bot.html)"
66.249.68.3 - - [13/Dec/2025:17:47:41 +0000] "GET /transparencia_files/Articulo_8/Fraccion_VI/g/Ecologia/Permisos%20mes%20de%20octubre%20ecologia.xlsx HTTP/1.1" 304 - "-" "Mozilla/5.0 (Linux; Android 6.0.1; Nexus 5X Build/MMB29P) AppleWebKit/537.36 (KHTML, like Gecko) Chrome/141.0.7390.122 Mobile Safari/537.36 (compatible; Googlebot/2.1; +http://www.google.com/bot.html)"
66.249.68.3 - - [13/Dec/2025:17:47:41 +0000] "GET /robots.txt HTTP/1.1" 500 715 "-" "Mozilla/5.0 (compatible; Googlebot/2.1; +http://www.google.com/bot.html)"
40.77.167.121 - - [13/Dec/2025:17:47:53 +0000] "GET /57090720.html HTTP/2.0" 500 715 "-" "Mozilla/5.0 AppleWebKit/537.36 (KHTML, like Gecko; compatible; bingbot/2.0; +http://www.bing.com/bingbot.htm) Chrome/116.0.1938.76 Safari/537.36"
66.249.68.3 - - [13/Dec/2025:17:48:00 +0000] "GET /transparencia_files/Articulo_8/Fraccion_VI/g/Obras/Permisos%20obras%20mes%20de%20abril.xlsx HTTP/1.1" 304 - "-" "Mozilla/5.0 (Linux; Android 6.0.1; Nexus 5X Build/MMB29P) AppleWebKit/537.36 (KHTML, like Gecko) Chrome/141.0.7390.122 Mobile Safari/537.36 (compatible; Googlebot/2.1; +http://www.google.com/bot.html)"
66.249.68.3 - - [13/Dec/2025:17:48:05 +0000] "GET /transparencia_files/Articulo_8/Fraccion_VI/g/Licencias%20y%20Permisos/Permisos%20mes%20de%20DICIEMBRE%20%28ecologia%29.xlsx HTTP/1.1" 304 - "-" "Mozilla/5.0 (Linux; Android 6.0.1; Nexus 5X Build/MMB29P) AppleWebKit/537.36 (KHTML, like Gecko) Chrome/141.0.7390.122 Mobile Safari/537.36 (compatible; Googlebot/2.1; +http://www.google.com/bot.html)"
66.249.68.3 - - [13/Dec/2025:17:48:18 +0000] "GET /transparencia_files/Articulo_8/Fraccion_V/i/2025/05%20MAYO%202025.pdf HTTP/1.1" 304 - "-" "Mozilla/5.0 (Linux; Android 6.0.1; Nexus 5X Build/MMB29P) AppleWebKit/537.36 (KHTML, like Gecko) Chrome/141.0.7390.122 Mobile Safari/537.36 (compatible; Googlebot/2.1; +http://www.google.com/bot.html)"
66.249.68.3 - - [13/Dec/2025:17:48:35 +0000] "GET /favicon.ico HTTP/1.1" 500 715 "-" "Googlebot-Image/1.0"
66.249.68.3 - - [13/Dec/2025:17:48:36 +0000] "GET /favicon.ico HTTP/1.1" 500 715 "-" "Googlebot-Image/1.0"
66.249.68.3 - - [13/Dec/2025:17:48:38 +0000] "GET /transparencia_files/Articulo_8/Fraccion_VI/g/Obras/Permisos%20obras%20mes%20de%20agosto.xlsx HTTP/1.1" 304 - "-" "Mozilla/5.0 (Linux; Android 6.0.1; Nexus 5X Build/MMB29P) AppleWebKit/537.36 (KHTML, like Gecko) Chrome/141.0.7390.122 Mobile Safari/537.36 (compatible; Googlebot/2.1; +http://www.google.com/bot.html)"
40.77.167.58 - - [13/Dec/2025:17:49:05 +0000] "GET /36016520.html HTTP/2.0" 500 715 "-" "Mozilla/5.0 AppleWebKit/537.36 (KHTML, like Gecko; compatible; bingbot/2.0; +http://www.bing.com/bingbot.htm) Chrome/116.0.1938.76 Safari/537.36"
66.249.68.3 - - [13/Dec/2025:17:49:12 +0000] "GET /transparencia_files/Articulo_8/Fraccion_V/r/patrimonio2007.pdf HTTP/1.1" 200 9482001 "-" "Mozilla/5.0 AppleWebKit/537.36 (KHTML, like Gecko; compatible; GoogleOther) Chrome/141.0.7390.122 Safari/537.36"
66.249.68.4 - - [13/Dec/2025:17:49:12 +0000] "GET /transparencia_files/Articulo_8/Fraccion_I/g/Acta%20Once%20Sesion%20Transparencia.pdf HTTP/1.1" 200 337439 "-" "Mozilla/5.0 AppleWebKit/537.36 (KHTML, like Gecko; compatible; GoogleOther) Chrome/141.0.7390.122 Safari/537.36"
66.249.68.4 - - [13/Dec/2025:17:49:12 +0000] "GET /transparencia_files/Articulo_8/Fraccion_V/x/2019/INFRAESTRUCTURA%204389%20Agosto%202019.pdf HTTP/1.1" 200 164450 "-" "Mozilla/5.0 AppleWebKit/537.36 (KHTML, like Gecko; compatible; GoogleOther) Chrome/141.0.7390.122 Safari/537.36"
66.249.68.4 - - [13/Dec/2025:17:49:12 +0000] "GET /transparencia_files/Articulo_8/Fraccion_II/d/ReglamentosMunicipales/Reglamento%20de%20Comisaria%20de%20Seguridad%20Publica.pdf HTTP/1.1" 200 478567 "-" "Mozilla/5.0 AppleWebKit/537.36 (KHTML, like Gecko; compatible; GoogleOther) Chrome/141.0.7390.122 Safari/537.36"
66.249.68.3 - - [13/Dec/2025:17:49:12 +0000] "GET /transparencia_files/Articulo_8/Fraccion_V/x/2016/agosto2016.pdf HTTP/1.1" 200 4237679 "-" "Mozilla/5.0 AppleWebKit/537.36 (KHTML, like Gecko; compatible; GoogleOther) Chrome/141.0.7390.122 Safari/537.36"
66.249.68.4 - - [13/Dec/2025:17:49:13 +0000] "GET /transparencia_files/Articulo_8/Fraccion_V/l/Montos%20Pagados%20por%20Ayudas%20y%20Subsidios%20Octubre%20a%20Diciembre%202020.pdf HTTP/1.1" 200 94301 "-" "Mozilla/5.0 AppleWebKit/537.36 (KHTML, like Gecko; compatible; GoogleOther) Chrome/141.0.7390.122 Safari/537.36"
66.249.68.4 - - [13/Dec/2025:17:49:13 +0000] "GET /transparencia_files/Articulo_8/Fraccion_I/g/conformaciontransparencia.pdf HTTP/1.1" 200 3135334 "-" "Mozilla/5.0 AppleWebKit/537.36 (KHTML, like Gecko; compatible; GoogleOther) Chrome/141.0.7390.122 Safari/537.36"
66.249.68.69 - - [13/Dec/2025:17:49:21 +0000] "GET /robots.txt HTTP/1.1" 500 715 "-" "Mozilla/5.0 (compatible; Googlebot/2.1; +http://www.google.com/bot.html)"
66.249.68.69 - - [13/Dec/2025:17:49:21 +0000] "GET /transparencia_files/Articulo_8/Fraccion_V/g/2023/PRESIDENCIA%20DEL%2001%20AL%2015%20DE%20DICIEMBRE%202023.pdf HTTP/1.1" 304 - "-" "Mozilla/5.0 (Linux; Android 6.0.1; Nexus 5X Build/MMB29P) AppleWebKit/537.36 (KHTML, like Gecko) Chrome/141.0.7390.122 Mobile Safari/537.36 (compatible; Googlebot/2.1; +http://www.google.com/bot.html)"
66.249.68.68 - - [13/Dec/2025:17:49:23 +0000] "GET /transparencia_files/Articulo_8/Fraccion_XIV/Primer%20Trimestre%202022/Estado%20Financiero/F5%20ESTADO%20ANALI%CC%81TICO%20DEL%20ACTIVO.xlsx HTTP/1.1" 304 - "-" "Mozilla/5.0 (Linux; Android 6.0.1; Nexus 5X Build/MMB29P) AppleWebKit/537.36 (KHTML, like Gecko) Chrome/141.0.7390.122 Mobile Safari/537.36 (compatible; Googlebot/2.1; +http://www.google.com/bot.html)"
66.249.68.4 - - [13/Dec/2025:17:49:27 +0000] "GET /transparencia_files/Articulo_8/Fraccion_VI/j/Transparencia%202021-2024/Colegiados/ACTA%20DE%20ACTUALIZACION%20DE%20CONSEJO%20MUNICIPAL%20DE%20PROTECCION%20CIVIL%20DE%20CUAUTLA%20JALISCO%202021-2024%2C%2029-OCT-2021%2CADMON%202021-2024.pdf HTTP/1.1" 304 - "-" "Mozilla/5.0 (Linux; Android 6.0.1; Nexus 5X Build/MMB29P) AppleWebKit/537.36 (KHTML, like Gecko) Chrome/141.0.7390.122 Mobile Safari/537.36 (compatible; Googlebot/2.1; +http://www.google.com/bot.html)"
66.249.68.6 - - [13/Dec/2025:17:49:28 +0000] "GET /transparencia_files/Articulo_8/Fraccion_VI/g/Sindicatura/2023/PERMISOS%20DE%20EVENTOS%20SINDICATURA%20ENERO%202023.pdf HTTP/1.1" 200 142922 "-" "Mozilla/5.0 AppleWebKit/537.36 (KHTML, like Gecko; compatible; GoogleOther) Chrome/141.0.7390.122 Safari/537.36"
66.249.68.5 - - [13/Dec/2025:17:49:28 +0000] "GET /transparencia_files/Articulo_8/Fraccion_I/g/sesion3.pdf HTTP/1.1" 200 521270 "-" "Mozilla/5.0 AppleWebKit/537.36 (KHTML, like Gecko; compatible; GoogleOther) Chrome/141.0.7390.122 Safari/537.36"
66.249.68.5 - - [13/Dec/2025:17:49:29 +0000] "GET /transparencia_files/Articulo_8/Fraccion_VI/d/PROGRAMA%20NO%20SOCIALES%20Noviembre%202021.pdf HTTP/1.1" 200 243600 "-" "Mozilla/5.0 AppleWebKit/537.36 (KHTML, like Gecko; compatible; GoogleOther) Chrome/141.0.7390.122 Safari/537.36"
66.249.68.4 - - [13/Dec/2025:17:49:29 +0000] "GET /transparencia_files/Articulo_8/Fraccion_IV/c/Manual%20de%20organizacion%20de%20Cuautla%20ADMON%202021-2024.pdf HTTP/1.1" 200 2720914 "-" "Mozilla/5.0 AppleWebKit/537.36 (KHTML, like Gecko; compatible; GoogleOther) Chrome/141.0.7390.122 Safari/537.36"
66.249.68.8 - - [13/Dec/2025:17:49:29 +0000] "GET /transparencia_files/Articulo_8/Fraccion_V/x/2019/FONDEREG%202018%201717%20Septiembre%202019.pdf HTTP/1.1" 200 160690 "-" "Mozilla/5.0 AppleWebKit/537.36 (KHTML, like Gecko; compatible; GoogleOther) Chrome/141.0.7390.122 Safari/537.36"
66.249.68.8 - - [13/Dec/2025:17:49:29 +0000] "GET /transparencia_files/Articulo_8/Fraccion_V/r/entregafomento.pdf HTTP/1.1" 200 1522525 "-" "Mozilla/5.0 AppleWebKit/537.36 (KHTML, like Gecko; compatible; GoogleOther) Chrome/141.0.7390.122 Safari/537.36"
66.249.68.5 - - [13/Dec/2025:17:49:29 +0000] "GET /transparencia_files/Articulo_8/Fraccion_VI/g/Sindicatura/2022/PERMISOS%20DE%20EVENTOS%20SINDICATURA%20AGOSTO%202022.pdf HTTP/1.1" 200 4085643 "-" "Mozilla/5.0 AppleWebKit/537.36 (KHTML, like Gecko; compatible; GoogleOther) Chrome/141.0.7390.122 Safari/537.36"
66.249.68.5 - - [13/Dec/2025:17:49:30 +0000] "GET /transparencia_files/Articulo_8/Fraccion_V/v/6%20POLIZAS%20DE%20CHEQUES%20JUNIO%202023.pdf HTTP/1.1" 200 61299 "-" "Mozilla/5.0 AppleWebKit/537.36 (KHTML, like Gecko; compatible; GoogleOther) Chrome/141.0.7390.122 Safari/537.36"
66.249.68.4 - - [13/Dec/2025:17:49:33 +0000] "GET /transparencia_files/Articulo_8/Fraccion_VI/b/2024-2027/CATALOGO%20DE%20TRAMITES%20Y%20SERVICIOS%20REGISTRO%20CIVIL%202025.pdf HTTP/1.1" 304 - "-" "Mozilla/5.0 (Linux; Android 6.0.1; Nexus 5X Build/MMB29P) AppleWebKit/537.36 (KHTML, like Gecko) Chrome/141.0.7390.122 Mobile Safari/537.36 (compatible; Googlebot/2.1; +http://www.google.com/bot.html)"
66.249.68.68 - - [13/Dec/2025:17:49:33 +0000] "GET /transparencia_files/Articulo_15/Fraccion_XI/2022/VOLANTE%20DE%20CONTROL%20DE%20REGISTRO%20CIVIL%20ENERO%202022.pdf HTTP/1.1" 304 - "-" "Mozilla/5.0 (Linux; Android 6.0.1; Nexus 5X Build/MMB29P) AppleWebKit/537.36 (KHTML, like Gecko) Chrome/141.0.7390.122 Mobile Safari/537.36 (compatible; Googlebot/2.1; +http://www.google.com/bot.html)"
66.249.68.5 - - [13/Dec/2025:17:49:36 +0000] "GET /transparencia_files/Articulo_8/Fraccion_IV/d/Otros/Manual%20de%20operacion%20fomento.pdf HTTP/1.1" 304 - "-" "Mozilla/5.0 (Linux; Android 6.0.1; Nexus 5X Build/MMB29P) AppleWebKit/537.36 (KHTML, like Gecko) Chrome/141.0.7390.122 Mobile Safari/537.36 (compatible; Googlebot/2.1; +http://www.google.com/bot.html)"
20.169.78.179 - - [13/Dec/2025:17:49:43 +0000] "GET /transparencia_files/Articulo_8/Fraccion_VI/b/2024-2027/CATALOGO%20DE%20TRAMITES%20Y%20SERVICIOS%20REGISTRO%20CIVIL%202025.pdf HTTP/2.0" 200 124005 "-" "Mozilla/5.0 AppleWebKit/537.36 (KHTML, like Gecko); compatible; ChatGPT-User/1.0; +https://openai.com/bot"
66.249.68.67 - - [13/Dec/2025:17:49:45 +0000] "GET /transparencia_files/Articulo_8/Fraccion_V/g/2016/agosto12016.pdf HTTP/1.1" 304 - "-" "Mozilla/5.0 (Linux; Android 6.0.1; Nexus 5X Build/MMB29P) AppleWebKit/537.36 (KHTML, like Gecko) Chrome/141.0.7390.122 Mobile Safari/537.36 (compatible; Googlebot/2.1; +http://www.google.com/bot.html)"
66.249.68.67 - - [13/Dec/2025:17:49:46 +0000] "GET /transparencia_files/Articulo_15/Fraccion_VI/Manuales%20Servicios/MANUAL%20DE%20SERVICIOS%20ECOLOGIA.pdf HTTP/1.1" 304 - "-" "Mozilla/5.0 (Linux; Android 6.0.1; Nexus 5X Build/MMB29P) AppleWebKit/537.36 (KHTML, like Gecko) Chrome/141.0.7390.122 Mobile Safari/537.36 (compatible; Googlebot/2.1; +http://www.google.com/bot.html)"
66.249.68.4 - - [13/Dec/2025:17:49:46 +0000] "GET /transparencia_files/Articulo_8/Fraccion_V/x/02%20Estados%20de%20Cuentas%20Febrero%202023.pdf HTTP/1.1" 500 715 "-" "Googlebot/2.1 (+http://www.google.com/bot.html)"
66.249.68.5 - - [13/Dec/2025:17:49:46 +0000] "GET /transparencia_files/Articulo_8/Fraccion_V/x/2019/FONDO%20DE%20AHORRO%201717%20MARZO.pdf HTTP/1.1" 304 - "-" "Mozilla/5.0 (Linux; Android 6.0.1; Nexus 5X Build/MMB29P) AppleWebKit/537.36 (KHTML, like Gecko) Chrome/141.0.7390.122 Mobile Safari/537.36 (compatible; Googlebot/2.1; +http://www.google.com/bot.html)"
66.249.68.6 - - [13/Dec/2025:17:50:01 +0000] "GET /transparencia_files/Articulo_8/Fraccion_VI/n/Oficialia/2022/INFORME%20ESTADISTICO%20VIAJES%20%20NOVIEMBRE%202022.docx HTTP/1.1" 304 - "-" "Mozilla/5.0 (Linux; Android 6.0.1; Nexus 5X Build/MMB29P) AppleWebKit/537.36 (KHTML, like Gecko) Chrome/141.0.7390.122 Mobile Safari/537.36 (compatible; Googlebot/2.1; +http://www.google.com/bot.html)"
66.249.68.7 - - [13/Dec/2025:17:50:02 +0000] "GET /transparencia_files/Articulo_8/Fraccion_VI/n/Seguridad%20Publica/FEBRERO%202024.docx HTTP/1.1" 304 - "-" "Mozilla/5.0 (Linux; Android 6.0.1; Nexus 5X Build/MMB29P) AppleWebKit/537.36 (KHTML, like Gecko) Chrome/141.0.7390.122 Mobile Safari/537.36 (compatible; Googlebot/2.1; +http://www.google.com/bot.html)"
66.249.68.8 - - [13/Dec/2025:17:50:06 +0000] "GET /transparencia_files/Articulo_8/Fraccion_VI/n/Oficialia/2023/INFORME%20ESTADISTICO%20OFICIALIA%20MAYOR%20%28MAYO%29%202023.docx HTTP/1.1" 304 - "-" "Mozilla/5.0 (Linux; Android 6.0.1; Nexus 5X Build/MMB29P) AppleWebKit/537.36 (KHTML, like Gecko) Chrome/141.0.7390.122 Mobile Safari/537.36 (compatible; Googlebot/2.1; +http://www.google.com/bot.html)"
66.249.68.5 - - [13/Dec/2025:17:50:15 +0000] "GET /transparencia_files/Articulo_8/Fraccion_V/i/2024/11%20NOVIEMBRE%202024.pdf HTTP/1.1" 304 - "-" "Mozilla/5.0 (Linux; Android 6.0.1; Nexus 5X Build/MMB29P) AppleWebKit/537.36 (KHTML, like Gecko) Chrome/141.0.7390.122 Mobile Safari/537.36 (compatible; Googlebot/2.1; +http://www.google.com/bot.html)"
66.249.68.6 - - [13/Dec/2025:17:50:16 +0000] "GET /transparencia_files/Articulo_8/Fraccion_VI/n/Sindicatura/2023/JUNIO%202023%20ESTADISTICA%20SINDICATURA.pdf HTTP/1.1" 200 277878 "-" "Googlebot/2.1 (+http://www.google.com/bot.html)"
66.249.68.6 - - [13/Dec/2025:17:50:20 +0000] "GET /transparencia_files/Articulo_8/Fraccion_V/l/SUBSIDIOS%20RECIBIDOS%20OCTUBRE2019.xlsx HTTP/1.1" 304 - "-" "Mozilla/5.0 (Linux; Android 6.0.1; Nexus 5X Build/MMB29P) AppleWebKit/537.36 (KHTML, like Gecko) Chrome/141.0.7390.122 Mobile Safari/537.36 (compatible; Googlebot/2.1; +http://www.google.com/bot.html)"
66.249.68.3 - - [13/Dec/2025:17:50:24 +0000] "GET /transparencia_files/Articulo_8/Fraccion_VI/n/Seguridad%20Publica/AGOSTO%202023.docx HTTP/1.1" 304 - "-" "Mozilla/5.0 (Linux; Android 6.0.1; Nexus 5X Build/MMB29P) AppleWebKit/537.36 (KHTML, like Gecko) Chrome/141.0.7390.122 Mobile Safari/537.36 (compatible; Googlebot/2.1; +http://www.google.com/bot.html)"
74.7.230.37 - - [13/Dec/2025:17:50:25 +0000] "GET /robots.txt HTTP/2.0" 500 715 "-" "Mozilla/5.0 (Macintosh; Intel Mac OS X 10_15_7) AppleWebKit/537.36 (KHTML, like Gecko) Chrome/131.0.0.0 Safari/537.36; compatible; OAI-SearchBot/1.3; robots.txt; +https://openai.com/searchbot"
40.77.167.44 - - [13/Dec/2025:17:50:26 +0000] "GET /49222280.html HTTP/2.0" 500 715 "-" "Mozilla/5.0 AppleWebKit/537.36 (KHTML, like Gecko; compatible; bingbot/2.0; +http://www.bing.com/bingbot.htm) Chrome/116.0.1938.76 Safari/537.36"
66.249.68.3 - - [13/Dec/2025:17:50:31 +0000] "GET /transparencia_files/Articulo_8/Fraccion_VI/n/Obras%20Publicas/ESTADISTICA%20ABRIL%202023.xlsx HTTP/1.1" 304 - "-" "Mozilla/5.0 (Linux; Android 6.0.1; Nexus 5X Build/MMB29P) AppleWebKit/537.36 (KHTML, like Gecko) Chrome/141.0.7390.122 Mobile Safari/537.36 (compatible; Googlebot/2.1; +http://www.google.com/bot.html)"
66.249.68.3 - - [13/Dec/2025:17:50:32 +0000] "GET /transparencia_files/Articulo_15/Fraccion_XXIV/Extraordinarias/ESTADI%CC%81STICA%20DE%20ASISTENCIA%20Y%20VOTACIO%CC%81N%204%20SESIO%CC%81N%20EXTRAORDINARIA%202%20DE%20JUNIO%20DE%202022.pdf HTTP/1.1" 500 715 "-" "Googlebot/2.1 (+http://www.google.com/bot.html)"
66.249.68.4 - - [13/Dec/2025:17:50:34 +0000] "GET /transparencia_files/Articulo_8/Fraccion_V/m/Personas%20Fisicas%20o%20Juridicas%20Mayo%202022.pdf HTTP/1.1" 304 - "-" "Mozilla/5.0 (Linux; Android 6.0.1; Nexus 5X Build/MMB29P) AppleWebKit/537.36 (KHTML, like Gecko) Chrome/141.0.7390.122 Mobile Safari/537.36 (compatible; Googlebot/2.1; +http://www.google.com/bot.html)"
66.249.68.3 - - [13/Dec/2025:17:50:36 +0000] "GET /transparencia_files/Articulo_8/Fraccion_VI/n/Sindicatura/2022/NOVIEMBRE%202022%20ESTADISTICA%20SIDICATURA.pdf HTTP/1.1" 304 - "-" "Mozilla/5.0 (Linux; Android 6.0.1; Nexus 5X Build/MMB29P) AppleWebKit/537.36 (KHTML, like Gecko) Chrome/141.0.7390.122 Mobile Safari/537.36 (compatible; Googlebot/2.1; +http://www.google.com/bot.html)"
103.14.72.84 - - [13/Dec/2025:17:50:46 +0000] "GET /agenda/categoria/transparencia/dia/2024-01-27 HTTP/1.1" 500 715 "https://cuautlajalisco.gob.mx/" "Mozilla/5.0 (Macintosh; Intel Mac OS X 10_15_7) AppleWebKit/537.36 (KHTML, like Gecko) Chrome/135.0.0.0 Safari/537.36"
66.249.68.3 - - [13/Dec/2025:17:50:50 +0000] "GET /robots.txt HTTP/1.1" 500 715 "-" "Mozilla/5.0 (compatible; Googlebot/2.1; +http://www.google.com/bot.html)"
66.249.68.3 - - [13/Dec/2025:17:50:50 +0000] "GET /transparencia_files/Articulo_8/Fraccion_III/b/NO%20PROGRAMAS%20FEDERALES%20NOVIEMBRE%20%202021.pdf HTTP/1.1" 304 - "-" "Mozilla/5.0 (Linux; Android 6.0.1; Nexus 5X Build/MMB29P) AppleWebKit/537.36 (KHTML, like Gecko) Chrome/141.0.7390.122 Mobile Safari/537.36 (compatible; Googlebot/2.1; +http://www.google.com/bot.html)"
66.249.68.3 - - [13/Dec/2025:17:51:07 +0000] "GET /transparencia_files/Articulo_8/Fraccion_V/p/1.2.-_reporte_ejercicio_del_gasto_segundo_trimestre_2022.xlsx HTTP/1.1" 304 - "-" "Mozilla/5.0 (Linux; Android 6.0.1; Nexus 5X Build/MMB29P) AppleWebKit/537.36 (KHTML, like Gecko) Chrome/141.0.7390.122 Mobile Safari/537.36 (compatible; Googlebot/2.1; +http://www.google.com/bot.html)"
66.249.68.4 - - [13/Dec/2025:17:51:13 +0000] "GET /transparencia_files/Articulo_8/Fraccion_VII/CERTIFICACION%20DE%20LAUDOS%20ENERO%202024.pdf HTTP/1.1" 304 - "-" "Mozilla/5.0 (Linux; Android 6.0.1; Nexus 5X Build/MMB29P) AppleWebKit/537.36 (KHTML, like Gecko) Chrome/141.0.7390.122 Mobile Safari/537.36 (compatible; Googlebot/2.1; +http://www.google.com/bot.html)"
66.249.68.3 - - [13/Dec/2025:17:51:24 +0000] "GET /transparencia_files/Articulo_15/Fraccion_XXIV/Extraordinarias/ESTADI%CC%81STICA%20DE%20ASISTENCIA%20Y%20VOTACIO%CC%81N%202DA%20SESIO%CC%81N%20EXTRAORDINARIA%2010%20DE%20MARZO%20DE%202022..pdf HTTP/1.1" 500 715 "-" "Googlebot/2.1 (+http://www.google.com/bot.html)"
37.32.114.36 - - [13/Dec/2025:17:51:29 +0000] "GET /inicio1/448439609_862988872535775_6293444717558096547_n HTTP/1.1" 500 715 "https://cuautlajalisco.gob.mx/" "Mozilla/5.0 (Windows NT 10.0; Win64; x64) AppleWebKit/537.36 (KHTML, like Gecko) Chrome/134.0.0.0 Safari/537.36 Edg/134.0.0.0"
204.76.203.8 - - [13/Dec/2025:17:52:25 +0000] "PROPFIND / HTTP/1.1" 500 - "http://198.38.90.22:443/" "-"
66.249.68.3 - - [13/Dec/2025:17:52:27 +0000] "GET /robots.txt HTTP/1.1" 500 715 "-" "Mozilla/5.0 (compatible; Googlebot/2.1; +http://www.google.com/bot.html)"
66.249.68.4 - - [13/Dec/2025:17:52:27 +0000] "GET /transparencia_files/Articulo_8/Fraccion_II/d/ReglamentosMunicipales/certificacion%20autorizacion%20reglamento%202022.pdf HTTP/1.1" 304 - "-" "Mozilla/5.0 (Linux; Android 6.0.1; Nexus 5X Build/MMB29P) AppleWebKit/537.36 (KHTML, like Gecko) Chrome/141.0.7390.122 Mobile Safari/537.36 (compatible; Googlebot/2.1; +http://www.google.com/bot.html)"
159.223.175.217 - - [13/Dec/2025:17:52:38 +0000] "GET /transparencia_files/Articulo_15/Fraccion_XIII/CONTRATO%20OP-CUAJAL-R33-2022-10.pdf HTTP/1.1" 500 715 "-" "Mozilla/5.0 (Macintosh; Intel Mac OS X 10_15_7) AppleWebKit/537.36 (KHTML, like Gecko) Chrome/135.0.0.0 Safari/537.36"
66.249.68.3 - - [13/Dec/2025:17:52:38 +0000] "GET /transparencia_files/Articulo_8/Fraccion_IV/f/PLAN%20DE%20PROTECCIO%CC%81N%20CIVIL%20Y%20BOMBEROS%20CUAUTLA%20JALISCO.%20ESTIAJE%20Y%20LLUVIAS.pdf HTTP/1.1" 304 - "-" "Mozilla/5.0 (Linux; Android 6.0.1; Nexus 5X Build/MMB29P) AppleWebKit/537.36 (KHTML, like Gecko) Chrome/141.0.7390.122 Mobile Safari/537.36 (compatible; Googlebot/2.1; +http://www.google.com/bot.html)"
192.34.63.79 - - [13/Dec/2025:17:52:39 +0000] "GET /transparencia_files/Articulo_15/Fraccion_XIII/CONTRATO%20OP-CUAJAL-R33-2022-10.pdf HTTP/1.1" 500 715 "-" "Mozilla/5.0 (Macintosh; Intel Mac OS X 10_15_7) AppleWebKit/537.36 (KHTML, like Gecko) Chrome/135.0.0.0 Safari/537.36"
143.198.169.125 - - [13/Dec/2025:17:52:40 +0000] "GET /transparencia_files/Articulo_15/Fraccion_XIII/CONTRATO%20OP-CUAJAL-R33-2022-10.pdf HTTP/1.1" 500 715 "-" "Mozilla/5.0 (Macintosh; Intel Mac OS X 10_15_7) AppleWebKit/537.36 (KHTML, like Gecko) Chrome/135.0.0.0 Safari/537.36"
66.249.68.4 - - [13/Dec/2025:17:53:15 +0000] "GET /transparencia_files/Articulo_8/Fraccion_V/g/2020/2da%20MAYO%202020.xlsx HTTP/1.1" 304 - "-" "Mozilla/5.0 (Linux; Android 6.0.1; Nexus 5X Build/MMB29P) AppleWebKit/537.36 (KHTML, like Gecko) Chrome/141.0.7390.122 Mobile Safari/537.36 (compatible; Googlebot/2.1; +http://www.google.com/bot.html)"
66.249.68.68 - - [13/Dec/2025:17:53:26 +0000] "GET /transparencia_files/Articulo_15/Fraccion_X/Admon%202024-2027/GACETA%20MUNICIPAL-JULIO-2025%20CUAUTLA%20JALISCO.pdf HTTP/1.1" 304 - "-" "Mozilla/5.0 (Linux; Android 6.0.1; Nexus 5X Build/MMB29P) AppleWebKit/537.36 (KHTML, like Gecko) Chrome/141.0.7390.122 Mobile Safari/537.36 (compatible; Googlebot/2.1; +http://www.google.com/bot.html)"
66.249.68.68 - - [13/Dec/2025:17:53:26 +0000] "GET /robots.txt HTTP/1.1" 500 715 "-" "Mozilla/5.0 (compatible; Googlebot/2.1; +http://www.google.com/bot.html)"
66.249.68.3 - - [13/Dec/2025:17:53:36 +0000] "GET /robots.txt HTTP/1.1" 500 715 "-" "Mozilla/5.0 (compatible; Googlebot/2.1; +http://www.google.com/bot.html)"
66.249.68.4 - - [13/Dec/2025:17:53:36 +0000] "GET /outlet/sdwrid_g103171703.html HTTP/1.1" 500 715 "-" "Mozilla/5.0 (Linux; Android 6.0.1; Nexus 5X Build/MMB29P) AppleWebKit/537.36 (KHTML, like Gecko) Chrome/141.0.7390.122 Mobile Safari/537.36 (compatible; Googlebot/2.1; +http://www.google.com/bot.html)"
66.249.68.3 - - [13/Dec/2025:17:53:37 +0000] "GET /transparencia_files/Articulo_8/Fraccion_VI/g/Licencias%20y%20Permisos/Permisos%20mes%20de%20septiembre%20%28obras%20publicas%29.xlsx HTTP/1.1" 304 - "-" "Mozilla/5.0 (Linux; Android 6.0.1; Nexus 5X Build/MMB29P) AppleWebKit/537.36 (KHTML, like Gecko) Chrome/141.0.7390.122 Mobile Safari/537.36 (compatible; Googlebot/2.1; +http://www.google.com/bot.html)"
66.249.68.5 - - [13/Dec/2025:17:54:24 +0000] "GET /transparencia_files/Articulo_8/Fraccion_VI/g/Ecologia/Permisos%20mes%20de%20noviembre%20ecologia.xlsx HTTP/1.1" 304 - "-" "Mozilla/5.0 (Linux; Android 6.0.1; Nexus 5X Build/MMB29P) AppleWebKit/537.36 (KHTML, like Gecko) Chrome/141.0.7390.122 Mobile Safari/537.36 (compatible; Googlebot/2.1; +http://www.google.com/bot.html)"
40.77.167.25 - - [13/Dec/2025:17:54:31 +0000] "GET /23500912.html HTTP/2.0" 500 715 "-" "Mozilla/5.0 AppleWebKit/537.36 (KHTML, like Gecko; compatible; bingbot/2.0; +http://www.bing.com/bingbot.htm) Chrome/116.0.1938.76 Safari/537.36"
66.249.68.4 - - [13/Dec/2025:17:54:56 +0000] "GET /robots.txt HTTP/1.1" 500 715 "-" "Mozilla/5.0 (compatible; Googlebot/2.1; +http://www.google.com/bot.html)"
66.249.68.4 - - [13/Dec/2025:17:54:56 +0000] "GET /transparencia_files/Articulo_8/Fraccion_VI/g/Obras/Permisos%20Obras%20Febrero%202021.xlsx HTTP/1.1" 304 - "-" "Mozilla/5.0 (Linux; Android 6.0.1; Nexus 5X Build/MMB29P) AppleWebKit/537.36 (KHTML, like Gecko) Chrome/141.0.7390.122 Mobile Safari/537.36 (compatible; Googlebot/2.1; +http://www.google.com/bot.html)"
66.249.68.3 - - [13/Dec/2025:17:55:05 +0000] "GET /transparencia_files/Articulo_8/Fraccion_VI/g/Obras/Permisos%20obras%20mes%20de%20julio%202020.xlsx HTTP/1.1" 304 - "-" "Mozilla/5.0 (Linux; Android 6.0.1; Nexus 5X Build/MMB29P) AppleWebKit/537.36 (KHTML, like Gecko) Chrome/141.0.7390.122 Mobile Safari/537.36 (compatible; Googlebot/2.1; +http://www.google.com/bot.html)"
66.249.68.4 - - [13/Dec/2025:17:55:38 +0000] "GET /transparencia_files/Articulo_8/Fraccion_VI/h/MES%20DE%20JULIO%202025.xlsx HTTP/1.1" 304 - "-" "Mozilla/5.0 (Linux; Android 6.0.1; Nexus 5X Build/MMB29P) AppleWebKit/537.36 (KHTML, like Gecko) Chrome/141.0.7390.122 Mobile Safari/537.36 (compatible; Googlebot/2.1; +http://www.google.com/bot.html)"
207.46.13.78 - - [13/Dec/2025:17:55:45 +0000] "GET /agenda/2019-01-09/ HTTP/2.0" 500 715 "-" "Mozilla/5.0 AppleWebKit/537.36 (KHTML, like Gecko; compatible; bingbot/2.0; +http://www.bing.com/bingbot.htm) Chrome/116.0.1938.76 Safari/537.36"
66.249.68.3 - - [13/Dec/2025:17:56:04 +0000] "GET /robots.txt HTTP/1.1" 500 715 "-" "Mozilla/5.0 (compatible; Googlebot/2.1; +http://www.google.com/bot.html)"
66.249.68.4 - - [13/Dec/2025:17:56:04 +0000] "GET /transparencia_files/Articulo_8/Fraccion_VI/n/Secretaria%20General/2022/ESTADISTICA%20SECRETARIA%20GENERAL%20JULIO%202022.pdf HTTP/1.1" 200 205644 "-" "Googlebot/2.1 (+http://www.google.com/bot.html)"
66.249.68.68 - - [13/Dec/2025:17:56:09 +0000] "GET /robots.txt HTTP/1.1" 500 715 "-" "Mozilla/5.0 (compatible; Googlebot/2.1; +http://www.google.com/bot.html)"
66.249.68.68 - - [13/Dec/2025:17:56:09 +0000] "GET /transparencia_files/Articulo_8/Fraccion_VI/k/Contrato%20Prestacion%20de%20Servicios%2015%20sep%20Version%20publica.pdf HTTP/1.1" 304 - "-" "Mozilla/5.0 (Linux; Android 6.0.1; Nexus 5X Build/MMB29P) AppleWebKit/537.36 (KHTML, like Gecko) Chrome/141.0.7390.122 Mobile Safari/537.36 (compatible; Googlebot/2.1; +http://www.google.com/bot.html)"
66.249.68.3 - - [13/Dec/2025:17:56:32 +0000] "GET /transparencia_files/Articulo_8/Fraccion_VI/n/Sindicatura/2023/JULIO%202023%20ESTADISTICA%20SINDICATURA.pdf HTTP/1.1" 200 268524 "-" "Googlebot/2.1 (+http://www.google.com/bot.html)"
66.249.68.3 - - [13/Dec/2025:17:56:39 +0000] "GET /transparencia_files/Articulo_8/Fraccion_VI/d/Si%CC%81ntesis%20Ejecutiva%20del%20proyecto%20FJAC%202023.pdf HTTP/1.1" 304 - "-" "Mozilla/5.0 (Linux; Android 6.0.1; Nexus 5X Build/MMB29P) AppleWebKit/537.36 (KHTML, like Gecko) Chrome/141.0.7390.122 Mobile Safari/537.36 (compatible; Googlebot/2.1; +http://www.google.com/bot.html)"
66.249.68.3 - - [13/Dec/2025:17:57:46 +0000] "GET /robots.txt HTTP/1.1" 500 715 "-" "Mozilla/5.0 (compatible; Googlebot/2.1; +http://www.google.com/bot.html)"
66.249.68.3 - - [13/Dec/2025:17:57:46 +0000] "GET /transparencia_files/Articulo_8/Fraccion_V/x/2019/FORTALECIMIENTO%207471%20JUNIO%202021.pdf HTTP/1.1" 304 - "-" "Mozilla/5.0 (Linux; Android 6.0.1; Nexus 5X Build/MMB29P) AppleWebKit/537.36 (KHTML, like Gecko) Chrome/141.0.7390.122 Mobile Safari/537.36 (compatible; Googlebot/2.1; +http://www.google.com/bot.html)"
220.181.108.169 - - [13/Dec/2025:17:57:51 +0000] "GET / HTTP/1.1" 200 2469 "-" "Mozilla/5.0 (compatible; Baiduspider/2.0; +http://www.baidu.com/search/spider.html)"
116.179.37.206 - - [13/Dec/2025:17:57:53 +0000] "GET / HTTP/1.1" 200 2469 "-" "Mozilla/5.0 (compatible; Baiduspider-render/2.0; +http://www.baidu.com/search/spider.html)"
116.179.37.234 - - [13/Dec/2025:17:57:53 +0000] "GET /menu.html HTTP/1.1" 200 1722 "https://cuautlajalisco.gob.mx/" "Mozilla/5.0 (compatible; Baiduspider-render/2.0; +http://www.baidu.com/search/spider.html)"
220.181.51.118 - - [13/Dec/2025:17:57:54 +0000] "GET /robots.txt HTTP/1.1" 500 715 "-" "Mozilla/5.0 (Windows NT 10.0; WOW64) AppleWebKit/537.36 (KHTML, like Gecko) Chrome/48.0.2564.116 Safari/537.36"
66.249.68.4 - - [13/Dec/2025:17:58:06 +0000] "GET /transparencia_files/Articulo_8/Fraccion_V/x/2019/FONDO%20DE%20AHORRO%207115%20Octubre%202019.pdf HTTP/1.1" 304 - "-" "Mozilla/5.0 (Linux; Android 6.0.1; Nexus 5X Build/MMB29P) AppleWebKit/537.36 (KHTML, like Gecko) Chrome/141.0.7390.122 Mobile Safari/537.36 (compatible; Googlebot/2.1; +http://www.google.com/bot.html)"
119.249.100.236 - - [13/Dec/2025:17:58:12 +0000] "GET /robots.txt HTTP/1.1" 500 715 "-" "Mozilla/5.0 (Windows NT 10.0; WOW64) AppleWebKit/537.36 (KHTML, like Gecko) Chrome/48.0.2564.116 Safari/537.36"
66.249.68.69 - - [13/Dec/2025:17:59:03 +0000] "GET /transparencia_files/Articulo_8/Fraccion_V/g/2023/PRESIDENCIA%2001%20AL%2015%20AGOSTO%202023.pdf HTTP/1.1" 304 - "-" "Mozilla/5.0 (Linux; Android 6.0.1; Nexus 5X Build/MMB29P) AppleWebKit/537.36 (KHTML, like Gecko) Chrome/141.0.7390.122 Mobile Safari/537.36 (compatible; Googlebot/2.1; +http://www.google.com/bot.html)"
66.249.68.5 - - [13/Dec/2025:17:59:16 +0000] "GET /robots.txt HTTP/1.1" 500 715 "-" "Mozilla/5.0 (compatible; Googlebot/2.1; +http://www.google.com/bot.html)"
66.249.68.5 - - [13/Dec/2025:17:59:16 +0000] "GET /transparencia_files/Articulo_8/Fraccion_V/g/2021/1ra%20Agosto%202021.xlsx HTTP/1.1" 304 - "-" "Mozilla/5.0 (Linux; Android 6.0.1; Nexus 5X Build/MMB29P) AppleWebKit/537.36 (KHTML, like Gecko) Chrome/141.0.7390.122 Mobile Safari/537.36 (compatible; Googlebot/2.1; +http://www.google.com/bot.html)"
66.249.68.3 - - [13/Dec/2025:17:59:20 +0000] "GET /transparencia_files/Articulo_8/Fraccion_V/o/FRAC%20V%20O%29%202016-2018.xlsx HTTP/1.1" 304 - "-" "Mozilla/5.0 (Linux; Android 6.0.1; Nexus 5X Build/MMB29P) AppleWebKit/537.36 (KHTML, like Gecko) Chrome/141.0.7390.122 Mobile Safari/537.36 (compatible; Googlebot/2.1; +http://www.google.com/bot.html)"
66.249.68.3 - - [13/Dec/2025:17:59:40 +0000] "GET /transparencia_files/Articulo_8/Fraccion_V/f/11%20REMUNERACION%20DEL%2016%20AL%2030%20NOVIEMBRE%202024.pdf HTTP/1.1" 304 - "-" "Mozilla/5.0 (Linux; Android 6.0.1; Nexus 5X Build/MMB29P) AppleWebKit/537.36 (KHTML, like Gecko) Chrome/141.0.7390.122 Mobile Safari/537.36 (compatible; Googlebot/2.1; +http://www.google.com/bot.html)"
66.249.68.67 - - [13/Dec/2025:17:59:47 +0000] "GET /transparencia_files/Articulo_8/Fraccion_V/g/2024/NOMINAS%20DE%20PRESIDENCIA%20DEL%2001%20AL%2015%20DE%20AGOSTO%202024.pdf HTTP/1.1" 304 - "-" "Mozilla/5.0 (Linux; Android 6.0.1; Nexus 5X Build/MMB29P) AppleWebKit/537.36 (KHTML, like Gecko) Chrome/141.0.7390.122 Mobile Safari/537.36 (compatible; Googlebot/2.1; +http://www.google.com/bot.html)"
66.249.68.68 - - [13/Dec/2025:17:59:47 +0000] "GET /robots.txt HTTP/1.1" 500 715 "-" "Mozilla/5.0 (compatible; Googlebot/2.1; +http://www.google.com/bot.html)"
66.249.68.67 - - [13/Dec/2025:18:00:20 +0000] "GET /transparencia_files/Articulo_15/Fraccion_IX/Sesiones%20de%20Cabildo%20Administracion%202018-2021/ACTA%20NUMERO%2006%20EXTRAORDINARIA.docx HTTP/1.1" 304 - "-" "Mozilla/5.0 (Linux; Android 6.0.1; Nexus 5X Build/MMB29P) AppleWebKit/537.36 (KHTML, like Gecko) Chrome/141.0.7390.122 Mobile Safari/537.36 (compatible; Googlebot/2.1; +http://www.google.com/bot.html)"
66.249.68.5 - - [13/Dec/2025:18:00:29 +0000] "GET /transparencia_files/Articulo_8/Fraccion_V/f/01%20REMUNERACION%20DEL%2016%20AL%2031%20ENERO%202025.pdf HTTP/1.1" 304 - "-" "Mozilla/5.0 (Linux; Android 6.0.1; Nexus 5X Build/MMB29P) AppleWebKit/537.36 (KHTML, like Gecko) Chrome/141.0.7390.122 Mobile Safari/537.36 (compatible; Googlebot/2.1; +http://www.google.com/bot.html)"
66.249.68.5 - - [13/Dec/2025:18:00:29 +0000] "GET /robots.txt HTTP/1.1" 500 715 "-" "Mozilla/5.0 (compatible; Googlebot/2.1; +http://www.google.com/bot.html)"
66.249.68.4 - - [13/Dec/2025:18:00:39 +0000] "GET /transparencia_files/Articulo_8/Fraccion_V/f/09%20REMUNERACION%20DEL%2001%20AL%2015%20DE%20SEPTIEMBRE%20DE%202024.pdf HTTP/1.1" 304 - "-" "Mozilla/5.0 (Linux; Android 6.0.1; Nexus 5X Build/MMB29P) AppleWebKit/537.36 (KHTML, like Gecko) Chrome/141.0.7390.122 Mobile Safari/537.36 (compatible; Googlebot/2.1; +http://www.google.com/bot.html)"
66.249.68.3 - - [13/Dec/2025:18:00:57 +0000] "GET /transparencia_files/Articulo_8/Fraccion_V/g/2020/2da%20NOVIEMBRE%202020.xlsx HTTP/1.1" 304 - "-" "Mozilla/5.0 (Linux; Android 6.0.1; Nexus 5X Build/MMB29P) AppleWebKit/537.36 (KHTML, like Gecko) Chrome/141.0.7390.122 Mobile Safari/537.36 (compatible; Googlebot/2.1; +http://www.google.com/bot.html)"
204.76.203.8 - - [13/Dec/2025:18:01:02 +0000] "PROPFIND / HTTP/1.1" 500 - "http://198.38.90.22:443/" "-"
66.249.68.3 - - [13/Dec/2025:18:01:03 +0000] "GET /transparencia_files/Articulo_8/Fraccion_I/%C3%B1/Estadi%CC%81sticas%20ARCO%20OCTUBRE%202022%20AYUNTAMEINTO.pdf HTTP/1.1" 500 715 "-" "Googlebot/2.1 (+http://www.google.com/bot.html)"
169.224.48.21 - - [13/Dec/2025:18:01:07 +0000] "GET /agenda/2023-12-26 HTTP/1.1" 500 715 "https://cuautlajalisco.gob.mx/" "Mozilla/5.0 (Macintosh; Intel Mac OS X 10_15_7) AppleWebKit/537.36 (KHTML, like Gecko) Chrome/135.0.0.0 Safari/537.36"
45.191.98.159 - - [13/Dec/2025:18:01:26 +0000] "GET /agenda/categoria/transparencia/dia/2024-02-07 HTTP/1.1" 500 715 "https://cuautlajalisco.gob.mx/" "Mozilla/5.0 (Windows NT 10.0; Win64; x64) AppleWebKit/537.36 (KHTML, like Gecko) Chrome/135.0.0.0 Safari/537.36 Edg/135.0.0.0"
181.46.80.219 - - [13/Dec/2025:18:01:40 +0000] "GET /agenda/categoria/transparencia/dia/2024-03-15 HTTP/1.1" 500 715 "https://cuautlajalisco.gob.mx/" "Mozilla/5.0 (Macintosh; Intel Mac OS X 10_15_7) AppleWebKit/537.36 (KHTML, like Gecko) Chrome/134.0.0.0 Safari/537.36"
40.77.167.78 - - [13/Dec/2025:18:01:50 +0000] "GET /F15/F15XXI.php HTTP/2.0" 200 21520 "-" "Mozilla/5.0 AppleWebKit/537.36 (KHTML, like Gecko; compatible; bingbot/2.0; +http://www.bing.com/bingbot.htm) Chrome/116.0.1938.76 Safari/537.36"
66.249.68.3 - - [13/Dec/2025:18:02:03 +0000] "GET /transparencia_files/EdictosComur/2025/EDICTOS%20SEGUNDA%20ENTREGA/EXPEDIENTE%20COMUR%20068.pdf HTTP/1.1" 304 - "-" "Mozilla/5.0 (Linux; Android 6.0.1; Nexus 5X Build/MMB29P) AppleWebKit/537.36 (KHTML, like Gecko) Chrome/141.0.7390.122 Mobile Safari/537.36 (compatible; Googlebot/2.1; +http://www.google.com/bot.html)"
66.249.68.68 - - [13/Dec/2025:18:02:06 +0000] "GET /transparencia_files/Articulo_15/Fraccion_VI/Reglamentos/PLAN%20MUNICIPAL%20DE%20PREVENCIO%CC%81N%20SOCIAL%20DE%20LA%20VIOLENCIA%20Y%20DELICUENCIA%20DEL%20MUNICIPIO%20DE%20CUAUTLA.%20TRANSPARENCIA.pdf HTTP/1.1" 304 - "-" "Mozilla/5.0 (Linux; Android 6.0.1; Nexus 5X Build/MMB29P) AppleWebKit/537.36 (KHTML, like Gecko) Chrome/141.0.7390.122 Mobile Safari/537.36 (compatible; Googlebot/2.1; +http://www.google.com/bot.html)"
66.249.68.68 - - [13/Dec/2025:18:02:06 +0000] "GET /robots.txt HTTP/1.1" 500 715 "-" "Mozilla/5.0 (compatible; Googlebot/2.1; +http://www.google.com/bot.html)"
66.249.68.4 - - [13/Dec/2025:18:02:16 +0000] "GET /transparencia_files/Articulo_8/Fraccion_VI/n/Secretaria%20General/2023/ESTADISTICA%20SECRETARIA%20GENERAL%20MAYO%202023.pdf HTTP/1.1" 200 234876 "-" "Googlebot/2.1 (+http://www.google.com/bot.html)"
66.249.68.67 - - [13/Dec/2025:18:02:36 +0000] "GET /transparencia_files/Articulo_15/Fraccion_XXI/Actas%20COMUR%20Pasadas/CUARTA%20SESION.pdf HTTP/1.1" 304 - "-" "Mozilla/5.0 (Linux; Android 6.0.1; Nexus 5X Build/MMB29P) AppleWebKit/537.36 (KHTML, like Gecko) Chrome/141.0.7390.122 Mobile Safari/537.36 (compatible; Googlebot/2.1; +http://www.google.com/bot.html)"
66.249.68.3 - - [13/Dec/2025:18:02:47 +0000] "GET /transparencia_files/EdictosComur/2025/EDICTOS%20PRIMERA%20ENTREGA/CONVENIO%20IDEFT.pdf HTTP/1.1" 304 - "-" "Mozilla/5.0 (Linux; Android 6.0.1; Nexus 5X Build/MMB29P) AppleWebKit/537.36 (KHTML, like Gecko) Chrome/141.0.7390.122 Mobile Safari/537.36 (compatible; Googlebot/2.1; +http://www.google.com/bot.html)"
66.249.68.68 - - [13/Dec/2025:18:03:07 +0000] "GET /transparencia_files/Articulo_15/Fraccion_VII/Administracion%202024-2027/27-PLAN%20DE%20TRABAJO%20COMISION%20EDILICIA-REGISTRO%20CIVIL-ADM-24-27.pdf HTTP/1.1" 304 - "-" "Mozilla/5.0 (Linux; Android 6.0.1; Nexus 5X Build/MMB29P) AppleWebKit/537.36 (KHTML, like Gecko) Chrome/141.0.7390.122 Mobile Safari/537.36 (compatible; Googlebot/2.1; +http://www.google.com/bot.html)"
66.249.68.69 - - [13/Dec/2025:18:03:07 +0000] "GET /robots.txt HTTP/1.1" 500 715 "-" "Mozilla/5.0 (compatible; Googlebot/2.1; +http://www.google.com/bot.html)"
66.249.68.3 - - [13/Dec/2025:18:03:30 +0000] "GET /transparencia_files/Articulo_8/Fraccion_VI/n/Sindicatura/2022/AGOSTO%202022%20ESTADISTICA%20SIDICATURA.pdf HTTP/1.1" 200 230331 "-" "Googlebot/2.1 (+http://www.google.com/bot.html)"
192.42.116.197 - - [13/Dec/2025:18:03:31 +0000] "POST /xmlrpc.php HTTP/1.1" 500 715 "https://www.google.com/" "Mozilla/5.0 (Macintosh; Intel Mac OS X 10_10; rv:33.0) Gecko/20100101 Firefox/33.0"
45.95.169.109 - - [13/Dec/2025:18:03:31 +0000] "POST /xmlrpc.php HTTP/1.1" 500 715 "https://www.google.com/" "Mozilla/5.0 (Windows NT 6.1; Win64; x64) AppleWebKit/537.36 (KHTML, like Gecko) Chrome/60.0.3112.90 Safari/537.36"
66.249.68.67 - - [13/Dec/2025:18:04:04 +0000] "GET /transparencia_files/Articulo_8/Fraccion_V/g/2022/15%20Agosto%2001%20al%2015%20presidencia.pdf HTTP/1.1" 304 - "-" "Mozilla/5.0 (Linux; Android 6.0.1; Nexus 5X Build/MMB29P) AppleWebKit/537.36 (KHTML, like Gecko) Chrome/141.0.7390.122 Mobile Safari/537.36 (compatible; Googlebot/2.1; +http://www.google.com/bot.html)"
66.249.68.4 - - [13/Dec/2025:18:04:09 +0000] "GET /transparencia_files/Articulo_8/Fraccion_VI/n/Registro%20Civil/2023/VOLANTE%20DE%20CONTROL%20DE%20REGISTRO%20CIVIL%20ENERO%202023.pdf HTTP/1.1" 304 - "-" "Mozilla/5.0 (Linux; Android 6.0.1; Nexus 5X Build/MMB29P) AppleWebKit/537.36 (KHTML, like Gecko) Chrome/141.0.7390.122 Mobile Safari/537.36 (compatible; Googlebot/2.1; +http://www.google.com/bot.html)"
66.249.68.4 - - [13/Dec/2025:18:04:09 +0000] "GET /robots.txt HTTP/1.1" 500 715 "-" "Mozilla/5.0 (compatible; Googlebot/2.1; +http://www.google.com/bot.html)"
66.249.68.4 - - [13/Dec/2025:18:04:43 +0000] "GET /transparencia_files/Articulo_8/Fraccion_V/g/2018/abril20182.pdf HTTP/1.1" 304 - "-" "Mozilla/5.0 (Linux; Android 6.0.1; Nexus 5X Build/MMB29P) AppleWebKit/537.36 (KHTML, like Gecko) Chrome/141.0.7390.122 Mobile Safari/537.36 (compatible; Googlebot/2.1; +http://www.google.com/bot.html)"
66.249.68.69 - - [13/Dec/2025:18:05:04 +0000] "GET /transparencia_files/Articulo_8/Fraccion_VI/f/Admon%202021-2024/2022/Covenio%20prevencion%20de%20incendios%20forestales.pdf HTTP/1.1" 304 - "-" "Mozilla/5.0 (Linux; Android 6.0.1; Nexus 5X Build/MMB29P) AppleWebKit/537.36 (KHTML, like Gecko) Chrome/141.0.7390.122 Mobile Safari/537.36 (compatible; Googlebot/2.1; +http://www.google.com/bot.html)"
66.249.68.68 - - [13/Dec/2025:18:05:04 +0000] "GET /robots.txt HTTP/1.1" 500 715 "-" "Mozilla/5.0 (compatible; Googlebot/2.1; +http://www.google.com/bot.html)"
66.249.68.68 - - [13/Dec/2025:18:05:17 +0000] "GET /transparencia_files/Curriculums/Curriculums%20Regidores%202024%20-%202027/CURRICULUM%20VP-HECTOR%20MANUEL%20GRADILLA%20BECERA.pdf HTTP/1.1" 304 - "-" "Mozilla/5.0 (Linux; Android 6.0.1; Nexus 5X Build/MMB29P) AppleWebKit/537.36 (KHTML, like Gecko) Chrome/141.0.7390.122 Mobile Safari/537.36 (compatible; Googlebot/2.1; +http://www.google.com/bot.html)"
66.249.68.69 - - [13/Dec/2025:18:06:02 +0000] "GET /transparencia_files/Curriculums/Curriculums%20Regidores%202024%20-%202027/CURRICULUM%20VP-GERARDO%20CASTELLON%20ZEPEDA.pdf HTTP/1.1" 304 - "-" "Mozilla/5.0 (Linux; Android 6.0.1; Nexus 5X Build/MMB29P) AppleWebKit/537.36 (KHTML, like Gecko) Chrome/141.0.7390.122 Mobile Safari/537.36 (compatible; Googlebot/2.1; +http://www.google.com/bot.html)"
66.249.68.5 - - [13/Dec/2025:18:06:05 +0000] "GET /robots.txt HTTP/1.1" 500 715 "-" "Mozilla/5.0 (compatible; Googlebot/2.1; +http://www.google.com/bot.html)"
66.249.68.4 - - [13/Dec/2025:18:06:05 +0000] "GET /transparencia_files/EdictosComur/Pasado/EXPEDIENTE%20COMUR%20011-CUAUTLA-2021.pdf HTTP/1.1" 304 - "-" "Mozilla/5.0 (Linux; Android 6.0.1; Nexus 5X Build/MMB29P) AppleWebKit/537.36 (KHTML, like Gecko) Chrome/141.0.7390.122 Mobile Safari/537.36 (compatible; Googlebot/2.1; +http://www.google.com/bot.html)"
66.249.68.67 - - [13/Dec/2025:18:06:34 +0000] "GET /robots.txt HTTP/1.1" 500 715 "-" "Mozilla/5.0 (compatible; Googlebot/2.1; +http://www.google.com/bot.html)"
66.249.68.68 - - [13/Dec/2025:18:06:34 +0000] "GET /transparencia_files/Articulo_15/Fraccion_XI/2019/VOLANTE%20DE%20CONTROLREGISTRO%20CIVIL%20AGOSTO%202019.docx HTTP/1.1" 304 - "-" "Mozilla/5.0 (Linux; Android 6.0.1; Nexus 5X Build/MMB29P) AppleWebKit/537.36 (KHTML, like Gecko) Chrome/141.0.7390.122 Mobile Safari/537.36 (compatible; Googlebot/2.1; +http://www.google.com/bot.html)"
66.249.68.5 - - [13/Dec/2025:18:06:54 +0000] "GET /transparencia_files/Articulo_8/Fraccion_V/p/Licitacion%20de%20Suministro%20e%20instalacion%20de%20585%20luminarias%20tipo%20lep%20para%20alumbrado%20publico.pdf HTTP/1.1" 304 - "-" "Mozilla/5.0 (Linux; Android 6.0.1; Nexus 5X Build/MMB29P) AppleWebKit/537.36 (KHTML, like Gecko) Chrome/141.0.7390.122 Mobile Safari/537.36 (compatible; Googlebot/2.1; +http://www.google.com/bot.html)"
159.223.139.69 - - [13/Dec/2025:18:06:59 +0000] "GET /transparencia_files/Articulo_8/Fraccion_VI/b/CATALOGO%20DE%20TRAMITES%20Y%20SERVICIOS%20PROTECCION%20CIVIL%202022.xlsx HTTP/1.1" 500 715 "-" "Mozilla/5.0 (Macintosh; Intel Mac OS X 10_15_7) AppleWebKit/537.36 (KHTML, like Gecko) Chrome/135.0.0.0 Safari/537.36"
143.198.166.66 - - [13/Dec/2025:18:07:01 +0000] "GET /transparencia_files/Articulo_8/Fraccion_VI/b/CATALOGO%20DE%20TRAMITES%20Y%20SERVICIOS%20PROTECCION%20CIVIL%202022.xlsx HTTP/1.1" 500 715 "-" "Mozilla/5.0 (Macintosh; Intel Mac OS X 10_15_7) AppleWebKit/537.36 (KHTML, like Gecko) Chrome/135.0.0.0 Safari/537.36"
167.71.19.165 - - [13/Dec/2025:18:07:02 +0000] "GET /transparencia_files/Articulo_8/Fraccion_VI/b/CATALOGO%20DE%20TRAMITES%20Y%20SERVICIOS%20PROTECCION%20CIVIL%202022.xlsx HTTP/1.1" 500 715 "-" "Mozilla/5.0 (Macintosh; Intel Mac OS X 10_15_7) AppleWebKit/537.36 (KHTML, like Gecko) Chrome/135.0.0.0 Safari/537.36"
66.249.68.67 - - [13/Dec/2025:18:07:03 +0000] "GET /transparencia_files/Articulo_15/Fraccion_VIII/Orden%20del%20dia%20-%20Sesiones%20del%20ayuntamiento/convocatoria%204%20solemne.docx HTTP/1.1" 304 - "-" "Mozilla/5.0 (Linux; Android 6.0.1; Nexus 5X Build/MMB29P) AppleWebKit/537.36 (KHTML, like Gecko) Chrome/141.0.7390.122 Mobile Safari/537.36 (compatible; Googlebot/2.1; +http://www.google.com/bot.html)"
66.249.68.4 - - [13/Dec/2025:18:07:09 +0000] "GET /robots.txt HTTP/1.1" 500 715 "-" "Mozilla/5.0 (compatible; Googlebot/2.1; +http://www.google.com/bot.html)"
66.249.68.5 - - [13/Dec/2025:18:07:09 +0000] "GET /transparencia_files/Articulo_8/Fraccion_VI/k/Contrato%20prestacion%20de%20Servicios%20Mariachi%20Version%20Publica.pdf HTTP/1.1" 304 - "-" "Mozilla/5.0 (Linux; Android 6.0.1; Nexus 5X Build/MMB29P) AppleWebKit/537.36 (KHTML, like Gecko) Chrome/141.0.7390.122 Mobile Safari/537.36 (compatible; Googlebot/2.1; +http://www.google.com/bot.html)"
66.249.68.4 - - [13/Dec/2025:18:07:09 +0000] "GET /transparencia_files/Articulo_8/Fraccion_V/i/2023/04%20ABRIL%202023.pdf HTTP/1.1" 200 536443 "-" "Mozilla/5.0 AppleWebKit/537.36 (KHTML, like Gecko; compatible; GoogleOther) Chrome/141.0.7390.122 Safari/537.36"
66.249.68.5 - - [13/Dec/2025:18:07:09 +0000] "GET /transparencia_files/Articulo_8/Fraccion_V/d/Convocatorias%20a%20concursos%20DICIEMBRE%202020.pdf HTTP/1.1" 200 77657 "-" "Mozilla/5.0 AppleWebKit/537.36 (KHTML, like Gecko; compatible; GoogleOther) Chrome/141.0.7390.122 Safari/537.36"
66.249.68.68 - - [13/Dec/2025:18:07:15 +0000] "GET /transparencia_files/Articulo_15/Fraccion_IX/CMDRS/4.%20ACTA%20CMDRS%20CUAUTLA%2C%20JALISCO_Mayo.pdf HTTP/1.1" 304 - "-" "Mozilla/5.0 (Linux; Android 6.0.1; Nexus 5X Build/MMB29P) AppleWebKit/537.36 (KHTML, like Gecko) Chrome/141.0.7390.122 Mobile Safari/537.36 (compatible; Googlebot/2.1; +http://www.google.com/bot.html)"
185.183.159.40 - - [13/Dec/2025:18:07:16 +0000] "POST /xmlrpc.php HTTP/1.1" 500 715 "https://www.google.com/" "Mozilla/5.0 (Windows NT 10.0; WOW64) AppleWebKit/537.36 (KHTML, like Gecko) Chrome/72.0.3626.121 Safari/537.36"
45.84.107.172 - - [13/Dec/2025:18:07:17 +0000] "POST /xmlrpc.php HTTP/1.1" 500 715 "https://www.google.com/" "Mozilla/5.0 (X11; Linux x86_64) AppleWebKit/537.36 (KHTML, like Gecko) Chrome/44.0.2403.157 Safari/537.36"
66.249.68.3 - - [13/Dec/2025:18:07:18 +0000] "GET /transparencia_files/Articulo_8/Fraccion_VI/j/Transparencia%202021-2024/Sesiones%20Extraordinarias/10%20SESION%20EXTRAORDINARIA%20DE%20COMITE%20DE%20TRANSPARENCIA%202021-2024.pdf HTTP/1.1" 304 - "-" "Mozilla/5.0 (Linux; Android 6.0.1; Nexus 5X Build/MMB29P) AppleWebKit/537.36 (KHTML, like Gecko) Chrome/141.0.7390.122 Mobile Safari/537.36 (compatible; Googlebot/2.1; +http://www.google.com/bot.html)"
66.249.68.3 - - [13/Dec/2025:18:07:27 +0000] "GET /transparencia_files/Articulo_8/Fraccion_V/f/06%20REMUNERACION%20DEL%2016%20AL%2030%20DE%20JUNIO%202024.pdf HTTP/1.1" 304 - "-" "Mozilla/5.0 (Linux; Android 6.0.1; Nexus 5X Build/MMB29P) AppleWebKit/537.36 (KHTML, like Gecko) Chrome/141.0.7390.122 Mobile Safari/537.36 (compatible; Googlebot/2.1; +http://www.google.com/bot.html)"
66.249.68.3 - - [13/Dec/2025:18:07:37 +0000] "GET /transparencia_files/Articulo_8/Fraccion_VI/n/Secretaria%20General/2022/ESTADISTICA%20SECRETARIA%20GENERAL%20ENERO%202022.pdf HTTP/1.1" 200 221459 "-" "Googlebot/2.1 (+http://www.google.com/bot.html)"
66.249.68.3 - - [13/Dec/2025:18:07:46 +0000] "GET /transparencia_files/Articulo_8/Fraccion_V/f/03%20REMUNERACION%20DEL%2001%20AL%2015%20MARZO%202025.pdf HTTP/1.1" 304 - "-" "Mozilla/5.0 (Linux; Android 6.0.1; Nexus 5X Build/MMB29P) AppleWebKit/537.36 (KHTML, like Gecko) Chrome/141.0.7390.122 Mobile Safari/537.36 (compatible; Googlebot/2.1; +http://www.google.com/bot.html)"
