66.249.68.67 - - [13/Dec/2025:12:18:07 +0000] "GET /?i=1292166380502&channel=fa7075&from=shared.php?detail/14797653 HTTP/1.1" 200 208731 "-" "Mozilla/5.0 (Linux; Android 6.0.1; Nexus 5X Build/MMB29P) AppleWebKit/537.36 (KHTML, like Gecko) Chrome/141.0.7390.122 Mobile Safari/537.36 (compatible; Googlebot/2.1; +http://www.google.com/bot.html)"
66.249.68.70 - - [13/Dec/2025:12:18:07 +0000] "GET /?i=1292166380502&channel=fa7075&from=shared.php?detail/11225097 HTTP/1.1" 200 216974 "-" "Mozilla/5.0 (Linux; Android 6.0.1; Nexus 5X Build/MMB29P) AppleWebKit/537.36 (KHTML, like Gecko) Chrome/141.0.7390.122 Mobile Safari/537.36 (compatible; Googlebot/2.1; +http://www.google.com/bot.html)"
66.249.68.67 - - [13/Dec/2025:12:18:08 +0000] "GET /?i=1292166380502&channel=fa7075&from=shared.php?detail/12948319 HTTP/1.1" 200 216370 "-" "Mozilla/5.0 (Linux; Android 6.0.1; Nexus 5X Build/MMB29P) AppleWebKit/537.36 (KHTML, like Gecko) Chrome/141.0.7390.122 Mobile Safari/537.36 (compatible; Googlebot/2.1; +http://www.google.com/bot.html)"
66.249.68.69 - - [13/Dec/2025:12:18:07 +0000] "GET /?i=12868127241601&channel=658622&from=category-info.php?detail/29238275 HTTP/1.1" 200 225478 "-" "Mozilla/5.0 (Linux; Android 6.0.1; Nexus 5X Build/MMB29P) AppleWebKit/537.36 (KHTML, like Gecko) Chrome/141.0.7390.122 Mobile Safari/537.36 (compatible; GoogleOther)"
66.249.68.70 - - [13/Dec/2025:12:18:08 +0000] "GET /?i=1292166380502&channel=fa7075&from=shared.php?detail/29548342 HTTP/1.1" 200 205187 "-" "Mozilla/5.0 (Linux; Android 6.0.1; Nexus 5X Build/MMB29P) AppleWebKit/537.36 (KHTML, like Gecko) Chrome/141.0.7390.122 Mobile Safari/537.36 (compatible; Googlebot/2.1; +http://www.google.com/bot.html)"
66.249.68.69 - - [13/Dec/2025:12:18:08 +0000] "GET /?i=1292166380502&channel=fa7075&from=shared.php?detail/7030642 HTTP/1.1" 200 204130 "-" "Mozilla/5.0 (Linux; Android 6.0.1; Nexus 5X Build/MMB29P) AppleWebKit/537.36 (KHTML, like Gecko) Chrome/141.0.7390.122 Mobile Safari/537.36 (compatible; Googlebot/2.1; +http://www.google.com/bot.html)"
66.249.68.64 - - [13/Dec/2025:12:18:08 +0000] "GET /?i=1292166380502&channel=fa7075&from=shared.php?detail/13427920 HTTP/1.1" 200 213752 "-" "Mozilla/5.0 (Linux; Android 6.0.1; Nexus 5X Build/MMB29P) AppleWebKit/537.36 (KHTML, like Gecko) Chrome/141.0.7390.122 Mobile Safari/537.36 (compatible; Googlebot/2.1; +http://www.google.com/bot.html)"
66.249.68.65 - - [13/Dec/2025:12:18:08 +0000] "GET /?i=1292166380502&channel=fa7075&from=shared.php?detail/19872386 HTTP/1.1" 200 208104 "-" "Mozilla/5.0 (Linux; Android 6.0.1; Nexus 5X Build/MMB29P) AppleWebKit/537.36 (KHTML, like Gecko) Chrome/141.0.7390.122 Mobile Safari/537.36 (compatible; GoogleOther)"
66.249.68.69 - - [13/Dec/2025:12:18:08 +0000] "GET /?i=1292166380502&channel=fa7075&from=shared.php?detail/7379675 HTTP/1.1" 200 213459 "-" "Mozilla/5.0 (Linux; Android 6.0.1; Nexus 5X Build/MMB29P) AppleWebKit/537.36 (KHTML, like Gecko) Chrome/141.0.7390.122 Mobile Safari/537.36 (compatible; Googlebot/2.1; +http://www.google.com/bot.html)"
66.249.68.65 - - [13/Dec/2025:12:18:08 +0000] "GET /?i=1292166380502&channel=fa7075&from=shared.php?detail/15356886 HTTP/1.1" 200 215550 "-" "Mozilla/5.0 (Linux; Android 6.0.1; Nexus 5X Build/MMB29P) AppleWebKit/537.36 (KHTML, like Gecko) Chrome/141.0.7390.122 Mobile Safari/537.36 (compatible; Googlebot/2.1; +http://www.google.com/bot.html)"
66.249.68.70 - - [13/Dec/2025:12:18:09 +0000] "GET /?i=1292166380502&channel=fa7075&from=shared.php?detail/31027408 HTTP/1.1" 200 209411 "-" "Mozilla/5.0 (Linux; Android 6.0.1; Nexus 5X Build/MMB29P) AppleWebKit/537.36 (KHTML, like Gecko) Chrome/141.0.7390.122 Mobile Safari/537.36 (compatible; Googlebot/2.1; +http://www.google.com/bot.html)"
66.249.68.67 - - [13/Dec/2025:12:18:09 +0000] "GET /?detail/2056564 HTTP/1.1" 200 197598 "-" "Mozilla/5.0 (Linux; Android 6.0.1; Nexus 5X Build/MMB29P) AppleWebKit/537.36 (KHTML, like Gecko) Chrome/141.0.7390.122 Mobile Safari/537.36 (compatible; Googlebot/2.1; +http://www.google.com/bot.html)"
66.249.68.71 - - [13/Dec/2025:12:18:10 +0000] "GET /?i=1292166380502&channel=fa7075&from=shared.php?detail/29689008 HTTP/1.1" 200 212623 "-" "Mozilla/5.0 (Linux; Android 6.0.1; Nexus 5X Build/MMB29P) AppleWebKit/537.36 (KHTML, like Gecko) Chrome/141.0.7390.122 Mobile Safari/537.36 (compatible; Googlebot/2.1; +http://www.google.com/bot.html)"
66.249.68.67 - - [13/Dec/2025:12:18:10 +0000] "GET /?detail/2880875 HTTP/1.1" 200 196359 "-" "Mozilla/5.0 (Linux; Android 6.0.1; Nexus 5X Build/MMB29P) AppleWebKit/537.36 (KHTML, like Gecko) Chrome/141.0.7390.122 Mobile Safari/537.36 (compatible; Googlebot/2.1; +http://www.google.com/bot.html)"
66.249.68.65 - - [13/Dec/2025:12:18:10 +0000] "GET /?i=1292166380502&channel=fa7075&from=shared.php?detail/10674764 HTTP/1.1" 200 236547 "-" "Mozilla/5.0 (Linux; Android 6.0.1; Nexus 5X Build/MMB29P) AppleWebKit/537.36 (KHTML, like Gecko) Chrome/141.0.7390.122 Mobile Safari/537.36 (compatible; Googlebot/2.1; +http://www.google.com/bot.html)"
66.249.68.65 - - [13/Dec/2025:12:18:11 +0000] "GET /?i=1292166380502&channel=fa7075&from=shared.php?detail/11792164 HTTP/1.1" 200 206158 "-" "Mozilla/5.0 (Linux; Android 6.0.1; Nexus 5X Build/MMB29P) AppleWebKit/537.36 (KHTML, like Gecko) Chrome/141.0.7390.122 Mobile Safari/537.36 (compatible; Googlebot/2.1; +http://www.google.com/bot.html)"
66.249.68.65 - - [13/Dec/2025:12:18:11 +0000] "GET /?i=1292166380502&channel=fa7075&from=shared.php?detail/17825164 HTTP/1.1" 200 224541 "-" "Mozilla/5.0 (Linux; Android 6.0.1; Nexus 5X Build/MMB29P) AppleWebKit/537.36 (KHTML, like Gecko) Chrome/141.0.7390.122 Mobile Safari/537.36 (compatible; Googlebot/2.1; +http://www.google.com/bot.html)"
66.249.68.66 - - [13/Dec/2025:12:18:11 +0000] "GET /?i=1292166380502&channel=fa7075&from=shared.php?detail/8558975 HTTP/1.1" 200 210134 "-" "Mozilla/5.0 (Linux; Android 6.0.1; Nexus 5X Build/MMB29P) AppleWebKit/537.36 (KHTML, like Gecko) Chrome/141.0.7390.122 Mobile Safari/537.36 (compatible; Googlebot/2.1; +http://www.google.com/bot.html)"
66.249.68.70 - - [13/Dec/2025:12:18:11 +0000] "GET /?i=1292166380502&channel=fa7075&from=shared.php?detail/4164820 HTTP/1.1" 200 214554 "-" "Mozilla/5.0 (Linux; Android 6.0.1; Nexus 5X Build/MMB29P) AppleWebKit/537.36 (KHTML, like Gecko) Chrome/141.0.7390.122 Mobile Safari/537.36 (compatible; Googlebot/2.1; +http://www.google.com/bot.html)"
66.249.68.67 - - [13/Dec/2025:12:18:12 +0000] "GET /?i=1292166380502&channel=fa7075&from=shared.php?detail/2260119 HTTP/1.1" 200 224780 "-" "Mozilla/5.0 (Linux; Android 6.0.1; Nexus 5X Build/MMB29P) AppleWebKit/537.36 (KHTML, like Gecko) Chrome/141.0.7390.122 Mobile Safari/537.36 (compatible; Googlebot/2.1; +http://www.google.com/bot.html)"
66.249.68.64 - - [13/Dec/2025:12:18:12 +0000] "GET /?i=1292166380502&channel=fa7075&from=shared.php?detail/10475919 HTTP/1.1" 200 239505 "-" "Mozilla/5.0 (Linux; Android 6.0.1; Nexus 5X Build/MMB29P) AppleWebKit/537.36 (KHTML, like Gecko) Chrome/141.0.7390.122 Mobile Safari/537.36 (compatible; Googlebot/2.1; +http://www.google.com/bot.html)"
66.249.68.64 - - [13/Dec/2025:12:18:12 +0000] "GET /?detail/29818264 HTTP/1.1" 200 194933 "-" "Mozilla/5.0 (Linux; Android 6.0.1; Nexus 5X Build/MMB29P) AppleWebKit/537.36 (KHTML, like Gecko) Chrome/141.0.7390.122 Mobile Safari/537.36 (compatible; Googlebot/2.1; +http://www.google.com/bot.html)"
66.249.68.66 - - [13/Dec/2025:12:18:12 +0000] "GET /?i=1292166380502&channel=fa7075&from=shared.php?detail/2456364 HTTP/1.1" 200 221618 "-" "Mozilla/5.0 (Linux; Android 6.0.1; Nexus 5X Build/MMB29P) AppleWebKit/537.36 (KHTML, like Gecko) Chrome/141.0.7390.122 Mobile Safari/537.36 (compatible; Googlebot/2.1; +http://www.google.com/bot.html)"
66.249.68.65 - - [13/Dec/2025:12:18:13 +0000] "GET /?i=1292166380502&channel=fa7075&from=shared.php?detail/6590942 HTTP/1.1" 200 217938 "-" "Mozilla/5.0 (Linux; Android 6.0.1; Nexus 5X Build/MMB29P) AppleWebKit/537.36 (KHTML, like Gecko) Chrome/141.0.7390.122 Mobile Safari/537.36 (compatible; Googlebot/2.1; +http://www.google.com/bot.html)"
66.249.68.71 - - [13/Dec/2025:12:18:13 +0000] "GET /?detail/12716197 HTTP/1.1" 200 193035 "-" "Mozilla/5.0 (Linux; Android 6.0.1; Nexus 5X Build/MMB29P) AppleWebKit/537.36 (KHTML, like Gecko) Chrome/141.0.7390.122 Mobile Safari/537.36 (compatible; Googlebot/2.1; +http://www.google.com/bot.html)"
66.249.68.68 - - [13/Dec/2025:12:18:14 +0000] "GET /?i=1292166380502&channel=fa7075&from=shared.php?detail/8987597 HTTP/1.1" 200 206185 "-" "Mozilla/5.0 (Linux; Android 6.0.1; Nexus 5X Build/MMB29P) AppleWebKit/537.36 (KHTML, like Gecko) Chrome/141.0.7390.122 Mobile Safari/537.36 (compatible; Googlebot/2.1; +http://www.google.com/bot.html)"
216.73.216.21 - - [13/Dec/2025:12:18:14 +0000] "GET /Transparencia/Fraccion6/i/c/index.php?fm=true&path=%2Fhome%2Fcuautla1%2Fdif.cuautlajalisco.gob.mx%2FTransparencia%2FFraccion6%2Fi%2F&rename=4TA+SESION.pdf HTTP/2.0" 200 18420 "-" "Mozilla/5.0 AppleWebKit/537.36 (KHTML, like Gecko; compatible; ClaudeBot/1.0; +claudebot@anthropic.com)"
216.73.216.21 - - [13/Dec/2025:12:18:14 +0000] "GET /Transparencia/Fraccion12/Fraccion13/index.php?fm=true&path=%2Fhome%2Fcuautla1%2Fdif.cuautlajalisco.gob.mx%2FTransparencia%2F&rename=Fraccion13 HTTP/2.0" 200 18376 "-" "Mozilla/5.0 AppleWebKit/537.36 (KHTML, like Gecko; compatible; ClaudeBot/1.0; +claudebot@anthropic.com)"
66.249.68.67 - - [13/Dec/2025:12:18:14 +0000] "GET /?i=1292166380502&channel=fa7075&from=shared.php?detail/11931342 HTTP/1.1" 200 235279 "-" "Mozilla/5.0 (Linux; Android 6.0.1; Nexus 5X Build/MMB29P) AppleWebKit/537.36 (KHTML, like Gecko) Chrome/141.0.7390.122 Mobile Safari/537.36 (compatible; Googlebot/2.1; +http://www.google.com/bot.html)"
216.73.216.21 - - [13/Dec/2025:12:18:14 +0000] "GET /Transparencia/Fraccion12/Fraccion13/index.php?fm=true&path=%2Fhome%2Fcuautla1%2Fdif.cuautlajalisco.gob.mx%2FTransparencia%2F&rename=Fraccion1 HTTP/2.0" 200 18374 "-" "Mozilla/5.0 AppleWebKit/537.36 (KHTML, like Gecko; compatible; ClaudeBot/1.0; +claudebot@anthropic.com)"
216.73.216.21 - - [13/Dec/2025:12:18:14 +0000] "GET /Transparencia/Fraccion6/i/c/?fm=true&path=%2Fhome%2Fcuautla1%2Fdif.cuautlajalisco.gob.mx%2FTransparencia%2FFraccion6%2F&rename=a HTTP/2.0" 200 18388 "-" "Mozilla/5.0 AppleWebKit/537.36 (KHTML, like Gecko; compatible; ClaudeBot/1.0; +claudebot@anthropic.com)"
216.73.216.21 - - [13/Dec/2025:12:18:14 +0000] "GET /Transparencia/Fraccion12/Fraccion13/index.php?fm=true&path=%2Fhome%2Fcuautla1%2Fdif.cuautlajalisco.gob.mx%2FTransparencia%2F&rights=AVISO+DE+PRIVACIDAD.pdf HTTP/2.0" 200 18418 "-" "Mozilla/5.0 AppleWebKit/537.36 (KHTML, like Gecko; compatible; ClaudeBot/1.0; +claudebot@anthropic.com)"
216.73.216.21 - - [13/Dec/2025:12:18:14 +0000] "GET /Transparencia/Fraccion12/Fraccion13/index.php?fm=true&path=%2Fhome%2Fcuautla1%2Fdif.cuautlajalisco.gob.mx%2FTransparencia%2F&rights=Fraccion2 HTTP/2.0" 200 18481 "-" "Mozilla/5.0 AppleWebKit/537.36 (KHTML, like Gecko; compatible; ClaudeBot/1.0; +claudebot@anthropic.com)"
66.249.68.70 - - [13/Dec/2025:12:18:14 +0000] "GET /?i=1292166380502&channel=fa7075&from=shared.php?detail/17331319 HTTP/1.1" 200 205707 "-" "Mozilla/5.0 (Linux; Android 6.0.1; Nexus 5X Build/MMB29P) AppleWebKit/537.36 (KHTML, like Gecko) Chrome/141.0.7390.122 Mobile Safari/537.36 (compatible; Googlebot/2.1; +http://www.google.com/bot.html)"
216.73.216.21 - - [13/Dec/2025:12:18:14 +0000] "GET /Transparencia/Fraccion12/Fraccion13/index.php?fm=true&path=%2Fhome%2Fcuautla1%2Fdif.cuautlajalisco.gob.mx%2FTransparencia%2F&rename=Fraccion10 HTTP/2.0" 200 18376 "-" "Mozilla/5.0 AppleWebKit/537.36 (KHTML, like Gecko; compatible; ClaudeBot/1.0; +claudebot@anthropic.com)"
66.249.68.64 - - [13/Dec/2025:12:18:14 +0000] "GET /?i=1292166380502&channel=fa7075&from=shared.php?detail/20922720 HTTP/1.1" 200 208624 "-" "Mozilla/5.0 (Linux; Android 6.0.1; Nexus 5X Build/MMB29P) AppleWebKit/537.36 (KHTML, like Gecko) Chrome/141.0.7390.122 Mobile Safari/537.36 (compatible; Googlebot/2.1; +http://www.google.com/bot.html)"
216.73.216.21 - - [13/Dec/2025:12:18:15 +0000] "GET /Transparencia/Fraccion12/Fraccion13/index.php?fm=true&path=%2Fhome%2Fcuautla1%2Fdif.cuautlajalisco.gob.mx%2FTransparencia%2F&rights=Fraccion3 HTTP/2.0" 200 18481 "-" "Mozilla/5.0 AppleWebKit/537.36 (KHTML, like Gecko; compatible; ClaudeBot/1.0; +claudebot@anthropic.com)"
216.73.216.21 - - [13/Dec/2025:12:18:15 +0000] "GET /Transparencia/Fraccion12/Fraccion13/index.php?fm=true&path=%2Fhome%2Fcuautla1%2Fdif.cuautlajalisco.gob.mx%2FTransparencia%2F&rename=Directorio HTTP/2.0" 200 18376 "-" "Mozilla/5.0 AppleWebKit/537.36 (KHTML, like Gecko; compatible; ClaudeBot/1.0; +claudebot@anthropic.com)"
216.73.216.21 - - [13/Dec/2025:12:18:15 +0000] "GET /Transparencia/Fraccion6/i/c/index.php?fm=true&path=%2Fhome%2Fcuautla1%2Fdif.cuautlajalisco.gob.mx%2FTransparencia%2FFraccion6%2Fi%2F&rename=3RA+SESION.pdf HTTP/2.0" 200 18420 "-" "Mozilla/5.0 AppleWebKit/537.36 (KHTML, like Gecko; compatible; ClaudeBot/1.0; +claudebot@anthropic.com)"
66.249.68.64 - - [13/Dec/2025:12:18:15 +0000] "GET /?i=1292166380502&channel=fa7075&from=shared.php?detail/8926975 HTTP/1.1" 200 217393 "-" "Mozilla/5.0 (Linux; Android 6.0.1; Nexus 5X Build/MMB29P) AppleWebKit/537.36 (KHTML, like Gecko) Chrome/141.0.7390.122 Mobile Safari/537.36 (compatible; Googlebot/2.1; +http://www.google.com/bot.html)"
66.249.68.71 - - [13/Dec/2025:12:18:15 +0000] "GET /?i=1292166380502&channel=fa7075&from=shared.php?detail/2505964 HTTP/1.1" 200 218004 "-" "Mozilla/5.0 (Linux; Android 6.0.1; Nexus 5X Build/MMB29P) AppleWebKit/537.36 (KHTML, like Gecko) Chrome/141.0.7390.122 Mobile Safari/537.36 (compatible; Googlebot/2.1; +http://www.google.com/bot.html)"
216.73.216.21 - - [13/Dec/2025:12:18:15 +0000] "GET /Transparencia/Fraccion6/i/c/index.php?edit=2DA+SESION.pdf&fm=true&path=%2Fhome%2Fcuautla1%2Fdif.cuautlajalisco.gob.mx%2FTransparencia%2FFraccion6%2Fi%2F HTTP/2.0" 200 1092351 "-" "Mozilla/5.0 AppleWebKit/537.36 (KHTML, like Gecko; compatible; ClaudeBot/1.0; +claudebot@anthropic.com)"
216.73.216.21 - - [13/Dec/2025:12:18:15 +0000] "GET /Transparencia/Fraccion6/i/c/index.php?fm=true&path=%2Fhome%2Fcuautla1%2Fdif.cuautlajalisco.gob.mx%2FTransparencia%2FFraccion6%2Fi%2F&rights=2DA+SESION.pdf HTTP/2.0" 200 18436 "-" "Mozilla/5.0 AppleWebKit/537.36 (KHTML, like Gecko; compatible; ClaudeBot/1.0; +claudebot@anthropic.com)"
216.73.216.21 - - [13/Dec/2025:12:18:15 +0000] "GET /Transparencia/Fraccion12/Fraccion13/index.php?fm=true&path=%2Fhome%2Fcuautla1%2Fdif.cuautlajalisco.gob.mx%2FTransparencia%2FFraccion14 HTTP/2.0" 200 29250 "-" "Mozilla/5.0 AppleWebKit/537.36 (KHTML, like Gecko; compatible; ClaudeBot/1.0; +claudebot@anthropic.com)"
216.73.216.21 - - [13/Dec/2025:12:18:15 +0000] "GET /Transparencia/Fraccion12/Fraccion13/index.php?fm=true&path=%2Fhome%2Fcuautla1%2Fdif.cuautlajalisco.gob.mx%2FTransparencia%2FFraccion13 HTTP/2.0" 200 26228 "-" "Mozilla/5.0 AppleWebKit/537.36 (KHTML, like Gecko; compatible; ClaudeBot/1.0; +claudebot@anthropic.com)"
216.73.216.21 - - [13/Dec/2025:12:18:15 +0000] "GET /Transparencia/Fraccion6/i/c/?fm=true&path=%2Fhome%2Fcuautla1%2Fdif.cuautlajalisco.gob.mx%2FTransparencia%2FFraccion6%2Fd HTTP/2.0" 200 23867 "-" "Mozilla/5.0 AppleWebKit/537.36 (KHTML, like Gecko; compatible; ClaudeBot/1.0; +claudebot@anthropic.com)"
66.249.68.69 - - [13/Dec/2025:12:18:15 +0000] "GET /?i=1292166380502&channel=fa7075&from=shared.php?detail/1737397 HTTP/1.1" 200 206324 "-" "Mozilla/5.0 (Linux; Android 6.0.1; Nexus 5X Build/MMB29P) AppleWebKit/537.36 (KHTML, like Gecko) Chrome/141.0.7390.122 Mobile Safari/537.36 (compatible; Googlebot/2.1; +http://www.google.com/bot.html)"
66.249.68.71 - - [13/Dec/2025:12:18:15 +0000] "GET /?detail/28908864 HTTP/1.1" 200 192944 "-" "Mozilla/5.0 (Linux; Android 6.0.1; Nexus 5X Build/MMB29P) AppleWebKit/537.36 (KHTML, like Gecko) Chrome/141.0.7390.122 Mobile Safari/537.36 (compatible; Googlebot/2.1; +http://www.google.com/bot.html)"
216.73.216.21 - - [13/Dec/2025:12:18:15 +0000] "GET /Transparencia/Fraccion12/Fraccion13/index.php?edit=error_log-20251212184258.&fm=true&path=%2Fhome%2Fcuautla1%2Fdif.cuautlajalisco.gob.mx%2FTransparencia%2F HTTP/2.0" 200 18994 "-" "Mozilla/5.0 AppleWebKit/537.36 (KHTML, like Gecko; compatible; ClaudeBot/1.0; +claudebot@anthropic.com)"
216.73.216.21 - - [13/Dec/2025:12:18:15 +0000] "GET /Transparencia/Fraccion12/Fraccion13/index.php?fm=true&path=%2Fhome%2Fcuautla1%2Fdif.cuautlajalisco.gob.mx%2FTransparencia%2FFraccion11 HTTP/2.0" 200 31279 "-" "Mozilla/5.0 AppleWebKit/537.36 (KHTML, like Gecko; compatible; ClaudeBot/1.0; +claudebot@anthropic.com)"
66.249.68.64 - - [13/Dec/2025:12:18:15 +0000] "GET /?i=1292166380502&channel=fa7075&from=shared.php?detail/4986197 HTTP/1.1" 200 205485 "-" "Mozilla/5.0 (Linux; Android 6.0.1; Nexus 5X Build/MMB29P) AppleWebKit/537.36 (KHTML, like Gecko) Chrome/141.0.7390.122 Mobile Safari/537.36 (compatible; Googlebot/2.1; +http://www.google.com/bot.html)"
216.73.216.21 - - [13/Dec/2025:12:18:15 +0000] "GET /Transparencia/Fraccion12/Fraccion13/index.php?fm=true&path=%2Fhome%2Fcuautla1%2Fdif.cuautlajalisco.gob.mx%2FTransparencia%2F&rename=Fraccion8 HTTP/2.0" 200 18374 "-" "Mozilla/5.0 AppleWebKit/537.36 (KHTML, like Gecko; compatible; ClaudeBot/1.0; +claudebot@anthropic.com)"
216.73.216.21 - - [13/Dec/2025:12:18:16 +0000] "GET /Transparencia/Fraccion12/Fraccion13/index.php?fm=true&path=%2Fhome%2Fcuautla1%2Fdif.cuautlajalisco.gob.mx%2FTransparencia%2F&rename=Fraccion6 HTTP/2.0" 200 18374 "-" "Mozilla/5.0 AppleWebKit/537.36 (KHTML, like Gecko; compatible; ClaudeBot/1.0; +claudebot@anthropic.com)"
216.73.216.21 - - [13/Dec/2025:12:18:16 +0000] "GET /Transparencia/Fraccion12/Fraccion13/index.php?fm=true&path=%2Fhome%2Fcuautla1%2Fdif.cuautlajalisco.gob.mx%2FTransparencia%2F&rename=Fraccion7 HTTP/2.0" 200 18374 "-" "Mozilla/5.0 AppleWebKit/537.36 (KHTML, like Gecko; compatible; ClaudeBot/1.0; +claudebot@anthropic.com)"
66.249.68.67 - - [13/Dec/2025:12:18:16 +0000] "GET /?detail/29477720 HTTP/1.1" 200 204217 "-" "Mozilla/5.0 (Linux; Android 6.0.1; Nexus 5X Build/MMB29P) AppleWebKit/537.36 (KHTML, like Gecko) Chrome/141.0.7390.122 Mobile Safari/537.36 (compatible; Googlebot/2.1; +http://www.google.com/bot.html)"
216.73.216.21 - - [13/Dec/2025:12:18:16 +0000] "GET /Transparencia/Fraccion6/i/c/index.php?fm=true&path=%2Fhome%2Fcuautla1%2Fdif.cuautlajalisco.gob.mx%2FTransparencia%2FFraccion6%2Fi%2F&rename=7MA+SESION.pdf HTTP/2.0" 200 18420 "-" "Mozilla/5.0 AppleWebKit/537.36 (KHTML, like Gecko; compatible; ClaudeBot/1.0; +claudebot@anthropic.com)"
216.73.216.21 - - [13/Dec/2025:12:18:16 +0000] "GET /Transparencia/Fraccion6/i/c/?fm=true&path=%2Fhome%2Fcuautla1%2Fdif.cuautlajalisco.gob.mx%2FTransparencia%2FFraccion6%2F&rename=g HTTP/2.0" 200 18388 "-" "Mozilla/5.0 AppleWebKit/537.36 (KHTML, like Gecko; compatible; ClaudeBot/1.0; +claudebot@anthropic.com)"
216.73.216.21 - - [13/Dec/2025:12:18:16 +0000] "GET /Transparencia/Fraccion12/Fraccion13/index.php?fm=true&path=%2Fhome%2Fcuautla1%2Fdif.cuautlajalisco.gob.mx%2FTransparencia%2F&rename=Fraccion12 HTTP/2.0" 200 18376 "-" "Mozilla/5.0 AppleWebKit/537.36 (KHTML, like Gecko; compatible; ClaudeBot/1.0; +claudebot@anthropic.com)"
66.249.68.67 - - [13/Dec/2025:12:18:16 +0000] "GET /?i=1292166380502&channel=fa7075&from=shared.php?detail/6653308 HTTP/1.1" 200 208224 "-" "Mozilla/5.0 (Linux; Android 6.0.1; Nexus 5X Build/MMB29P) AppleWebKit/537.36 (KHTML, like Gecko) Chrome/141.0.7390.122 Mobile Safari/537.36 (compatible; Googlebot/2.1; +http://www.google.com/bot.html)"
216.73.216.21 - - [13/Dec/2025:12:18:16 +0000] "GET /Transparencia/Fraccion6/i/c/index.php?fm=true&path=%2Fhome%2Fcuautla1%2Fdif.cuautlajalisco.gob.mx%2FTransparencia%2FFraccion6%2Fi%2F&rights=5TA+SESION.pdf HTTP/2.0" 200 18436 "-" "Mozilla/5.0 AppleWebKit/537.36 (KHTML, like Gecko; compatible; ClaudeBot/1.0; +claudebot@anthropic.com)"
216.73.216.21 - - [13/Dec/2025:12:18:16 +0000] "GET /Transparencia/Fraccion6/i/c/?fm=true&path=%2Fhome%2Fcuautla1%2Fdif.cuautlajalisco.gob.mx%2FTransparencia%2FFraccion6%2Fg HTTP/2.0" 200 25680 "-" "Mozilla/5.0 AppleWebKit/537.36 (KHTML, like Gecko; compatible; ClaudeBot/1.0; +claudebot@anthropic.com)"
216.73.216.21 - - [13/Dec/2025:12:18:16 +0000] "GET /Transparencia/Fraccion12/Fraccion13/index.php?fm=true&path=%2Fhome%2Fcuautla1%2Fdif.cuautlajalisco.gob.mx%2FTransparencia%2F&rights=Fraccion1 HTTP/2.0" 200 18481 "-" "Mozilla/5.0 AppleWebKit/537.36 (KHTML, like Gecko; compatible; ClaudeBot/1.0; +claudebot@anthropic.com)"
216.73.216.21 - - [13/Dec/2025:12:18:16 +0000] "GET /Transparencia/Fraccion6/i/c/?fm=true&path=%2Fhome%2Fcuautla1%2Fdif.cuautlajalisco.gob.mx%2FTransparencia%2FFraccion6%2F&rights=a HTTP/2.0" 200 18495 "-" "Mozilla/5.0 AppleWebKit/537.36 (KHTML, like Gecko; compatible; ClaudeBot/1.0; +claudebot@anthropic.com)"
216.73.216.21 - - [13/Dec/2025:12:18:17 +0000] "GET /Transparencia/Fraccion6/i/c/index.php?fm=true&path=%2Fhome%2Fcuautla1%2Fdif.cuautlajalisco.gob.mx%2FTransparencia%2FFraccion6%2Fi%2F&rights=4TA+SESION.pdf HTTP/2.0" 200 18436 "-" "Mozilla/5.0 AppleWebKit/537.36 (KHTML, like Gecko; compatible; ClaudeBot/1.0; +claudebot@anthropic.com)"
216.73.216.21 - - [13/Dec/2025:12:18:17 +0000] "GET /Transparencia/Fraccion12/Fraccion13/?fm=true&path=%2Fhome%2Fcuautla1%2Fdif.cuautlajalisco.gob.mx%2FTransparencia%2F HTTP/2.0" 200 50935 "-" "Mozilla/5.0 AppleWebKit/537.36 (KHTML, like Gecko; compatible; ClaudeBot/1.0; +claudebot@anthropic.com)"
216.73.216.21 - - [13/Dec/2025:12:18:17 +0000] "GET /Transparencia/Fraccion12/Fraccion13/index.php?fm=true&path=%2Fhome%2Fcuautla1%2Fdif.cuautlajalisco.gob.mx%2FTransparencia%2F&rights=Directorio HTTP/2.0" 200 18483 "-" "Mozilla/5.0 AppleWebKit/537.36 (KHTML, like Gecko; compatible; ClaudeBot/1.0; +claudebot@anthropic.com)"
216.73.216.21 - - [13/Dec/2025:12:18:17 +0000] "GET /Transparencia/Fraccion6/i/c/?edit=c.zip&fm=true&path=%2Fhome%2Fcuautla1%2Fdif.cuautlajalisco.gob.mx%2FTransparencia%2FFraccion6%2Fi%2Fc%2F HTTP/2.0" 200 4321494 "-" "Mozilla/5.0 AppleWebKit/537.36 (KHTML, like Gecko; compatible; ClaudeBot/1.0; +claudebot@anthropic.com)"
216.73.216.21 - - [13/Dec/2025:12:18:17 +0000] "GET /Transparencia/Fraccion12/Fraccion13/index.php?fm=true&path=%2Fhome%2Fcuautla1%2Fdif.cuautlajalisco.gob.mx%2FTransparencia%2F&rights=Fraccion10 HTTP/2.0" 200 18483 "-" "Mozilla/5.0 AppleWebKit/537.36 (KHTML, like Gecko; compatible; ClaudeBot/1.0; +claudebot@anthropic.com)"
216.73.216.21 - - [13/Dec/2025:12:18:17 +0000] "GET /Transparencia/Fraccion6/i/c/index.php?edit=3RA+SESION.pdf&fm=true&path=%2Fhome%2Fcuautla1%2Fdif.cuautlajalisco.gob.mx%2FTransparencia%2FFraccion6%2Fi%2F HTTP/2.0" 200 981864 "-" "Mozilla/5.0 AppleWebKit/537.36 (KHTML, like Gecko; compatible; ClaudeBot/1.0; +claudebot@anthropic.com)"
216.73.216.21 - - [13/Dec/2025:12:18:17 +0000] "GET /Transparencia/Fraccion6/i/c/?fm=true&path=%2Fhome%2Fcuautla1%2Fdif.cuautlajalisco.gob.mx%2FTransparencia%2FFraccion6%2F&rename=j HTTP/2.0" 200 18388 "-" "Mozilla/5.0 AppleWebKit/537.36 (KHTML, like Gecko; compatible; ClaudeBot/1.0; +claudebot@anthropic.com)"
216.73.216.21 - - [13/Dec/2025:12:18:17 +0000] "GET /Transparencia/Fraccion6/i/c/?fm=true&path=%2Fhome%2Fcuautla1%2Fdif.cuautlajalisco.gob.mx%2FTransparencia%2FFraccion6%2Fa HTTP/2.0" 200 22394 "-" "Mozilla/5.0 AppleWebKit/537.36 (KHTML, like Gecko; compatible; ClaudeBot/1.0; +claudebot@anthropic.com)"
66.249.68.67 - - [13/Dec/2025:12:18:17 +0000] "GET /?i=1292166380502&channel=fa7075&from=shared.php?detail/11070086 HTTP/1.1" 200 211023 "-" "Mozilla/5.0 (Linux; Android 6.0.1; Nexus 5X Build/MMB29P) AppleWebKit/537.36 (KHTML, like Gecko) Chrome/141.0.7390.122 Mobile Safari/537.36 (compatible; Googlebot/2.1; +http://www.google.com/bot.html)"
216.73.216.21 - - [13/Dec/2025:12:18:17 +0000] "GET /Transparencia/Fraccion6/i/c/index.php?fm=true&path=%2Fhome%2Fcuautla1%2Fdif.cuautlajalisco.gob.mx%2FTransparencia%2FFraccion6%2Fi%2F&rights=3RA+SESION.pdf HTTP/2.0" 200 18436 "-" "Mozilla/5.0 AppleWebKit/537.36 (KHTML, like Gecko; compatible; ClaudeBot/1.0; +claudebot@anthropic.com)"
216.73.216.21 - - [13/Dec/2025:12:18:17 +0000] "GET /Transparencia/Fraccion6/i/c/?fm=true&path=%2Fhome%2Fcuautla1%2Fdif.cuautlajalisco.gob.mx%2FTransparencia%2FFraccion6%2Fi HTTP/2.0" 200 37344 "-" "Mozilla/5.0 AppleWebKit/537.36 (KHTML, like Gecko; compatible; ClaudeBot/1.0; +claudebot@anthropic.com)"
66.249.68.70 - - [13/Dec/2025:12:18:17 +0000] "GET /?i=1292166380502&channel=fa7075&from=shared.php?detail/6719420 HTTP/1.1" 200 226744 "-" "Mozilla/5.0 (Linux; Android 6.0.1; Nexus 5X Build/MMB29P) AppleWebKit/537.36 (KHTML, like Gecko) Chrome/141.0.7390.122 Mobile Safari/537.36 (compatible; Googlebot/2.1; +http://www.google.com/bot.html)"
216.73.216.21 - - [13/Dec/2025:12:18:18 +0000] "GET /Transparencia/Fraccion6/i/c/?fm=true&path=%2Fhome%2Fcuautla1%2Fdif.cuautlajalisco.gob.mx%2FTransparencia%2FFraccion6%2Fi%2Fc%2F&rename=c.zip HTTP/2.0" 200 18408 "-" "Mozilla/5.0 AppleWebKit/537.36 (KHTML, like Gecko; compatible; ClaudeBot/1.0; +claudebot@anthropic.com)"
216.73.216.21 - - [13/Dec/2025:12:18:18 +0000] "GET /Transparencia/Fraccion6/i/c/index.php?edit=7MA+SESION.pdf&fm=true&path=%2Fhome%2Fcuautla1%2Fdif.cuautlajalisco.gob.mx%2FTransparencia%2FFraccion6%2Fi%2F HTTP/2.0" 200 810628 "-" "Mozilla/5.0 AppleWebKit/537.36 (KHTML, like Gecko; compatible; ClaudeBot/1.0; +claudebot@anthropic.com)"
216.73.216.21 - - [13/Dec/2025:12:18:18 +0000] "GET /Transparencia/Fraccion12/Fraccion13/index.php?fm=true&path=%2Fhome%2Fcuautla1%2Fdif.cuautlajalisco.gob.mx%2FTransparencia%2F&rights=Fraccion8 HTTP/2.0" 200 18481 "-" "Mozilla/5.0 AppleWebKit/537.36 (KHTML, like Gecko; compatible; ClaudeBot/1.0; +claudebot@anthropic.com)"
216.73.216.21 - - [13/Dec/2025:12:18:18 +0000] "GET /Transparencia/Fraccion12/Fraccion13/index.php?fm=true&path=%2Fhome%2Fcuautla1%2Fdif.cuautlajalisco.gob.mx%2FTransparencia%2F&rights=Fraccion6 HTTP/2.0" 200 18481 "-" "Mozilla/5.0 AppleWebKit/537.36 (KHTML, like Gecko; compatible; ClaudeBot/1.0; +claudebot@anthropic.com)"
66.249.68.69 - - [13/Dec/2025:12:18:18 +0000] "GET /?i=1292166380502&channel=fa7075&from=shared.php?detail/11492719 HTTP/1.1" 200 207176 "-" "Mozilla/5.0 (Linux; Android 6.0.1; Nexus 5X Build/MMB29P) AppleWebKit/537.36 (KHTML, like Gecko) Chrome/141.0.7390.122 Mobile Safari/537.36 (compatible; Googlebot/2.1; +http://www.google.com/bot.html)"
216.73.216.21 - - [13/Dec/2025:12:18:18 +0000] "GET /Transparencia/Fraccion12/Fraccion13/index.php?fm=true&path=%2Fhome%2Fcuautla1%2Fdif.cuautlajalisco.gob.mx%2FTransparencia%2F&rights=Fraccion7 HTTP/2.0" 200 18481 "-" "Mozilla/5.0 AppleWebKit/537.36 (KHTML, like Gecko; compatible; ClaudeBot/1.0; +claudebot@anthropic.com)"
216.73.216.21 - - [13/Dec/2025:12:18:18 +0000] "GET /Transparencia/Fraccion6/i/c/?fm=true&path=%2Fhome%2Fcuautla1%2Fdif.cuautlajalisco.gob.mx%2FTransparencia%2FFraccion6%2F&rights=g HTTP/2.0" 200 18495 "-" "Mozilla/5.0 AppleWebKit/537.36 (KHTML, like Gecko; compatible; ClaudeBot/1.0; +claudebot@anthropic.com)"
216.73.216.21 - - [13/Dec/2025:12:18:18 +0000] "GET /Transparencia/Fraccion6/i/c/index.php?edit=6sesion2017.pdf&fm=true&path=%2Fhome%2Fcuautla1%2Fdif.cuautlajalisco.gob.mx%2FTransparencia%2FFraccion6%2Fi%2F HTTP/2.0" 200 1049444 "-" "Mozilla/5.0 AppleWebKit/537.36 (KHTML, like Gecko; compatible; ClaudeBot/1.0; +claudebot@anthropic.com)"
216.73.216.21 - - [13/Dec/2025:12:18:18 +0000] "GET /Transparencia/Fraccion6/i/c/?fm=true&path=%2Fhome%2Fcuautla1%2Fdif.cuautlajalisco.gob.mx%2FTransparencia%2FFraccion6%2Fk HTTP/2.0" 200 23745 "-" "Mozilla/5.0 AppleWebKit/537.36 (KHTML, like Gecko; compatible; ClaudeBot/1.0; +claudebot@anthropic.com)"
216.73.216.21 - - [13/Dec/2025:12:18:18 +0000] "GET /Transparencia/Fraccion12/Fraccion13/index.php?fm=true&path=%2Fhome%2Fcuautla1%2Fdif.cuautlajalisco.gob.mx%2FTransparencia%2F&rights=Fraccion12 HTTP/2.0" 200 18483 "-" "Mozilla/5.0 AppleWebKit/537.36 (KHTML, like Gecko; compatible; ClaudeBot/1.0; +claudebot@anthropic.com)"
66.249.68.68 - - [13/Dec/2025:12:18:18 +0000] "GET /?detail/27907520 HTTP/1.1" 200 194609 "-" "Mozilla/5.0 (Linux; Android 6.0.1; Nexus 5X Build/MMB29P) AppleWebKit/537.36 (KHTML, like Gecko) Chrome/141.0.7390.122 Mobile Safari/537.36 (compatible; Googlebot/2.1; +http://www.google.com/bot.html)"
66.249.68.66 - - [13/Dec/2025:12:18:18 +0000] "GET /?i=1292166380502&channel=fa7075&from=shared.php?detail/26094642 HTTP/1.1" 200 208028 "-" "Mozilla/5.0 (Linux; Android 6.0.1; Nexus 5X Build/MMB29P) AppleWebKit/537.36 (KHTML, like Gecko) Chrome/141.0.7390.122 Mobile Safari/537.36 (compatible; Googlebot/2.1; +http://www.google.com/bot.html)"
66.249.68.66 - - [13/Dec/2025:12:18:19 +0000] "GET /?detail/10885875 HTTP/1.1" 200 193754 "-" "Mozilla/5.0 (Linux; Android 6.0.1; Nexus 5X Build/MMB29P) AppleWebKit/537.36 (KHTML, like Gecko) Chrome/141.0.7390.122 Mobile Safari/537.36 (compatible; Googlebot/2.1; +http://www.google.com/bot.html)"
66.249.68.67 - - [13/Dec/2025:12:18:19 +0000] "GET /?detail/15633497 HTTP/1.1" 200 191948 "-" "Mozilla/5.0 (Linux; Android 6.0.1; Nexus 5X Build/MMB29P) AppleWebKit/537.36 (KHTML, like Gecko) Chrome/141.0.7390.122 Mobile Safari/537.36 (compatible; Googlebot/2.1; +http://www.google.com/bot.html)"
66.249.68.67 - - [13/Dec/2025:12:18:19 +0000] "GET /?i=1292166380502&channel=fa7075&from=shared.php?detail/16169464 HTTP/1.1" 200 219622 "-" "Mozilla/5.0 (Linux; Android 6.0.1; Nexus 5X Build/MMB29P) AppleWebKit/537.36 (KHTML, like Gecko) Chrome/141.0.7390.122 Mobile Safari/537.36 (compatible; Googlebot/2.1; +http://www.google.com/bot.html)"
66.249.68.64 - - [13/Dec/2025:12:18:19 +0000] "GET /?i=1292166380502&channel=fa7075&from=shared.php?detail/16632419 HTTP/1.1" 200 237308 "-" "Mozilla/5.0 (Linux; Android 6.0.1; Nexus 5X Build/MMB29P) AppleWebKit/537.36 (KHTML, like Gecko) Chrome/141.0.7390.122 Mobile Safari/537.36 (compatible; Googlebot/2.1; +http://www.google.com/bot.html)"
66.249.68.67 - - [13/Dec/2025:12:18:19 +0000] "GET /?i=1292166380502&channel=fa7075&from=shared.php?detail/11553319 HTTP/1.1" 200 207544 "-" "Mozilla/5.0 (Linux; Android 6.0.1; Nexus 5X Build/MMB29P) AppleWebKit/537.36 (KHTML, like Gecko) Chrome/141.0.7390.122 Mobile Safari/537.36 (compatible; Googlebot/2.1; +http://www.google.com/bot.html)"
66.249.68.70 - - [13/Dec/2025:12:18:19 +0000] "GET /?i=1292166380502&channel=fa7075&from=shared.php?detail/13121142 HTTP/1.1" 200 206908 "-" "Mozilla/5.0 (Linux; Android 6.0.1; Nexus 5X Build/MMB29P) AppleWebKit/537.36 (KHTML, like Gecko) Chrome/141.0.7390.122 Mobile Safari/537.36 (compatible; Googlebot/2.1; +http://www.google.com/bot.html)"
216.73.216.21 - - [13/Dec/2025:12:18:20 +0000] "GET /Transparencia/Fraccion12/Fraccion13/?fm=true&path=%2Fhome%2Fcuautla1%2Fdif.cuautlajalisco.gob.mx%2FTransparencia%2FFraccion12%2FFraccion13%2F&rights=Fraccion3.tar HTTP/2.0" 200 18464 "-" "Mozilla/5.0 AppleWebKit/537.36 (KHTML, like Gecko; compatible; ClaudeBot/1.0; +claudebot@anthropic.com)"
216.73.216.21 - - [13/Dec/2025:12:18:20 +0000] "GET /Transparencia/Fraccion12/Fraccion13/?fm=true&path=%2Fhome%2Fcuautla1%2Fdif.cuautlajalisco.gob.mx%2FTransparencia%2FFraccion12%2FFraccion13%2F&rename=Directorio.tar.gz HTTP/2.0" 200 18456 "-" "Mozilla/5.0 AppleWebKit/537.36 (KHTML, like Gecko; compatible; ClaudeBot/1.0; +claudebot@anthropic.com)"
66.249.68.70 - - [13/Dec/2025:12:18:20 +0000] "GET /?detail/27618308 HTTP/1.1" 200 205750 "-" "Mozilla/5.0 (Linux; Android 6.0.1; Nexus 5X Build/MMB29P) AppleWebKit/537.36 (KHTML, like Gecko) Chrome/141.0.7390.122 Mobile Safari/537.36 (compatible; Googlebot/2.1; +http://www.google.com/bot.html)"
66.249.68.69 - - [13/Dec/2025:12:18:20 +0000] "GET /?i=1292166380502&channel=fa7075&from=shared.php?detail/7843708 HTTP/1.1" 200 213584 "-" "Mozilla/5.0 (Linux; Android 6.0.1; Nexus 5X Build/MMB29P) AppleWebKit/537.36 (KHTML, like Gecko) Chrome/141.0.7390.122 Mobile Safari/537.36 (compatible; Googlebot/2.1; +http://www.google.com/bot.html)"
66.249.68.68 - - [13/Dec/2025:12:18:20 +0000] "GET /?detail/19654019 HTTP/1.1" 200 197965 "-" "Mozilla/5.0 (Linux; Android 6.0.1; Nexus 5X Build/MMB29P) AppleWebKit/537.36 (KHTML, like Gecko) Chrome/141.0.7390.122 Mobile Safari/537.36 (compatible; Googlebot/2.1; +http://www.google.com/bot.html)"
216.73.216.21 - - [13/Dec/2025:12:18:20 +0000] "GET /Transparencia/Fraccion12/Fraccion13/?fm=true&path=%2Fhome%2Fcuautla1%2Fdif.cuautlajalisco.gob.mx%2FTransparencia%2FFraccion12%2FFraccion13%2F&rename=Fraccion8.tar HTTP/2.0" 200 18448 "-" "Mozilla/5.0 AppleWebKit/537.36 (KHTML, like Gecko; compatible; ClaudeBot/1.0; +claudebot@anthropic.com)"
66.249.68.70 - - [13/Dec/2025:12:18:20 +0000] "GET /?i=1292166380502&channel=fa7075&from=shared.php?detail/7695253 HTTP/1.1" 200 205627 "-" "Mozilla/5.0 (Linux; Android 6.0.1; Nexus 5X Build/MMB29P) AppleWebKit/537.36 (KHTML, like Gecko) Chrome/141.0.7390.122 Mobile Safari/537.36 (compatible; Googlebot/2.1; +http://www.google.com/bot.html)"
216.73.216.21 - - [13/Dec/2025:12:18:20 +0000] "GET /Transparencia/Fraccion12/Fraccion13/index.php?fm=true&path=%2Fhome%2Fcuautla1%2Fdif.cuautlajalisco.gob.mx%2FTransparencia%2F&rename=AVISO+DE+PRIVACIDAD-20251212184526.pdf HTTP/2.0" 200 18432 "-" "Mozilla/5.0 AppleWebKit/537.36 (KHTML, like Gecko; compatible; ClaudeBot/1.0; +claudebot@anthropic.com)"
216.73.216.21 - - [13/Dec/2025:12:18:20 +0000] "GET /Transparencia/Fraccion12/Fraccion13/?edit=Fraccion4.tar&fm=true&path=%2Fhome%2Fcuautla1%2Fdif.cuautlajalisco.gob.mx%2FTransparencia%2FFraccion12%2FFraccion13%2F HTTP/2.0" 200 14888 "-" "Mozilla/5.0 AppleWebKit/537.36 (KHTML, like Gecko; compatible; ClaudeBot/1.0; +claudebot@anthropic.com)"
216.73.216.21 - - [13/Dec/2025:12:18:20 +0000] "GET /Transparencia/Fraccion12/Fraccion13/?fm=true&path=%2Fhome%2Fcuautla1%2Fdif.cuautlajalisco.gob.mx%2FTransparencia%2FFraccion12%2FFraccion13%2F&rename=Fraccion13.tar HTTP/2.0" 200 18450 "-" "Mozilla/5.0 AppleWebKit/537.36 (KHTML, like Gecko; compatible; ClaudeBot/1.0; +claudebot@anthropic.com)"
66.249.68.66 - - [13/Dec/2025:12:18:20 +0000] "GET /?detail/29012453 HTTP/1.1" 200 192344 "-" "Mozilla/5.0 (Linux; Android 6.0.1; Nexus 5X Build/MMB29P) AppleWebKit/537.36 (KHTML, like Gecko) Chrome/141.0.7390.122 Mobile Safari/537.36 (compatible; Googlebot/2.1; +http://www.google.com/bot.html)"
216.73.216.21 - - [13/Dec/2025:12:18:20 +0000] "GET /Transparencia/Fraccion12/Fraccion13/?edit=Fraccion3.tar&fm=true&path=%2Fhome%2Fcuautla1%2Fdif.cuautlajalisco.gob.mx%2FTransparencia%2FFraccion12%2FFraccion13%2F HTTP/2.0" 200 8121983 "-" "Mozilla/5.0 AppleWebKit/537.36 (KHTML, like Gecko; compatible; ClaudeBot/1.0; +claudebot@anthropic.com)"
216.73.216.21 - - [13/Dec/2025:12:18:20 +0000] "GET /Transparencia/Fraccion12/Fraccion13/?fm=true&path=%2Fhome%2Fcuautla1%2Fdif.cuautlajalisco.gob.mx%2FTransparencia%2FFraccion12%2FFraccion13%2F&rename=Fraccion9.tar HTTP/2.0" 200 18448 "-" "Mozilla/5.0 AppleWebKit/537.36 (KHTML, like Gecko; compatible; ClaudeBot/1.0; +claudebot@anthropic.com)"
216.73.216.21 - - [13/Dec/2025:12:18:20 +0000] "GET /Transparencia/Fraccion12/Fraccion13/?fm=true&path=%2Fhome%2Fcuautla1%2Fdif.cuautlajalisco.gob.mx%2FTransparencia%2FFraccion12%2FFraccion13%2F&rename=Fraccion11.tar HTTP/2.0" 200 18450 "-" "Mozilla/5.0 AppleWebKit/537.36 (KHTML, like Gecko; compatible; ClaudeBot/1.0; +claudebot@anthropic.com)"
216.73.216.21 - - [13/Dec/2025:12:18:20 +0000] "GET /Transparencia/Fraccion12/Fraccion13/?fm=true&path=%2Fhome%2Fcuautla1%2Fdif.cuautlajalisco.gob.mx%2FTransparencia%2FFraccion12%2FFraccion13%2F&rights=Directorio.tar HTTP/2.0" 200 18466 "-" "Mozilla/5.0 AppleWebKit/537.36 (KHTML, like Gecko; compatible; ClaudeBot/1.0; +claudebot@anthropic.com)"
66.249.68.66 - - [13/Dec/2025:12:18:20 +0000] "GET /?i=1292166380502&channel=fa7075&from=shared.php?detail/27206631 HTTP/1.1" 200 206578 "-" "Mozilla/5.0 (Linux; Android 6.0.1; Nexus 5X Build/MMB29P) AppleWebKit/537.36 (KHTML, like Gecko) Chrome/141.0.7390.122 Mobile Safari/537.36 (compatible; Googlebot/2.1; +http://www.google.com/bot.html)"
66.249.68.68 - - [13/Dec/2025:12:18:20 +0000] "GET /?i=1292166380502&channel=fa7075&from=shared.php?detail/20847019 HTTP/1.1" 200 206202 "-" "Mozilla/5.0 (Linux; Android 6.0.1; Nexus 5X Build/MMB29P) AppleWebKit/537.36 (KHTML, like Gecko) Chrome/141.0.7390.122 Mobile Safari/537.36 (compatible; Googlebot/2.1; +http://www.google.com/bot.html)"
216.73.216.21 - - [13/Dec/2025:12:18:20 +0000] "GET /Transparencia/Fraccion12/Fraccion13/?fm=true&path=%2Fhome%2Fcuautla1%2Fdif.cuautlajalisco.gob.mx%2FTransparencia%2FFraccion12%2FFraccion13%2F&rename=Fraccion7.tar HTTP/2.0" 200 18448 "-" "Mozilla/5.0 AppleWebKit/537.36 (KHTML, like Gecko; compatible; ClaudeBot/1.0; +claudebot@anthropic.com)"
216.73.216.21 - - [13/Dec/2025:12:18:21 +0000] "GET /Transparencia/Fraccion12/Fraccion13/?fm=true&path=%2Fhome%2Fcuautla1%2Fdif.cuautlajalisco.gob.mx%2FTransparencia%2FFraccion12%2FFraccion13%2F&rename=Fraccion10.tar HTTP/2.0" 200 18450 "-" "Mozilla/5.0 AppleWebKit/537.36 (KHTML, like Gecko; compatible; ClaudeBot/1.0; +claudebot@anthropic.com)"
216.73.216.21 - - [13/Dec/2025:12:18:21 +0000] "GET /Transparencia/Fraccion12/Fraccion13/?fm=true&path=%2Fhome%2Fcuautla1%2Fdif.cuautlajalisco.gob.mx%2FTransparencia%2FFraccion12%2FFraccion13%2F&rename=Fraccion4.tar HTTP/2.0" 200 18448 "-" "Mozilla/5.0 AppleWebKit/537.36 (KHTML, like Gecko; compatible; ClaudeBot/1.0; +claudebot@anthropic.com)"
66.249.68.67 - - [13/Dec/2025:12:18:21 +0000] "GET /?detail/1739120 HTTP/1.1" 200 189256 "-" "Mozilla/5.0 (Linux; Android 6.0.1; Nexus 5X Build/MMB29P) AppleWebKit/537.36 (KHTML, like Gecko) Chrome/141.0.7390.122 Mobile Safari/537.36 (compatible; Googlebot/2.1; +http://www.google.com/bot.html)"
216.73.216.21 - - [13/Dec/2025:12:18:21 +0000] "GET /Transparencia/Fraccion12/Fraccion13/index.php?fm=true&path=%2Fhome%2Fcuautla1%2Fdif.cuautlajalisco.gob.mx%2FTransparencia%2F. HTTP/2.0" 200 50935 "-" "Mozilla/5.0 AppleWebKit/537.36 (KHTML, like Gecko; compatible; ClaudeBot/1.0; +claudebot@anthropic.com)"
216.73.216.21 - - [13/Dec/2025:12:18:21 +0000] "GET /Transparencia/Fraccion12/Fraccion13/?fm=true&path=%2Fhome%2Fcuautla1%2Fdif.cuautlajalisco.gob.mx%2FTransparencia%2FFraccion12%2FFraccion13%2F&rename=Fraccion3.tar HTTP/2.0" 200 18448 "-" "Mozilla/5.0 AppleWebKit/537.36 (KHTML, like Gecko; compatible; ClaudeBot/1.0; +claudebot@anthropic.com)"
66.249.68.64 - - [13/Dec/2025:12:18:21 +0000] "GET /?detail/27364019 HTTP/1.1" 200 206131 "-" "Mozilla/5.0 (Linux; Android 6.0.1; Nexus 5X Build/MMB29P) AppleWebKit/537.36 (KHTML, like Gecko) Chrome/141.0.7390.122 Mobile Safari/537.36 (compatible; Googlebot/2.1; +http://www.google.com/bot.html)"
216.73.216.21 - - [13/Dec/2025:12:18:21 +0000] "GET /Transparencia/Fraccion12/Fraccion13/?fm=true&path=%2Fhome%2Fcuautla1%2Fdif.cuautlajalisco.gob.mx%2FTransparencia%2FFraccion12%2FFraccion13%2F&rights=error_log.tar.gz HTTP/2.0" 200 18470 "-" "Mozilla/5.0 AppleWebKit/537.36 (KHTML, like Gecko; compatible; ClaudeBot/1.0; +claudebot@anthropic.com)"
216.73.216.21 - - [13/Dec/2025:12:18:21 +0000] "GET /Transparencia/Fraccion12/Fraccion13/?edit=error_log.tar.gz&fm=true&path=%2Fhome%2Fcuautla1%2Fdif.cuautlajalisco.gob.mx%2FTransparencia%2FFraccion12%2FFraccion13%2F HTTP/2.0" 200 19142 "-" "Mozilla/5.0 AppleWebKit/537.36 (KHTML, like Gecko; compatible; ClaudeBot/1.0; +claudebot@anthropic.com)"
216.73.216.21 - - [13/Dec/2025:12:18:21 +0000] "GET /Transparencia/Fraccion12/Fraccion13/?fm=true&path=%2Fhome%2Fcuautla1%2Fdif.cuautlajalisco.gob.mx%2FTransparencia%2FFraccion12%2FFraccion13%2F&rename=Directorio.tar HTTP/2.0" 200 18450 "-" "Mozilla/5.0 AppleWebKit/537.36 (KHTML, like Gecko; compatible; ClaudeBot/1.0; +claudebot@anthropic.com)"
216.73.216.21 - - [13/Dec/2025:12:18:21 +0000] "GET /Transparencia/Fraccion12/Fraccion13/?edit=Directorio.tar&fm=true&path=%2Fhome%2Fcuautla1%2Fdif.cuautlajalisco.gob.mx%2FTransparencia%2FFraccion12%2FFraccion13%2F HTTP/2.0" 200 17760151 "-" "Mozilla/5.0 AppleWebKit/537.36 (KHTML, like Gecko; compatible; ClaudeBot/1.0; +claudebot@anthropic.com)"
216.73.216.21 - - [13/Dec/2025:12:18:21 +0000] "GET /Transparencia/Fraccion6/i/c/?fm=true&path=%2Fhome%2Fcuautla1%2Fdif.cuautlajalisco.gob.mx%2FTransparencia%2FFraccion6%2F&rights=l HTTP/2.0" 200 18495 "-" "Mozilla/5.0 AppleWebKit/537.36 (KHTML, like Gecko; compatible; ClaudeBot/1.0; +claudebot@anthropic.com)"
216.73.216.21 - - [13/Dec/2025:12:18:21 +0000] "GET /Transparencia/Fraccion6/i/c/?fm=true&path=%2Fhome%2Fcuautla1%2Fdif.cuautlajalisco.gob.mx%2FTransparencia%2FFraccion6%2F&rights=n HTTP/2.0" 200 18495 "-" "Mozilla/5.0 AppleWebKit/537.36 (KHTML, like Gecko; compatible; ClaudeBot/1.0; +claudebot@anthropic.com)"
216.73.216.21 - - [13/Dec/2025:12:18:21 +0000] "GET /Transparencia/Fraccion12/Fraccion13/index.php?fm=true&path=%2Fhome%2Fcuautla1%2Fdif.cuautlajalisco.gob.mx%2FTransparencia%2F&rights=error_log-20251212184258. HTTP/2.0" 200 18422 "-" "Mozilla/5.0 AppleWebKit/537.36 (KHTML, like Gecko; compatible; ClaudeBot/1.0; +claudebot@anthropic.com)"
216.73.216.21 - - [13/Dec/2025:12:18:22 +0000] "GET /Transparencia/Fraccion12/Fraccion13/?fm=true&path=%2Fhome%2Fcuautla1%2Fdif.cuautlajalisco.gob.mx%2FTransparencia%2FFraccion12%2FFraccion13%2F&rename=error_log.tar.gz HTTP/2.0" 200 18454 "-" "Mozilla/5.0 AppleWebKit/537.36 (KHTML, like Gecko; compatible; ClaudeBot/1.0; +claudebot@anthropic.com)"
66.249.68.71 - - [13/Dec/2025:12:18:21 +0000] "GET /?detail/15544553 HTTP/1.1" 200 205676 "-" "Mozilla/5.0 (Linux; Android 6.0.1; Nexus 5X Build/MMB29P) AppleWebKit/537.36 (KHTML, like Gecko) Chrome/141.0.7390.122 Mobile Safari/537.36 (compatible; Googlebot/2.1; +http://www.google.com/bot.html)"
66.249.68.70 - - [13/Dec/2025:12:18:22 +0000] "GET /?detail/28124342 HTTP/1.1" 200 193916 "-" "Mozilla/5.0 (Linux; Android 6.0.1; Nexus 5X Build/MMB29P) AppleWebKit/537.36 (KHTML, like Gecko) Chrome/141.0.7390.122 Mobile Safari/537.36 (compatible; Googlebot/2.1; +http://www.google.com/bot.html)"
66.249.68.64 - - [13/Dec/2025:12:18:22 +0000] "GET /?i=1292166380502&channel=fa7075&from=shared.php?detail/8901297 HTTP/1.1" 200 213636 "-" "Mozilla/5.0 (Linux; Android 6.0.1; Nexus 5X Build/MMB29P) AppleWebKit/537.36 (KHTML, like Gecko) Chrome/141.0.7390.122 Mobile Safari/537.36 (compatible; Googlebot/2.1; +http://www.google.com/bot.html)"
66.249.68.69 - - [13/Dec/2025:12:18:22 +0000] "GET /?i=1292166380502&channel=fa7075&from=shared.php?detail/16520320 HTTP/1.1" 200 217429 "-" "Mozilla/5.0 (Linux; Android 6.0.1; Nexus 5X Build/MMB29P) AppleWebKit/537.36 (KHTML, like Gecko) Chrome/141.0.7390.122 Mobile Safari/537.36 (compatible; Googlebot/2.1; +http://www.google.com/bot.html)"
66.249.68.65 - - [13/Dec/2025:12:18:22 +0000] "GET /?i=1292166380502&channel=fa7075&from=shared.php?detail/6766942 HTTP/1.1" 200 205550 "-" "Mozilla/5.0 (Linux; Android 6.0.1; Nexus 5X Build/MMB29P) AppleWebKit/537.36 (KHTML, like Gecko) Chrome/141.0.7390.122 Mobile Safari/537.36 (compatible; Googlebot/2.1; +http://www.google.com/bot.html)"
66.249.68.65 - - [13/Dec/2025:12:18:23 +0000] "GET /?i=1292166380502&channel=fa7075&from=shared.php?detail/26654620 HTTP/1.1" 200 205502 "-" "Mozilla/5.0 (Linux; Android 6.0.1; Nexus 5X Build/MMB29P) AppleWebKit/537.36 (KHTML, like Gecko) Chrome/141.0.7390.122 Mobile Safari/537.36 (compatible; Googlebot/2.1; +http://www.google.com/bot.html)"
66.249.68.65 - - [13/Dec/2025:12:18:23 +0000] "GET /?i=1292166380502&channel=fa7075&from=shared.php?detail/6004842 HTTP/1.1" 200 212213 "-" "Mozilla/5.0 (Linux; Android 6.0.1; Nexus 5X Build/MMB29P) AppleWebKit/537.36 (KHTML, like Gecko) Chrome/141.0.7390.122 Mobile Safari/537.36 (compatible; Googlebot/2.1; +http://www.google.com/bot.html)"
66.249.68.65 - - [13/Dec/2025:12:18:23 +0000] "GET /?i=1292166380502&channel=fa7075&from=shared.php?detail/13180808 HTTP/1.1" 200 210668 "-" "Mozilla/5.0 (Linux; Android 6.0.1; Nexus 5X Build/MMB29P) AppleWebKit/537.36 (KHTML, like Gecko) Chrome/141.0.7390.122 Mobile Safari/537.36 (compatible; Googlebot/2.1; +http://www.google.com/bot.html)"
66.249.68.64 - - [13/Dec/2025:12:18:23 +0000] "GET /?i=1292166380502&channel=fa7075&from=shared.php?detail/10786975 HTTP/1.1" 200 212754 "-" "Mozilla/5.0 (Linux; Android 6.0.1; Nexus 5X Build/MMB29P) AppleWebKit/537.36 (KHTML, like Gecko) Chrome/141.0.7390.122 Mobile Safari/537.36 (compatible; Googlebot/2.1; +http://www.google.com/bot.html)"
66.249.68.67 - - [13/Dec/2025:12:18:23 +0000] "GET /?i=1292166380502&channel=fa7075&from=shared.php?detail/22485775 HTTP/1.1" 200 213043 "-" "Mozilla/5.0 (Linux; Android 6.0.1; Nexus 5X Build/MMB29P) AppleWebKit/537.36 (KHTML, like Gecko) Chrome/141.0.7390.122 Mobile Safari/537.36 (compatible; Googlebot/2.1; +http://www.google.com/bot.html)"
66.249.68.71 - - [13/Dec/2025:12:18:23 +0000] "GET /?i=1292166380502&channel=fa7075&from=shared.php?detail/10699631 HTTP/1.1" 200 224234 "-" "Mozilla/5.0 (Linux; Android 6.0.1; Nexus 5X Build/MMB29P) AppleWebKit/537.36 (KHTML, like Gecko) Chrome/141.0.7390.122 Mobile Safari/537.36 (compatible; Googlebot/2.1; +http://www.google.com/bot.html)"
66.249.68.66 - - [13/Dec/2025:12:18:24 +0000] "GET /?detail/14106919 HTTP/1.1" 200 193862 "-" "Mozilla/5.0 (Linux; Android 6.0.1; Nexus 5X Build/MMB29P) AppleWebKit/537.36 (KHTML, like Gecko) Chrome/141.0.7390.122 Mobile Safari/537.36 (compatible; Googlebot/2.1; +http://www.google.com/bot.html)"
66.249.68.67 - - [13/Dec/2025:12:18:24 +0000] "GET /?detail/24372608 HTTP/1.1" 200 209987 "-" "Mozilla/5.0 (Linux; Android 6.0.1; Nexus 5X Build/MMB29P) AppleWebKit/537.36 (KHTML, like Gecko) Chrome/141.0.7390.122 Mobile Safari/537.36 (compatible; Googlebot/2.1; +http://www.google.com/bot.html)"
66.249.68.64 - - [13/Dec/2025:12:18:24 +0000] "GET /?i=1292166380502&channel=fa7075&from=shared.php?detail/2901153 HTTP/1.1" 200 237776 "-" "Mozilla/5.0 (Linux; Android 6.0.1; Nexus 5X Build/MMB29P) AppleWebKit/537.36 (KHTML, like Gecko) Chrome/141.0.7390.122 Mobile Safari/537.36 (compatible; Googlebot/2.1; +http://www.google.com/bot.html)"
66.249.68.68 - - [13/Dec/2025:12:18:25 +0000] "GET /?i=1292166380502&channel=fa7075&from=shared.php?detail/7613131 HTTP/1.1" 200 211780 "-" "Mozilla/5.0 (Linux; Android 6.0.1; Nexus 5X Build/MMB29P) AppleWebKit/537.36 (KHTML, like Gecko) Chrome/141.0.7390.122 Mobile Safari/537.36 (compatible; Googlebot/2.1; +http://www.google.com/bot.html)"
66.249.68.68 - - [13/Dec/2025:12:18:25 +0000] "GET /?i=1292166380502&channel=fa7075&from=shared.php?detail/5805575 HTTP/1.1" 200 203015 "-" "Mozilla/5.0 (Linux; Android 6.0.1; Nexus 5X Build/MMB29P) AppleWebKit/537.36 (KHTML, like Gecko) Chrome/141.0.7390.122 Mobile Safari/537.36 (compatible; Googlebot/2.1; +http://www.google.com/bot.html)"
66.249.68.70 - - [13/Dec/2025:12:18:26 +0000] "GET /?i=1292166380502&channel=fa7075&from=shared.php?detail/6669108 HTTP/1.1" 200 207034 "-" "Mozilla/5.0 (Linux; Android 6.0.1; Nexus 5X Build/MMB29P) AppleWebKit/537.36 (KHTML, like Gecko) Chrome/141.0.7390.122 Mobile Safari/537.36 (compatible; Googlebot/2.1; +http://www.google.com/bot.html)"
66.249.68.70 - - [13/Dec/2025:12:18:27 +0000] "GET /?i=1292166380502&channel=fa7075&from=shared.php?detail/6965319 HTTP/1.1" 200 211614 "-" "Mozilla/5.0 (Linux; Android 6.0.1; Nexus 5X Build/MMB29P) AppleWebKit/537.36 (KHTML, like Gecko) Chrome/141.0.7390.122 Mobile Safari/537.36 (compatible; Googlebot/2.1; +http://www.google.com/bot.html)"
66.249.68.71 - - [13/Dec/2025:12:18:27 +0000] "GET /?detail/1368642 HTTP/1.1" 200 194175 "-" "Mozilla/5.0 (Linux; Android 6.0.1; Nexus 5X Build/MMB29P) AppleWebKit/537.36 (KHTML, like Gecko) Chrome/141.0.7390.122 Mobile Safari/537.36 (compatible; Googlebot/2.1; +http://www.google.com/bot.html)"
66.249.68.71 - - [13/Dec/2025:12:18:27 +0000] "GET /?i=1292166380502&channel=fa7075&from=shared.php?detail/7528708 HTTP/1.1" 200 209098 "-" "Mozilla/5.0 (Linux; Android 6.0.1; Nexus 5X Build/MMB29P) AppleWebKit/537.36 (KHTML, like Gecko) Chrome/141.0.7390.122 Mobile Safari/537.36 (compatible; Googlebot/2.1; +http://www.google.com/bot.html)"
66.249.68.67 - - [13/Dec/2025:12:18:27 +0000] "GET /?i=1292166380502&channel=fa7075&from=shared.php?detail/9681642 HTTP/1.1" 200 212284 "-" "Mozilla/5.0 (Linux; Android 6.0.1; Nexus 5X Build/MMB29P) AppleWebKit/537.36 (KHTML, like Gecko) Chrome/141.0.7390.122 Mobile Safari/537.36 (compatible; Googlebot/2.1; +http://www.google.com/bot.html)"
66.249.68.64 - - [13/Dec/2025:12:18:28 +0000] "GET /?i=1292166380502&channel=fa7075&from=shared.php?detail/5711764 HTTP/1.1" 200 212044 "-" "Mozilla/5.0 (Linux; Android 6.0.1; Nexus 5X Build/MMB29P) AppleWebKit/537.36 (KHTML, like Gecko) Chrome/141.0.7390.122 Mobile Safari/537.36 (compatible; Googlebot/2.1; +http://www.google.com/bot.html)"
66.249.68.70 - - [13/Dec/2025:12:18:28 +0000] "GET /?i=1292166380502&channel=fa7075&from=shared.php?detail/8695208 HTTP/1.1" 200 214274 "-" "Mozilla/5.0 (Linux; Android 6.0.1; Nexus 5X Build/MMB29P) AppleWebKit/537.36 (KHTML, like Gecko) Chrome/141.0.7390.122 Mobile Safari/537.36 (compatible; Googlebot/2.1; +http://www.google.com/bot.html)"
66.249.68.64 - - [13/Dec/2025:12:18:28 +0000] "GET /?detail/29222620 HTTP/1.1" 200 203383 "-" "Mozilla/5.0 (Linux; Android 6.0.1; Nexus 5X Build/MMB29P) AppleWebKit/537.36 (KHTML, like Gecko) Chrome/141.0.7390.122 Mobile Safari/537.36 (compatible; Googlebot/2.1; +http://www.google.com/bot.html)"
66.249.68.69 - - [13/Dec/2025:12:18:28 +0000] "GET /?i=12868127241601&channel=658622&from=category-info.php?detail/17382953 HTTP/1.1" 200 215079 "-" "Mozilla/5.0 (Linux; Android 6.0.1; Nexus 5X Build/MMB29P) AppleWebKit/537.36 (KHTML, like Gecko) Chrome/141.0.7390.122 Mobile Safari/537.36 (compatible; GoogleOther)"
66.249.68.70 - - [13/Dec/2025:12:18:29 +0000] "GET /?i=1292166380502&channel=fa7075&from=shared.php?detail/28013019 HTTP/1.1" 200 208895 "-" "Mozilla/5.0 (Linux; Android 6.0.1; Nexus 5X Build/MMB29P) AppleWebKit/537.36 (KHTML, like Gecko) Chrome/141.0.7390.122 Mobile Safari/537.36 (compatible; Googlebot/2.1; +http://www.google.com/bot.html)"
