66.249.68.67 - - [13/Dec/2025:20:35:46 +0000] "GET /transparencia_files/Curriculums/2024-2027/CURRICULUM%20RAQUEL%20CULTURA.pdf HTTP/1.1" 304 - "-" "Mozilla/5.0 (Linux; Android 6.0.1; Nexus 5X Build/MMB29P) AppleWebKit/537.36 (KHTML, like Gecko) Chrome/141.0.7390.122 Mobile Safari/537.36 (compatible; Googlebot/2.1; +http://www.google.com/bot.html)"
66.249.68.67 - - [13/Dec/2025:20:35:46 +0000] "GET /transparencia_files/Articulo_15/Fraccion_VII/Administracion%202021-2024/PLAN%20DE%20TRABAJO%20DE%20LA%20COMISION%20PROTECCION%20CIVIL.pdf HTTP/1.1" 304 - "-" "Mozilla/5.0 (Linux; Android 6.0.1; Nexus 5X Build/MMB29P) AppleWebKit/537.36 (KHTML, like Gecko) Chrome/141.0.7390.122 Mobile Safari/537.36 (compatible; Googlebot/2.1; +http://www.google.com/bot.html)"
66.249.68.67 - - [13/Dec/2025:20:35:46 +0000] "GET /transparencia_files/Articulo_15/Fraccion_VII/Administracion%202024-2027/12-PLAN%20DE%20TRABAJO%20DE%20COMISION%20DEPORTE-ADM-24-27.pdf HTTP/1.1" 304 - "-" "Mozilla/5.0 (Linux; Android 6.0.1; Nexus 5X Build/MMB29P) AppleWebKit/537.36 (KHTML, like Gecko) Chrome/141.0.7390.122 Mobile Safari/537.36 (compatible; Googlebot/2.1; +http://www.google.com/bot.html)"
103.77.106.57 - - [13/Dec/2025:20:35:47 +0000] "GET /postnews.php HTTP/2.0" 200 12497 "http://webmail.cuautlajalisco.gob.mx/postnews.php" "Go-http-client/2.0"
66.249.68.67 - - [13/Dec/2025:20:35:47 +0000] "GET /transparencia_files/Articulo_15/Fraccion_VII/Administracion%202021-2024/COMISION%20EDILICIA%20CRONOLOGIA%20MUNICIPAL.pdf HTTP/1.1" 304 - "-" "Mozilla/5.0 (Linux; Android 6.0.1; Nexus 5X Build/MMB29P) AppleWebKit/537.36 (KHTML, like Gecko) Chrome/141.0.7390.122 Mobile Safari/537.36 (compatible; Googlebot/2.1; +http://www.google.com/bot.html)"
66.249.68.67 - - [13/Dec/2025:20:35:47 +0000] "GET /transparencia_files/Articulo_8/Fraccion_V/g/2016/diciembre22016.pdf HTTP/1.1" 304 - "-" "Mozilla/5.0 (Linux; Android 6.0.1; Nexus 5X Build/MMB29P) AppleWebKit/537.36 (KHTML, like Gecko) Chrome/141.0.7390.122 Mobile Safari/537.36 (compatible; Googlebot/2.1; +http://www.google.com/bot.html)"
66.249.68.67 - - [13/Dec/2025:20:35:48 +0000] "GET /transparencia_files/Articulo_8/Fraccion_V/g/2024/NOMINAS%20DE%20PRESIDENCIA%20DEL%2001%20AL%2015%20DE%20JULIO%202024.pdf HTTP/1.1" 304 - "-" "Mozilla/5.0 (Linux; Android 6.0.1; Nexus 5X Build/MMB29P) AppleWebKit/537.36 (KHTML, like Gecko) Chrome/141.0.7390.122 Mobile Safari/537.36 (compatible; Googlebot/2.1; +http://www.google.com/bot.html)"
66.249.68.67 - - [13/Dec/2025:20:35:49 +0000] "GET /transparencia_files/Articulo_8/Fraccion_V/g/2022/09%20Mayo%2001%20al%2015%20presidencia.pdf HTTP/1.1" 304 - "-" "Mozilla/5.0 (Linux; Android 6.0.1; Nexus 5X Build/MMB29P) AppleWebKit/537.36 (KHTML, like Gecko) Chrome/141.0.7390.122 Mobile Safari/537.36 (compatible; Googlebot/2.1; +http://www.google.com/bot.html)"
66.249.68.67 - - [13/Dec/2025:20:35:50 +0000] "GET /transparencia_files/Articulo_8/Fraccion_V/g/2021/2DA%20QUINCENA%20OCTUBRE%202021.pdf HTTP/1.1" 304 - "-" "Mozilla/5.0 (Linux; Android 6.0.1; Nexus 5X Build/MMB29P) AppleWebKit/537.36 (KHTML, like Gecko) Chrome/141.0.7390.122 Mobile Safari/537.36 (compatible; Googlebot/2.1; +http://www.google.com/bot.html)"
103.77.106.57 - - [13/Dec/2025:20:35:51 +0000] "GET /wp-content/postnews.php HTTP/2.0" 200 12499 "http://webmail.cuautlajalisco.gob.mx/wp-content/postnews.php" "Go-http-client/2.0"
66.249.68.67 - - [13/Dec/2025:20:35:51 +0000] "GET /transparencia_files/Articulo_8/Fraccion_V/g/2024/NOMINA%20PRESIDENCIA%20DEL%2016%20AL%2029%20DE%20FEBRERO%20DEL%202024.pdf HTTP/1.1" 304 - "-" "Mozilla/5.0 (Linux; Android 6.0.1; Nexus 5X Build/MMB29P) AppleWebKit/537.36 (KHTML, like Gecko) Chrome/141.0.7390.122 Mobile Safari/537.36 (compatible; Googlebot/2.1; +http://www.google.com/bot.html)"
66.249.68.67 - - [13/Dec/2025:20:35:52 +0000] "GET /transparencia_files/Articulo_15/Fraccion_VIII/Admon%202021-2024/CONVOCATORIA%20%2020%20SESIO%CC%81N%20ORDINARIA%2008%20DE%20JUNIO%20DE%202023.pdf HTTP/1.1" 304 - "-" "Mozilla/5.0 (Linux; Android 6.0.1; Nexus 5X Build/MMB29P) AppleWebKit/537.36 (KHTML, like Gecko) Chrome/141.0.7390.122 Mobile Safari/537.36 (compatible; Googlebot/2.1; +http://www.google.com/bot.html)"
66.249.68.67 - - [13/Dec/2025:20:35:53 +0000] "GET /transparencia_files/Articulo_15/Fraccion_XXI/Actas%20COMUR%20Pasadas/EXPEDIENTE%20COMUR%20001-CUAUTLA-2020.pdf HTTP/1.1" 304 - "-" "Mozilla/5.0 (Linux; Android 6.0.1; Nexus 5X Build/MMB29P) AppleWebKit/537.36 (KHTML, like Gecko) Chrome/141.0.7390.122 Mobile Safari/537.36 (compatible; Googlebot/2.1; +http://www.google.com/bot.html)"
66.249.68.67 - - [13/Dec/2025:20:35:54 +0000] "GET /transparencia_files/Articulo_15/Fraccion_XI/2023/VOLANTE%20DE%20CONTROL%20DE%20REGISTRO%20CIVIL%20AGOSTO%202023.pdf HTTP/1.1" 304 - "-" "Mozilla/5.0 (Linux; Android 6.0.1; Nexus 5X Build/MMB29P) AppleWebKit/537.36 (KHTML, like Gecko) Chrome/141.0.7390.122 Mobile Safari/537.36 (compatible; Googlebot/2.1; +http://www.google.com/bot.html)"
66.249.68.3 - - [13/Dec/2025:20:35:55 +0000] "GET /transparencia_files/Articulo_8/Fraccion_V/v/mayo2015.pdf HTTP/1.1" 304 - "-" "Mozilla/5.0 (Linux; Android 6.0.1; Nexus 5X Build/MMB29P) AppleWebKit/537.36 (KHTML, like Gecko) Chrome/141.0.7390.122 Mobile Safari/537.36 (compatible; Googlebot/2.1; +http://www.google.com/bot.html)"
66.249.68.3 - - [13/Dec/2025:20:35:55 +0000] "GET /transparencia_files/Articulo_8/Fraccion_VI/h/MES%20DE%20OCTUBRE.pdf HTTP/1.1" 304 - "-" "Mozilla/5.0 (Linux; Android 6.0.1; Nexus 5X Build/MMB29P) AppleWebKit/537.36 (KHTML, like Gecko) Chrome/141.0.7390.122 Mobile Safari/537.36 (compatible; Googlebot/2.1; +http://www.google.com/bot.html)"
103.77.106.57 - - [13/Dec/2025:20:35:56 +0000] "GET /wp-admin/postnews.php HTTP/2.0" 200 12501 "http://webmail.cuautlajalisco.gob.mx/wp-admin/postnews.php" "Go-http-client/2.0"
66.249.68.67 - - [13/Dec/2025:20:35:57 +0000] "GET /transparencia_files/Articulo_15/Fraccion_VIII/Comisiones%20Edilicias/Convocatoria%20Quinta%20Reunion%20Comision%20Edilicia%20Catastro%202020.pdf HTTP/1.1" 304 - "-" "Mozilla/5.0 (Linux; Android 6.0.1; Nexus 5X Build/MMB29P) AppleWebKit/537.36 (KHTML, like Gecko) Chrome/141.0.7390.122 Mobile Safari/537.36 (compatible; Googlebot/2.1; +http://www.google.com/bot.html)"
66.249.68.67 - - [13/Dec/2025:20:35:59 +0000] "GET /transparencia_files/Articulo_15/Fraccion_VIII/Comisiones%20Edilicias/Convocatoria%20Octava%20Reunion%20Edilicia%20%20Asistencia%20Social.pdf HTTP/1.1" 304 - "-" "Mozilla/5.0 (Linux; Android 6.0.1; Nexus 5X Build/MMB29P) AppleWebKit/537.36 (KHTML, like Gecko) Chrome/141.0.7390.122 Mobile Safari/537.36 (compatible; Googlebot/2.1; +http://www.google.com/bot.html)"
66.249.68.3 - - [13/Dec/2025:20:35:59 +0000] "GET /transparencia_files/Articulo_8/Fraccion_IV/d/Manual%20de%20Operaci%C3%B3n%20Direcci%C3%B3n%20de%20Arte%2C%20Cultura%20y%20Turismo%202021.docx HTTP/1.1" 304 - "-" "Mozilla/5.0 (Linux; Android 6.0.1; Nexus 5X Build/MMB29P) AppleWebKit/537.36 (KHTML, like Gecko) Chrome/141.0.7390.122 Mobile Safari/537.36 (compatible; Googlebot/2.1; +http://www.google.com/bot.html)"
66.249.68.3 - - [13/Dec/2025:20:36:01 +0000] "GET /transparencia_files/Articulo_8/Fraccion_IV/d/Manual%20de%20operaciones%20.pdf HTTP/1.1" 304 - "-" "Mozilla/5.0 (Linux; Android 6.0.1; Nexus 5X Build/MMB29P) AppleWebKit/537.36 (KHTML, like Gecko) Chrome/141.0.7390.122 Mobile Safari/537.36 (compatible; Googlebot/2.1; +http://www.google.com/bot.html)"
66.249.68.68 - - [13/Dec/2025:20:36:02 +0000] "GET /transparencia_files/Articulo_15/Fraccion_VI/Reglamentos/Reglamento%20Instituto%20de%20la%20Juventud.pdf HTTP/1.1" 304 - "-" "Mozilla/5.0 (Linux; Android 6.0.1; Nexus 5X Build/MMB29P) AppleWebKit/537.36 (KHTML, like Gecko) Chrome/141.0.7390.122 Mobile Safari/537.36 (compatible; Googlebot/2.1; +http://www.google.com/bot.html)"
66.249.68.68 - - [13/Dec/2025:20:36:03 +0000] "GET /transparencia_files/Articulo_15/Fraccion_VIII/Admon%202021-2024/CONVOCATORIA%20SESION%20SOLEMNE%202%2C%20INFORME%20DE%20GOBIERNO%2012%20SEP%202023.pdf HTTP/1.1" 304 - "-" "Mozilla/5.0 (Linux; Android 6.0.1; Nexus 5X Build/MMB29P) AppleWebKit/537.36 (KHTML, like Gecko) Chrome/141.0.7390.122 Mobile Safari/537.36 (compatible; Googlebot/2.1; +http://www.google.com/bot.html)"
66.249.68.68 - - [13/Dec/2025:20:36:04 +0000] "GET /transparencia_files/Articulo_15/Fraccion_XI/2021/Volante%20de%20Control%20de%20Registros%20Registro%20Civil%20Febrero%202021.pdf HTTP/1.1" 304 - "-" "Mozilla/5.0 (Linux; Android 6.0.1; Nexus 5X Build/MMB29P) AppleWebKit/537.36 (KHTML, like Gecko) Chrome/141.0.7390.122 Mobile Safari/537.36 (compatible; Googlebot/2.1; +http://www.google.com/bot.html)"
66.249.68.67 - - [13/Dec/2025:20:36:04 +0000] "GET /robots.txt HTTP/1.1" 500 715 "-" "Mozilla/5.0 (compatible; Googlebot/2.1; +http://www.google.com/bot.html)"
66.249.68.3 - - [13/Dec/2025:20:36:04 +0000] "GET /transparencia_files/Articulo_8/Fraccion_II/d/ReglamentosMunicipales/Reglamento%20Municipal%20de%20la%20ley%20de%20acceso%20de%20las%20mujeres%20a%20una%20vida%20libre%20de%20violencia.pdf HTTP/1.1" 304 - "-" "Mozilla/5.0 (Linux; Android 6.0.1; Nexus 5X Build/MMB29P) AppleWebKit/537.36 (KHTML, like Gecko) Chrome/141.0.7390.122 Mobile Safari/537.36 (compatible; Googlebot/2.1; +http://www.google.com/bot.html)"
66.249.68.68 - - [13/Dec/2025:20:36:06 +0000] "GET /transparencia_files/Articulo_15/Fraccion_VII/Administracion%202024-2027/18-PLAN%20DE%20TRABAJO%20DE%20LA%20COMISION%20EDILICIA-RASTRO%20Y%20SERVICIOS%20COMPLEMENTARIOS-ADM-24-27.pdf HTTP/1.1" 304 - "-" "Mozilla/5.0 (Linux; Android 6.0.1; Nexus 5X Build/MMB29P) AppleWebKit/537.36 (KHTML, like Gecko) Chrome/141.0.7390.122 Mobile Safari/537.36 (compatible; Googlebot/2.1; +http://www.google.com/bot.html)"
66.249.68.3 - - [13/Dec/2025:20:36:06 +0000] "GET /transparencia_files/Articulo_8/Fraccion_V/p/concursos%20datos%20personales/primeraetapazapata.pdf HTTP/1.1" 304 - "-" "Mozilla/5.0 (Linux; Android 6.0.1; Nexus 5X Build/MMB29P) AppleWebKit/537.36 (KHTML, like Gecko) Chrome/141.0.7390.122 Mobile Safari/537.36 (compatible; Googlebot/2.1; +http://www.google.com/bot.html)"
66.249.68.3 - - [13/Dec/2025:20:36:08 +0000] "GET /transparencia_files/Articulo_8/Fraccion_V/g/2021/Primera%20Octubre%202021.pdf HTTP/1.1" 304 - "-" "Mozilla/5.0 (Linux; Android 6.0.1; Nexus 5X Build/MMB29P) AppleWebKit/537.36 (KHTML, like Gecko) Chrome/141.0.7390.122 Mobile Safari/537.36 (compatible; Googlebot/2.1; +http://www.google.com/bot.html)"
66.249.68.3 - - [13/Dec/2025:20:36:08 +0000] "GET /robots.txt HTTP/1.1" 500 715 "-" "Mozilla/5.0 (compatible; Googlebot/2.1; +http://www.google.com/bot.html)"
66.249.68.68 - - [13/Dec/2025:20:36:09 +0000] "GET /transparencia_files/Articulo_15/Fraccion_VIII/Orden%20del%20dia%20-%20Sesiones%20del%20ayuntamiento/2DA%20CONVOCATORIA%20EXTRA.docx HTTP/1.1" 304 - "-" "Mozilla/5.0 (Linux; Android 6.0.1; Nexus 5X Build/MMB29P) AppleWebKit/537.36 (KHTML, like Gecko) Chrome/141.0.7390.122 Mobile Safari/537.36 (compatible; Googlebot/2.1; +http://www.google.com/bot.html)"
192.241.142.118 - - [13/Dec/2025:20:36:09 +0000] "GET /transparencia_files/Articulo_15/Fraccion_IX/Administracion%202021-2024/ACTA%201%20SESION%20ORDINARIA%2001%20DE%20OCTUBRE%20DE%202021.pdf HTTP/1.1" 500 715 "-" "Mozilla/5.0 (Macintosh; Intel Mac OS X 10_15_7) AppleWebKit/537.36 (KHTML, like Gecko) Chrome/135.0.0.0 Safari/537.36"
66.249.68.3 - - [13/Dec/2025:20:36:10 +0000] "GET /transparencia_files/Articulo_8/Fraccion_VI/d/No%20programas%20Sociales%20Diciembre%202024082.pdf HTTP/1.1" 304 - "-" "Mozilla/5.0 (Linux; Android 6.0.1; Nexus 5X Build/MMB29P) AppleWebKit/537.36 (KHTML, like Gecko) Chrome/141.0.7390.122 Mobile Safari/537.36 (compatible; Googlebot/2.1; +http://www.google.com/bot.html)"
198.199.123.8 - - [13/Dec/2025:20:36:10 +0000] "GET /transparencia_files/Articulo_15/Fraccion_IX/Administracion%202021-2024/ACTA%201%20SESION%20ORDINARIA%2001%20DE%20OCTUBRE%20DE%202021.pdf HTTP/1.1" 500 715 "-" "Mozilla/5.0 (Macintosh; Intel Mac OS X 10_15_7) AppleWebKit/537.36 (KHTML, like Gecko) Chrome/135.0.0.0 Safari/537.36"
159.223.139.83 - - [13/Dec/2025:20:36:11 +0000] "GET /transparencia_files/Articulo_15/Fraccion_IX/Administracion%202021-2024/ACTA%201%20SESION%20ORDINARIA%2001%20DE%20OCTUBRE%20DE%202021.pdf HTTP/1.1" 500 715 "-" "Mozilla/5.0 (Macintosh; Intel Mac OS X 10_15_7) AppleWebKit/537.36 (KHTML, like Gecko) Chrome/135.0.0.0 Safari/537.36"
66.249.68.3 - - [13/Dec/2025:20:36:13 +0000] "GET /transparencia_files/Articulo_8/Fraccion_VI/d/No%20programas%20sociales%20abril%202025056.pdf HTTP/1.1" 304 - "-" "Mozilla/5.0 (Linux; Android 6.0.1; Nexus 5X Build/MMB29P) AppleWebKit/537.36 (KHTML, like Gecko) Chrome/141.0.7390.122 Mobile Safari/537.36 (compatible; Googlebot/2.1; +http://www.google.com/bot.html)"
66.249.68.67 - - [13/Dec/2025:20:36:14 +0000] "GET /transparencia_files/Articulo_15/Fraccion_VIII/Orden%20del%20dia%20-%20Sesiones%20del%20ayuntamiento/convocatoria%2020%20ORDINARIA.docx HTTP/1.1" 304 - "-" "Mozilla/5.0 (Linux; Android 6.0.1; Nexus 5X Build/MMB29P) AppleWebKit/537.36 (KHTML, like Gecko) Chrome/141.0.7390.122 Mobile Safari/537.36 (compatible; Googlebot/2.1; +http://www.google.com/bot.html)"
66.249.68.67 - - [13/Dec/2025:20:36:15 +0000] "GET /transparencia_files/Nombramientos/Nombramientos%202024-2027/NOMBRAMIENTO%20SECRETARIA%20GENERAL%20MARIELA%20RODRIGUEZ.pdf HTTP/1.1" 304 - "-" "Mozilla/5.0 (Linux; Android 6.0.1; Nexus 5X Build/MMB29P) AppleWebKit/537.36 (KHTML, like Gecko) Chrome/141.0.7390.122 Mobile Safari/537.36 (compatible; Googlebot/2.1; +http://www.google.com/bot.html)"
66.249.68.3 - - [13/Dec/2025:20:36:16 +0000] "GET /transparencia_files/Articulo_8/Fraccion_VI/d/No%20programas%20Sociales%20Junio108.pdf HTTP/1.1" 304 - "-" "Mozilla/5.0 (Linux; Android 6.0.1; Nexus 5X Build/MMB29P) AppleWebKit/537.36 (KHTML, like Gecko) Chrome/141.0.7390.122 Mobile Safari/537.36 (compatible; Googlebot/2.1; +http://www.google.com/bot.html)"
66.249.68.3 - - [13/Dec/2025:20:36:17 +0000] "GET /transparencia_files/Articulo_8/Fraccion_V/i/2023/09%20SEPTIEMBRE%202023.pdf HTTP/1.1" 304 - "-" "Mozilla/5.0 (Linux; Android 6.0.1; Nexus 5X Build/MMB29P) AppleWebKit/537.36 (KHTML, like Gecko) Chrome/141.0.7390.122 Mobile Safari/537.36 (compatible; Googlebot/2.1; +http://www.google.com/bot.html)"
103.77.106.57 - - [13/Dec/2025:20:36:18 +0000] "GET /postnews.php HTTP/2.0" 500 715 "http://www.cuautlajalisco.gob.mx/postnews.php" "Go-http-client/2.0"
66.249.68.67 - - [13/Dec/2025:20:36:18 +0000] "GET /transparencia_files/Articulo_15/Fraccion_VII/Administracion%202021-2024/COMISION%20%20EDILICIA%20DE%20HONOR%20Y%20JUSTICIA.pdf HTTP/1.1" 304 - "-" "Mozilla/5.0 (Linux; Android 6.0.1; Nexus 5X Build/MMB29P) AppleWebKit/537.36 (KHTML, like Gecko) Chrome/141.0.7390.122 Mobile Safari/537.36 (compatible; Googlebot/2.1; +http://www.google.com/bot.html)"
66.249.68.67 - - [13/Dec/2025:20:36:20 +0000] "GET /transparencia_files/Articulo_8/Fraccion_V/g/2021/2da%20FEBRERO%202021.xlsx HTTP/1.1" 304 - "-" "Mozilla/5.0 (Linux; Android 6.0.1; Nexus 5X Build/MMB29P) AppleWebKit/537.36 (KHTML, like Gecko) Chrome/141.0.7390.122 Mobile Safari/537.36 (compatible; Googlebot/2.1; +http://www.google.com/bot.html)"
66.249.68.3 - - [13/Dec/2025:20:36:21 +0000] "GET /transparencia_files/Articulo_8/Fraccion_XIV/Primer%20Trimestre%202023/Ejercicio%20Presupuestario/Montos%20que%20reciban%2C%20obras%20y%20acciones%20a%20realizar%20con%20el%20FAIS.pdf HTTP/1.1" 304 - "-" "Mozilla/5.0 (Linux; Android 6.0.1; Nexus 5X Build/MMB29P) AppleWebKit/537.36 (KHTML, like Gecko) Chrome/141.0.7390.122 Mobile Safari/537.36 (compatible; Googlebot/2.1; +http://www.google.com/bot.html)"
66.249.68.3 - - [13/Dec/2025:20:36:21 +0000] "GET /transparencia_files/EdictosComur/2024/COMUR%20011-CUAUTLA-2024.pdf HTTP/1.1" 304 - "-" "Mozilla/5.0 (Linux; Android 6.0.1; Nexus 5X Build/MMB29P) AppleWebKit/537.36 (KHTML, like Gecko) Chrome/141.0.7390.122 Mobile Safari/537.36 (compatible; Googlebot/2.1; +http://www.google.com/bot.html)"
66.249.68.3 - - [13/Dec/2025:20:36:22 +0000] "GET /transparencia_files/EdictosComur/2024/COMUR%20021-CUAUTLA-2024.pdf HTTP/1.1" 304 - "-" "Mozilla/5.0 (Linux; Android 6.0.1; Nexus 5X Build/MMB29P) AppleWebKit/537.36 (KHTML, like Gecko) Chrome/141.0.7390.122 Mobile Safari/537.36 (compatible; Googlebot/2.1; +http://www.google.com/bot.html)"
103.77.106.57 - - [13/Dec/2025:20:36:22 +0000] "GET /wp-content/postnews.php HTTP/2.0" 500 715 "http://www.cuautlajalisco.gob.mx/wp-content/postnews.php" "Go-http-client/2.0"
66.249.68.3 - - [13/Dec/2025:20:36:23 +0000] "GET /transparencia_files/EdictosComur/2024/COMUR%20029-CUAUTLA-2024.pdf HTTP/1.1" 304 - "-" "Mozilla/5.0 (Linux; Android 6.0.1; Nexus 5X Build/MMB29P) AppleWebKit/537.36 (KHTML, like Gecko) Chrome/141.0.7390.122 Mobile Safari/537.36 (compatible; Googlebot/2.1; +http://www.google.com/bot.html)"
103.77.106.57 - - [13/Dec/2025:20:36:23 +0000] "GET /wp-admin/postnews.php HTTP/2.0" 500 715 "http://www.cuautlajalisco.gob.mx/wp-admin/postnews.php" "Go-http-client/2.0"
66.249.68.3 - - [13/Dec/2025:20:36:23 +0000] "GET /transparencia_files/EdictosComur/2024/COMUR%20009-CUAUTLA-2024.pdf HTTP/1.1" 304 - "-" "Mozilla/5.0 (Linux; Android 6.0.1; Nexus 5X Build/MMB29P) AppleWebKit/537.36 (KHTML, like Gecko) Chrome/141.0.7390.122 Mobile Safari/537.36 (compatible; Googlebot/2.1; +http://www.google.com/bot.html)"
66.249.68.3 - - [13/Dec/2025:20:36:24 +0000] "GET /transparencia_files/Articulo_8/Fraccion_V/i/2025/06%20JUNIO%202025.pdf HTTP/1.1" 304 - "-" "Mozilla/5.0 (Linux; Android 6.0.1; Nexus 5X Build/MMB29P) AppleWebKit/537.36 (KHTML, like Gecko) Chrome/141.0.7390.122 Mobile Safari/537.36 (compatible; Googlebot/2.1; +http://www.google.com/bot.html)"
66.249.68.3 - - [13/Dec/2025:20:36:25 +0000] "GET /transparencia_files/EdictosComur/2024/COMUR%20012-CUAUTLA-2024.pdf HTTP/1.1" 304 - "-" "Mozilla/5.0 (Linux; Android 6.0.1; Nexus 5X Build/MMB29P) AppleWebKit/537.36 (KHTML, like Gecko) Chrome/141.0.7390.122 Mobile Safari/537.36 (compatible; Googlebot/2.1; +http://www.google.com/bot.html)"
66.249.68.3 - - [13/Dec/2025:20:36:26 +0000] "GET /transparencia_files/EdictosComur/2024/COMUR%20020-CUAUTLA-2024.pdf HTTP/1.1" 304 - "-" "Mozilla/5.0 (Linux; Android 6.0.1; Nexus 5X Build/MMB29P) AppleWebKit/537.36 (KHTML, like Gecko) Chrome/141.0.7390.122 Mobile Safari/537.36 (compatible; Googlebot/2.1; +http://www.google.com/bot.html)"
66.249.68.3 - - [13/Dec/2025:20:36:27 +0000] "GET /transparencia_files/EdictosComur/2024/COMUR%20002-CUAUTLA-2024.pdf HTTP/1.1" 304 - "-" "Mozilla/5.0 (Linux; Android 6.0.1; Nexus 5X Build/MMB29P) AppleWebKit/537.36 (KHTML, like Gecko) Chrome/141.0.7390.122 Mobile Safari/537.36 (compatible; Googlebot/2.1; +http://www.google.com/bot.html)"
66.249.68.3 - - [13/Dec/2025:20:36:28 +0000] "GET /transparencia_files/EdictosComur/2024/COMUR%20027-CUAUTLA-2024.pdf HTTP/1.1" 304 - "-" "Mozilla/5.0 (Linux; Android 6.0.1; Nexus 5X Build/MMB29P) AppleWebKit/537.36 (KHTML, like Gecko) Chrome/141.0.7390.122 Mobile Safari/537.36 (compatible; Googlebot/2.1; +http://www.google.com/bot.html)"
66.249.68.3 - - [13/Dec/2025:20:36:29 +0000] "GET /transparencia_files/EdictosComur/2024/COMUR%20036-CUAUTLA-2024.pdf HTTP/1.1" 304 - "-" "Mozilla/5.0 (Linux; Android 6.0.1; Nexus 5X Build/MMB29P) AppleWebKit/537.36 (KHTML, like Gecko) Chrome/141.0.7390.122 Mobile Safari/537.36 (compatible; Googlebot/2.1; +http://www.google.com/bot.html)"
66.249.68.67 - - [13/Dec/2025:20:36:30 +0000] "GET /transparencia_files/Articulo_15/Fraccion_VII/Administracion%202024-2027/5-PLAN%20DE%20TRABAJO%20DE%20COMISION%20EDILICIA-ASEO%20PUBLICO-ADM-24-27.pdf HTTP/1.1" 304 - "-" "Mozilla/5.0 (Linux; Android 6.0.1; Nexus 5X Build/MMB29P) AppleWebKit/537.36 (KHTML, like Gecko) Chrome/141.0.7390.122 Mobile Safari/537.36 (compatible; Googlebot/2.1; +http://www.google.com/bot.html)"
66.249.68.3 - - [13/Dec/2025:20:36:30 +0000] "GET /transparencia_files/EdictosComur/2024/COMUR%20008-CUAUTLA-2024.pdf HTTP/1.1" 304 - "-" "Mozilla/5.0 (Linux; Android 6.0.1; Nexus 5X Build/MMB29P) AppleWebKit/537.36 (KHTML, like Gecko) Chrome/141.0.7390.122 Mobile Safari/537.36 (compatible; Googlebot/2.1; +http://www.google.com/bot.html)"
66.249.68.3 - - [13/Dec/2025:20:36:31 +0000] "GET /transparencia_files/EdictosComur/2024/COMUR%20010-CUAUTLA-2024.pdf HTTP/1.1" 304 - "-" "Mozilla/5.0 (Linux; Android 6.0.1; Nexus 5X Build/MMB29P) AppleWebKit/537.36 (KHTML, like Gecko) Chrome/141.0.7390.122 Mobile Safari/537.36 (compatible; Googlebot/2.1; +http://www.google.com/bot.html)"
66.249.68.3 - - [13/Dec/2025:20:36:32 +0000] "GET /transparencia_files/EdictosComur/2024/COMUR%20001-CUAUTLA-2024.pdf HTTP/1.1" 304 - "-" "Mozilla/5.0 (Linux; Android 6.0.1; Nexus 5X Build/MMB29P) AppleWebKit/537.36 (KHTML, like Gecko) Chrome/141.0.7390.122 Mobile Safari/537.36 (compatible; Googlebot/2.1; +http://www.google.com/bot.html)"
66.249.68.67 - - [13/Dec/2025:20:36:34 +0000] "GET /transparencia_files/Articulo_15/Fraccion_VIII/Comisiones%20Edilicias/Convocatoria%20Tercera%20Reunion%20Comision%20Edilicia%20Asistencia%20Social.pdf HTTP/1.1" 304 - "-" "Mozilla/5.0 (Linux; Android 6.0.1; Nexus 5X Build/MMB29P) AppleWebKit/537.36 (KHTML, like Gecko) Chrome/141.0.7390.122 Mobile Safari/537.36 (compatible; Googlebot/2.1; +http://www.google.com/bot.html)"
66.249.68.67 - - [13/Dec/2025:20:36:35 +0000] "GET /transparencia_files/Articulo_15/Fraccion_VIII/Comisiones%20Edilicias/Convocatoria%20Sexta%20Reunion%20Edilicia%20%20Asistencia%20Social.pdf HTTP/1.1" 304 - "-" "Mozilla/5.0 (Linux; Android 6.0.1; Nexus 5X Build/MMB29P) AppleWebKit/537.36 (KHTML, like Gecko) Chrome/141.0.7390.122 Mobile Safari/537.36 (compatible; Googlebot/2.1; +http://www.google.com/bot.html)"
66.249.68.67 - - [13/Dec/2025:20:36:35 +0000] "GET /transparencia_files/Articulo_15/Fraccion_VIII/Comisiones%20Edilicias/Convocatoria%20Primera%20Reunion%20Comision%20Edilicia%20Catastro%202020.pdf HTTP/1.1" 304 - "-" "Mozilla/5.0 (Linux; Android 6.0.1; Nexus 5X Build/MMB29P) AppleWebKit/537.36 (KHTML, like Gecko) Chrome/141.0.7390.122 Mobile Safari/537.36 (compatible; Googlebot/2.1; +http://www.google.com/bot.html)"
66.249.68.67 - - [13/Dec/2025:20:36:36 +0000] "GET /transparencia_files/Articulo_15/Fraccion_VIII/Admon%202021-2024/CONVOCATORIA%206TA%20SESI%C3%93N%20EXTRAORDINARIA%20DE%2019%20DE%20OCTUBRE%202022..pdf HTTP/1.1" 304 - "-" "Mozilla/5.0 (Linux; Android 6.0.1; Nexus 5X Build/MMB29P) AppleWebKit/537.36 (KHTML, like Gecko) Chrome/141.0.7390.122 Mobile Safari/537.36 (compatible; Googlebot/2.1; +http://www.google.com/bot.html)"
66.249.68.3 - - [13/Dec/2025:20:36:36 +0000] "GET /transparencia_files/Articulo_8/Fraccion_VI/n/Sindicatura/2023/SEPTIEMBRE%202023%20ESTADISTICA%20SINDICATURA.pdf HTTP/1.1" 200 269247 "-" "Googlebot/2.1 (+http://www.google.com/bot.html)"
66.249.68.3 - - [13/Dec/2025:20:36:37 +0000] "GET /transparencia_files/EdictosComur/2024/COMUR%20014-CUAUTLA-2024.pdf HTTP/1.1" 304 - "-" "Mozilla/5.0 (Linux; Android 6.0.1; Nexus 5X Build/MMB29P) AppleWebKit/537.36 (KHTML, like Gecko) Chrome/141.0.7390.122 Mobile Safari/537.36 (compatible; Googlebot/2.1; +http://www.google.com/bot.html)"
66.249.68.3 - - [13/Dec/2025:20:36:38 +0000] "GET /transparencia_files/EdictosComur/2024/COMUR%20032-CUAUTLA-2024.pdf HTTP/1.1" 304 - "-" "Mozilla/5.0 (Linux; Android 6.0.1; Nexus 5X Build/MMB29P) AppleWebKit/537.36 (KHTML, like Gecko) Chrome/141.0.7390.122 Mobile Safari/537.36 (compatible; Googlebot/2.1; +http://www.google.com/bot.html)"
66.249.68.67 - - [13/Dec/2025:20:36:40 +0000] "GET /transparencia_files/Articulo_15/Fraccion_VII/Administracion%202021-2024/PLAN%20DE%20TRABAJO%20GANADERIA%202020.pdf HTTP/1.1" 304 - "-" "Mozilla/5.0 (Linux; Android 6.0.1; Nexus 5X Build/MMB29P) AppleWebKit/537.36 (KHTML, like Gecko) Chrome/141.0.7390.122 Mobile Safari/537.36 (compatible; Googlebot/2.1; +http://www.google.com/bot.html)"
66.249.68.3 - - [13/Dec/2025:20:36:40 +0000] "GET /transparencia_files/EdictosComur/2024/COMUR%20025-CUAUTLA-2024.pdf HTTP/1.1" 304 - "-" "Mozilla/5.0 (Linux; Android 6.0.1; Nexus 5X Build/MMB29P) AppleWebKit/537.36 (KHTML, like Gecko) Chrome/141.0.7390.122 Mobile Safari/537.36 (compatible; Googlebot/2.1; +http://www.google.com/bot.html)"
66.249.68.67 - - [13/Dec/2025:20:36:41 +0000] "GET /transparencia_files/Articulo_15/Fraccion_VII/Administracion%202021-2024/COMISION%20DE%20OBRA%20PUBLICA.pdf HTTP/1.1" 304 - "-" "Mozilla/5.0 (Linux; Android 6.0.1; Nexus 5X Build/MMB29P) AppleWebKit/537.36 (KHTML, like Gecko) Chrome/141.0.7390.122 Mobile Safari/537.36 (compatible; Googlebot/2.1; +http://www.google.com/bot.html)"
66.249.68.67 - - [13/Dec/2025:20:36:43 +0000] "GET /transparencia_files/Articulo_15/Fraccion_VII/Administracion%202021-2024/PLAN%20DE%20TRABAJO%20DE%20LA%20COMISION%20EDILICIA%20DE%20GOBERNACION.pdf HTTP/1.1" 304 - "-" "Mozilla/5.0 (Linux; Android 6.0.1; Nexus 5X Build/MMB29P) AppleWebKit/537.36 (KHTML, like Gecko) Chrome/141.0.7390.122 Mobile Safari/537.36 (compatible; Googlebot/2.1; +http://www.google.com/bot.html)"
66.249.68.3 - - [13/Dec/2025:20:36:43 +0000] "GET /transparencia_files/Articulo_8/Fraccion_IV/d/INTRODUCCION%20manual%20RGB.pdf HTTP/1.1" 304 - "-" "Mozilla/5.0 (Linux; Android 6.0.1; Nexus 5X Build/MMB29P) AppleWebKit/537.36 (KHTML, like Gecko) Chrome/141.0.7390.122 Mobile Safari/537.36 (compatible; Googlebot/2.1; +http://www.google.com/bot.html)"
66.249.68.67 - - [13/Dec/2025:20:36:44 +0000] "GET /transparencia_files/Articulo_8/Fraccion_V/g/2025/NOMINAS%20DE%20PRESIDENCIA%20DEL%2016%20AL%2030%20DE%20JUNIO%202025.pdf HTTP/1.1" 304 - "-" "Mozilla/5.0 (Linux; Android 6.0.1; Nexus 5X Build/MMB29P) AppleWebKit/537.36 (KHTML, like Gecko) Chrome/141.0.7390.122 Mobile Safari/537.36 (compatible; Googlebot/2.1; +http://www.google.com/bot.html)"
66.249.68.67 - - [13/Dec/2025:20:36:45 +0000] "GET /transparencia_files/Articulo_8/Fraccion_V/g/2020/1ra%20ABRIL%202020.xlsx HTTP/1.1" 304 - "-" "Mozilla/5.0 (Linux; Android 6.0.1; Nexus 5X Build/MMB29P) AppleWebKit/537.36 (KHTML, like Gecko) Chrome/141.0.7390.122 Mobile Safari/537.36 (compatible; Googlebot/2.1; +http://www.google.com/bot.html)"
66.249.68.67 - - [13/Dec/2025:20:36:46 +0000] "GET /transparencia_files/Articulo_15/Fraccion_VIII/Orden%20del%20dia%20-%20Sesiones%20del%20ayuntamiento/convocatoria%208.docx HTTP/1.1" 304 - "-" "Mozilla/5.0 (Linux; Android 6.0.1; Nexus 5X Build/MMB29P) AppleWebKit/537.36 (KHTML, like Gecko) Chrome/141.0.7390.122 Mobile Safari/537.36 (compatible; Googlebot/2.1; +http://www.google.com/bot.html)"
66.249.68.67 - - [13/Dec/2025:20:36:47 +0000] "GET /transparencia_files/Articulo_15/Fraccion_VIII/Orden%20del%20dia%20-%20Sesiones%20del%20ayuntamiento/CONVOCATORIA%203.docx HTTP/1.1" 304 - "-" "Mozilla/5.0 (Linux; Android 6.0.1; Nexus 5X Build/MMB29P) AppleWebKit/537.36 (KHTML, like Gecko) Chrome/141.0.7390.122 Mobile Safari/537.36 (compatible; Googlebot/2.1; +http://www.google.com/bot.html)"
66.249.68.67 - - [13/Dec/2025:20:36:49 +0000] "GET /transparencia_files/Articulo_15/Fraccion_VII/Administracion%202021-2024/COMISION%20EDILICIA%20DE%20VIALIDAD%20Y%20TRANSITO.pdf HTTP/1.1" 304 - "-" "Mozilla/5.0 (Linux; Android 6.0.1; Nexus 5X Build/MMB29P) AppleWebKit/537.36 (KHTML, like Gecko) Chrome/141.0.7390.122 Mobile Safari/537.36 (compatible; Googlebot/2.1; +http://www.google.com/bot.html)"
66.249.68.67 - - [13/Dec/2025:20:36:50 +0000] "GET /transparencia_files/Articulo_15/Fraccion_VIII/Comisiones%20Edilicias/Convocatoria%20Quinta%20Reunion%20Edilicia%20%20Asistencia%20Social.pdf HTTP/1.1" 304 - "-" "Mozilla/5.0 (Linux; Android 6.0.1; Nexus 5X Build/MMB29P) AppleWebKit/537.36 (KHTML, like Gecko) Chrome/141.0.7390.122 Mobile Safari/537.36 (compatible; Googlebot/2.1; +http://www.google.com/bot.html)"
66.249.68.67 - - [13/Dec/2025:20:36:51 +0000] "GET /transparencia_files/Articulo_15/Fraccion_XXI/Actas%20COMUR%20Pasadas/EXPEDIENTE%20COMUR%20007-CUAUTLA-2021.pdf HTTP/1.1" 304 - "-" "Mozilla/5.0 (Linux; Android 6.0.1; Nexus 5X Build/MMB29P) AppleWebKit/537.36 (KHTML, like Gecko) Chrome/141.0.7390.122 Mobile Safari/537.36 (compatible; Googlebot/2.1; +http://www.google.com/bot.html)"
66.249.68.3 - - [13/Dec/2025:20:36:52 +0000] "GET /transparencia_files/EdictosComur/2025/EDICTOS%20SEGUNDA%20ENTREGA/EXPEDIENTE%20COMUR%20058.pdf HTTP/1.1" 304 - "-" "Mozilla/5.0 (Linux; Android 6.0.1; Nexus 5X Build/MMB29P) AppleWebKit/537.36 (KHTML, like Gecko) Chrome/141.0.7390.122 Mobile Safari/537.36 (compatible; Googlebot/2.1; +http://www.google.com/bot.html)"
66.249.68.3 - - [13/Dec/2025:20:36:53 +0000] "GET /transparencia_files/EdictosComur/2025/EDICTOS%20SEGUNDA%20ENTREGA/EXPEDIENTE%20COMUR%20037.pdf HTTP/1.1" 304 - "-" "Mozilla/5.0 (Linux; Android 6.0.1; Nexus 5X Build/MMB29P) AppleWebKit/537.36 (KHTML, like Gecko) Chrome/141.0.7390.122 Mobile Safari/537.36 (compatible; Googlebot/2.1; +http://www.google.com/bot.html)"
66.249.68.3 - - [13/Dec/2025:20:36:53 +0000] "GET /transparencia_files/EdictosComur/2025/EDICTOS%20PRIMERA%20ENTREGA/EXPEDIENTE%20COMUR%20029%202025.pdf HTTP/1.1" 304 - "-" "Mozilla/5.0 (Linux; Android 6.0.1; Nexus 5X Build/MMB29P) AppleWebKit/537.36 (KHTML, like Gecko) Chrome/141.0.7390.122 Mobile Safari/537.36 (compatible; Googlebot/2.1; +http://www.google.com/bot.html)"
66.249.68.3 - - [13/Dec/2025:20:36:53 +0000] "GET /transparencia_files/EdictosComur/2025/EDICTOS%20PRIMERA%20ENTREGA/EXPEDIENTE%20COMUR%20032%202025.pdf HTTP/1.1" 304 - "-" "Mozilla/5.0 (Linux; Android 6.0.1; Nexus 5X Build/MMB29P) AppleWebKit/537.36 (KHTML, like Gecko) Chrome/141.0.7390.122 Mobile Safari/537.36 (compatible; Googlebot/2.1; +http://www.google.com/bot.html)"
66.249.68.3 - - [13/Dec/2025:20:36:55 +0000] "GET /transparencia_files/EdictosComur/2025/EDICTOS%20SEGUNDA%20ENTREGA/EXPEDIENTE%20COMUR%20046.pdf HTTP/1.1" 304 - "-" "Mozilla/5.0 (Linux; Android 6.0.1; Nexus 5X Build/MMB29P) AppleWebKit/537.36 (KHTML, like Gecko) Chrome/141.0.7390.122 Mobile Safari/537.36 (compatible; Googlebot/2.1; +http://www.google.com/bot.html)"
66.249.68.67 - - [13/Dec/2025:20:36:56 +0000] "GET /transparencia_files/Articulo_15/Fraccion_VII/Administracion%202021-2024/PLAN%20DE%20TRABAJO%20DE%20LA%20COMISION%20EDILICIA%20HABITACION%20POPULAR.pdf HTTP/1.1" 304 - "-" "Mozilla/5.0 (Linux; Android 6.0.1; Nexus 5X Build/MMB29P) AppleWebKit/537.36 (KHTML, like Gecko) Chrome/141.0.7390.122 Mobile Safari/537.36 (compatible; Googlebot/2.1; +http://www.google.com/bot.html)"
66.249.68.3 - - [13/Dec/2025:20:36:57 +0000] "GET /transparencia_files/EdictosComur/2025/EDICTOS%20SEGUNDA%20ENTREGA/EXPEDIENTE%20COMUR%20049.pdf HTTP/1.1" 304 - "-" "Mozilla/5.0 (Linux; Android 6.0.1; Nexus 5X Build/MMB29P) AppleWebKit/537.36 (KHTML, like Gecko) Chrome/141.0.7390.122 Mobile Safari/537.36 (compatible; Googlebot/2.1; +http://www.google.com/bot.html)"
66.249.68.3 - - [13/Dec/2025:20:36:58 +0000] "GET /transparencia_files/EdictosComur/2025/EDICTOS%20PRIMERA%20ENTREGA/EXPEDIENTE%20COMUR%20007%202025.pdf HTTP/1.1" 304 - "-" "Mozilla/5.0 (Linux; Android 6.0.1; Nexus 5X Build/MMB29P) AppleWebKit/537.36 (KHTML, like Gecko) Chrome/141.0.7390.122 Mobile Safari/537.36 (compatible; Googlebot/2.1; +http://www.google.com/bot.html)"
24.144.119.1 - - [13/Dec/2025:20:36:58 +0000] "GET /transparencia_files/DatosAbiertos/RegistroCivil/VOLANTE%20DE%20CONTROL%20DE%20REGISTRO%20CIVIL%20JUNIO%202022.pdf HTTP/1.1" 200 2091729 "-" "Mozilla/5.0 (Macintosh; Intel Mac OS X 10_15_7) AppleWebKit/537.36 (KHTML, like Gecko) Chrome/135.0.0.0 Safari/537.36"
66.249.68.3 - - [13/Dec/2025:20:36:59 +0000] "GET /transparencia_files/EdictosComur/2025/EDICTOS%20SEGUNDA%20ENTREGA/EXPEDIENTE%20COMUR%20057.pdf HTTP/1.1" 304 - "-" "Mozilla/5.0 (Linux; Android 6.0.1; Nexus 5X Build/MMB29P) AppleWebKit/537.36 (KHTML, like Gecko) Chrome/141.0.7390.122 Mobile Safari/537.36 (compatible; Googlebot/2.1; +http://www.google.com/bot.html)"
66.249.68.67 - - [13/Dec/2025:20:36:59 +0000] "GET /transparencia_files/Articulo_15/Fraccion_XXI/Actas%20COMUR%20Pasadas/EXPEDIENTE%20COMUR%20004-CUAUTLA-TIERRASBLANCAS2020.pdf HTTP/1.1" 304 - "-" "Mozilla/5.0 (Linux; Android 6.0.1; Nexus 5X Build/MMB29P) AppleWebKit/537.36 (KHTML, like Gecko) Chrome/141.0.7390.122 Mobile Safari/537.36 (compatible; Googlebot/2.1; +http://www.google.com/bot.html)"
66.249.68.3 - - [13/Dec/2025:20:37:00 +0000] "GET /transparencia_files/EdictosComur/2025/EDICTOS%20PRIMERA%20ENTREGA/EXPEDIENTE%20COMUR%20010%202025.pdf HTTP/1.1" 304 - "-" "Mozilla/5.0 (Linux; Android 6.0.1; Nexus 5X Build/MMB29P) AppleWebKit/537.36 (KHTML, like Gecko) Chrome/141.0.7390.122 Mobile Safari/537.36 (compatible; Googlebot/2.1; +http://www.google.com/bot.html)"
66.249.68.3 - - [13/Dec/2025:20:37:02 +0000] "GET /transparencia_files/Articulo_8/Fraccion_I/g/Convocatorias/Extraordinarias/CONVOCATORIA%2022%20SESION%20EXTRAORDINARIA.pdf HTTP/1.1" 304 - "-" "Mozilla/5.0 (Linux; Android 6.0.1; Nexus 5X Build/MMB29P) AppleWebKit/537.36 (KHTML, like Gecko) Chrome/141.0.7390.122 Mobile Safari/537.36 (compatible; Googlebot/2.1; +http://www.google.com/bot.html)"
66.249.68.3 - - [13/Dec/2025:20:37:03 +0000] "GET /transparencia_files/Articulo_8/Fraccion_I/g/Convocatorias/Extraordinarias/CONVOCATORIA%2013%20SESION%20EXTRAORDINARIA.pdf HTTP/1.1" 304 - "-" "Mozilla/5.0 (Linux; Android 6.0.1; Nexus 5X Build/MMB29P) AppleWebKit/537.36 (KHTML, like Gecko) Chrome/141.0.7390.122 Mobile Safari/537.36 (compatible; Googlebot/2.1; +http://www.google.com/bot.html)"
66.249.68.3 - - [13/Dec/2025:20:37:04 +0000] "GET /transparencia_files/Articulo_8/Fraccion_I/g/Convocatorias/Extraordinarias/CONVOCATORIA%2014%20SESION%20EXTRAORDINARIA.pdf HTTP/1.1" 304 - "-" "Mozilla/5.0 (Linux; Android 6.0.1; Nexus 5X Build/MMB29P) AppleWebKit/537.36 (KHTML, like Gecko) Chrome/141.0.7390.122 Mobile Safari/537.36 (compatible; Googlebot/2.1; +http://www.google.com/bot.html)"
66.249.68.3 - - [13/Dec/2025:20:37:05 +0000] "GET /transparencia_files/EdictosComur/2025/EDICTOS%20SEGUNDA%20ENTREGA/EXPEDIENTE%20COMUR%20045.pdf HTTP/1.1" 304 - "-" "Mozilla/5.0 (Linux; Android 6.0.1; Nexus 5X Build/MMB29P) AppleWebKit/537.36 (KHTML, like Gecko) Chrome/141.0.7390.122 Mobile Safari/537.36 (compatible; Googlebot/2.1; +http://www.google.com/bot.html)"
66.249.68.3 - - [13/Dec/2025:20:37:06 +0000] "GET /transparencia_files/EdictosComur/2025/EDICTOS%20SEGUNDA%20ENTREGA/EXPEDIENTE%20COMUR%20066.pdf HTTP/1.1" 304 - "-" "Mozilla/5.0 (Linux; Android 6.0.1; Nexus 5X Build/MMB29P) AppleWebKit/537.36 (KHTML, like Gecko) Chrome/141.0.7390.122 Mobile Safari/537.36 (compatible; Googlebot/2.1; +http://www.google.com/bot.html)"
66.249.68.3 - - [13/Dec/2025:20:37:07 +0000] "GET /transparencia_files/EdictosComur/2025/EDICTOS%20PRIMERA%20ENTREGA/EXPEDIENTE%20COMUR%20031%202025.pdf HTTP/1.1" 304 - "-" "Mozilla/5.0 (Linux; Android 6.0.1; Nexus 5X Build/MMB29P) AppleWebKit/537.36 (KHTML, like Gecko) Chrome/141.0.7390.122 Mobile Safari/537.36 (compatible; Googlebot/2.1; +http://www.google.com/bot.html)"
66.249.68.3 - - [13/Dec/2025:20:37:07 +0000] "GET /transparencia_files/EdictosComur/2025/EDICTOS%20PRIMERA%20ENTREGA/EXPEDIENTE%20COMUR%20015%202025.pdf HTTP/1.1" 304 - "-" "Mozilla/5.0 (Linux; Android 6.0.1; Nexus 5X Build/MMB29P) AppleWebKit/537.36 (KHTML, like Gecko) Chrome/141.0.7390.122 Mobile Safari/537.36 (compatible; Googlebot/2.1; +http://www.google.com/bot.html)"
66.249.68.69 - - [13/Dec/2025:20:37:09 +0000] "GET /transparencia_files/Articulo_8/Fraccion_V/g/2020/1da%20DICIEMBRE%202020.xlsx HTTP/1.1" 304 - "-" "Mozilla/5.0 (Linux; Android 6.0.1; Nexus 5X Build/MMB29P) AppleWebKit/537.36 (KHTML, like Gecko) Chrome/141.0.7390.122 Mobile Safari/537.36 (compatible; Googlebot/2.1; +http://www.google.com/bot.html)"
66.249.68.68 - - [13/Dec/2025:20:37:09 +0000] "GET /robots.txt HTTP/1.1" 500 715 "-" "Mozilla/5.0 (compatible; Googlebot/2.1; +http://www.google.com/bot.html)"
66.249.68.3 - - [13/Dec/2025:20:37:10 +0000] "GET /transparencia_files/EdictosComur/2025/EDICTOS%20SEGUNDA%20ENTREGA/EXPEDIENTE%20COMUR%20050.pdf HTTP/1.1" 304 - "-" "Mozilla/5.0 (Linux; Android 6.0.1; Nexus 5X Build/MMB29P) AppleWebKit/537.36 (KHTML, like Gecko) Chrome/141.0.7390.122 Mobile Safari/537.36 (compatible; Googlebot/2.1; +http://www.google.com/bot.html)"
66.249.68.3 - - [13/Dec/2025:20:37:10 +0000] "GET /robots.txt HTTP/1.1" 500 715 "-" "Mozilla/5.0 (compatible; Googlebot/2.1; +http://www.google.com/bot.html)"
66.249.68.3 - - [13/Dec/2025:20:37:11 +0000] "GET /transparencia_files/EdictosComur/2025/EDICTOS%20SEGUNDA%20ENTREGA/EXPEDIENTE%20COMUR%20060.pdf HTTP/1.1" 304 - "-" "Mozilla/5.0 (Linux; Android 6.0.1; Nexus 5X Build/MMB29P) AppleWebKit/537.36 (KHTML, like Gecko) Chrome/141.0.7390.122 Mobile Safari/537.36 (compatible; Googlebot/2.1; +http://www.google.com/bot.html)"
66.249.68.3 - - [13/Dec/2025:20:37:12 +0000] "GET /transparencia_files/Articulo_8/Fraccion_I/g/Convocatorias/Extraordinarias/CONVOCATORIA%208%20SESION%20EXTRAORDINARIA.pdf HTTP/1.1" 304 - "-" "Mozilla/5.0 (Linux; Android 6.0.1; Nexus 5X Build/MMB29P) AppleWebKit/537.36 (KHTML, like Gecko) Chrome/141.0.7390.122 Mobile Safari/537.36 (compatible; Googlebot/2.1; +http://www.google.com/bot.html)"
66.249.68.3 - - [13/Dec/2025:20:37:13 +0000] "GET /transparencia_files/EdictosComur/2025/EDICTOS%20PRIMERA%20ENTREGA/EXPEDIENTE%20COMUR%20018%202025.pdf HTTP/1.1" 304 - "-" "Mozilla/5.0 (Linux; Android 6.0.1; Nexus 5X Build/MMB29P) AppleWebKit/537.36 (KHTML, like Gecko) Chrome/141.0.7390.122 Mobile Safari/537.36 (compatible; Googlebot/2.1; +http://www.google.com/bot.html)"
66.249.68.3 - - [13/Dec/2025:20:37:13 +0000] "GET /transparencia_files/EdictosComur/2025/EDICTOS%20PRIMERA%20ENTREGA/EXPEDIENTE%20COMUR%20016%202025.pdf HTTP/1.1" 304 - "-" "Mozilla/5.0 (Linux; Android 6.0.1; Nexus 5X Build/MMB29P) AppleWebKit/537.36 (KHTML, like Gecko) Chrome/141.0.7390.122 Mobile Safari/537.36 (compatible; Googlebot/2.1; +http://www.google.com/bot.html)"
66.249.68.3 - - [13/Dec/2025:20:37:15 +0000] "GET /transparencia_files/Articulo_8/Fraccion_I/g/Convocatorias/Extraordinarias/CONVOCATORIA%2011%20SESION%20EXTRAORDINARIA.pdf HTTP/1.1" 304 - "-" "Mozilla/5.0 (Linux; Android 6.0.1; Nexus 5X Build/MMB29P) AppleWebKit/537.36 (KHTML, like Gecko) Chrome/141.0.7390.122 Mobile Safari/537.36 (compatible; Googlebot/2.1; +http://www.google.com/bot.html)"
66.249.68.68 - - [13/Dec/2025:20:37:16 +0000] "GET /transparencia_files/Articulo_15/Fraccion_IX/Comisiones%20Edilicias/Acta%20Sesion%20Primera%20Ordinaria%20Comision%20Edilicia%20Catastro%202020.pdf HTTP/1.1" 304 - "-" "Mozilla/5.0 (Linux; Android 6.0.1; Nexus 5X Build/MMB29P) AppleWebKit/537.36 (KHTML, like Gecko) Chrome/141.0.7390.122 Mobile Safari/537.36 (compatible; Googlebot/2.1; +http://www.google.com/bot.html)"
66.249.68.68 - - [13/Dec/2025:20:37:17 +0000] "GET /transparencia_files/Articulo_8/Fraccion_V/g/2025/NOMINAS%20DE%20PRESIDENCIA%20DEL%2016%20AL%2031%20DE%20MARZO%202025.pdf HTTP/1.1" 304 - "-" "Mozilla/5.0 (Linux; Android 6.0.1; Nexus 5X Build/MMB29P) AppleWebKit/537.36 (KHTML, like Gecko) Chrome/141.0.7390.122 Mobile Safari/537.36 (compatible; Googlebot/2.1; +http://www.google.com/bot.html)"
66.249.68.3 - - [13/Dec/2025:20:37:18 +0000] "GET /transparencia_files/Articulo_8/Fraccion_VI/j/Transparencia%202021-2024/Colegiados/ACTA%20DE%20INSTALACIO%CC%81N%20DEL%20GABINETE%20MUNICIPAL%20DE%20LA%20PREVENCIO%CC%81N%20SOCIAL%20DE%20LA%20VIOLENCIA%20Y%20LA%20DELINCUENCIA.pdf HTTP/1.1" 304 - "-" "Mozilla/5.0 (Linux; Android 6.0.1; Nexus 5X Build/MMB29P) AppleWebKit/537.36 (KHTML, like Gecko) Chrome/141.0.7390.122 Mobile Safari/537.36 (compatible; Googlebot/2.1; +http://www.google.com/bot.html)"
66.249.68.68 - - [13/Dec/2025:20:37:19 +0000] "GET /index.php HTTP/1.1" 500 715 "-" "Mozilla/5.0 (Linux; Android 6.0.1; Nexus 5X Build/MMB29P) AppleWebKit/537.36 (KHTML, like Gecko) Chrome/141.0.7390.122 Mobile Safari/537.36 (compatible; Googlebot/2.1; +http://www.google.com/bot.html)"
66.249.68.3 - - [13/Dec/2025:20:37:19 +0000] "GET /transparencia_files/Articulo_8/Fraccion_VI/j/Transparencia%202021-2024/Sesiones%20Extraordinarias/DECIMA%20CUARTA%20%20SESION%20EXTRAORDINARIA%20DE%20COMITE%20DE%20TRANSPARENCIA%202021-2024.pdf HTTP/1.1" 304 - "-" "Mozilla/5.0 (Linux; Android 6.0.1; Nexus 5X Build/MMB29P) AppleWebKit/537.36 (KHTML, like Gecko) Chrome/141.0.7390.122 Mobile Safari/537.36 (compatible; Googlebot/2.1; +http://www.google.com/bot.html)"
66.249.68.3 - - [13/Dec/2025:20:37:20 +0000] "GET /transparencia_files/Articulo_8/Fraccion_VI/j/Transparencia%202021-2024/Sesiones%20Extraordinarias/09%20%20SESION%20EXTRAORDINARIA%20DEL%20COMITE%20DE%20TRANSPARENCIA%202021-2024.pdf HTTP/1.1" 304 - "-" "Mozilla/5.0 (Linux; Android 6.0.1; Nexus 5X Build/MMB29P) AppleWebKit/537.36 (KHTML, like Gecko) Chrome/141.0.7390.122 Mobile Safari/537.36 (compatible; Googlebot/2.1; +http://www.google.com/bot.html)"
66.249.68.3 - - [13/Dec/2025:20:37:21 +0000] "GET /transparencia_files/Articulo_8/Fraccion_V/c/clasificador%20por%20objeto%20del%20gasto%202024.pdf HTTP/1.1" 304 - "-" "Mozilla/5.0 (Linux; Android 6.0.1; Nexus 5X Build/MMB29P) AppleWebKit/537.36 (KHTML, like Gecko) Chrome/141.0.7390.122 Mobile Safari/537.36 (compatible; Googlebot/2.1; +http://www.google.com/bot.html)"
66.249.68.3 - - [13/Dec/2025:20:37:22 +0000] "GET /transparencia_files/Articulo_8/Fraccion_VI/j/Transparencia%202021-2024/Sesiones%20Extraordinarias/16%20SESION%20EXTRAORDINARIA%20DE%20COMITE%20.pdf HTTP/1.1" 304 - "-" "Mozilla/5.0 (Linux; Android 6.0.1; Nexus 5X Build/MMB29P) AppleWebKit/537.36 (KHTML, like Gecko) Chrome/141.0.7390.122 Mobile Safari/537.36 (compatible; Googlebot/2.1; +http://www.google.com/bot.html)"
66.249.68.3 - - [13/Dec/2025:20:37:23 +0000] "GET /transparencia_files/Articulo_8/Fraccion_VI/j/Transparencia%202021-2024/Sesiones%20Extraordinarias/20%20SESION%20EXTRAORDINARIA%20DEL%20COMITE%20DE%20TRANSPARENCIA%202021-%202024.pdf HTTP/1.1" 304 - "-" "Mozilla/5.0 (Linux; Android 6.0.1; Nexus 5X Build/MMB29P) AppleWebKit/537.36 (KHTML, like Gecko) Chrome/141.0.7390.122 Mobile Safari/537.36 (compatible; Googlebot/2.1; +http://www.google.com/bot.html)"
66.249.68.3 - - [13/Dec/2025:20:37:23 +0000] "GET /transparencia_files/Articulo_8/Fraccion_VI/j/CMDRS/ACTA%20DE%20CMDRS%20OCTUBRE%202023.docx HTTP/1.1" 304 - "-" "Mozilla/5.0 (Linux; Android 6.0.1; Nexus 5X Build/MMB29P) AppleWebKit/537.36 (KHTML, like Gecko) Chrome/141.0.7390.122 Mobile Safari/537.36 (compatible; Googlebot/2.1; +http://www.google.com/bot.html)"
66.249.68.3 - - [13/Dec/2025:20:37:25 +0000] "GET /transparencia_files/Articulo_8/Fraccion_VI/j/CMDRS/ACTA%20DE%20CMDRS%20MAYO%202023.docx HTTP/1.1" 304 - "-" "Mozilla/5.0 (Linux; Android 6.0.1; Nexus 5X Build/MMB29P) AppleWebKit/537.36 (KHTML, like Gecko) Chrome/141.0.7390.122 Mobile Safari/537.36 (compatible; Googlebot/2.1; +http://www.google.com/bot.html)"
66.249.68.3 - - [13/Dec/2025:20:37:27 +0000] "GET /transparencia_files/Articulo_8/Fraccion_VI/j/Actas%20Cabildo/ACTA%20SESION%204%20SOLEMNE.docx HTTP/1.1" 304 - "-" "Mozilla/5.0 (Linux; Android 6.0.1; Nexus 5X Build/MMB29P) AppleWebKit/537.36 (KHTML, like Gecko) Chrome/141.0.7390.122 Mobile Safari/537.36 (compatible; Googlebot/2.1; +http://www.google.com/bot.html)"
66.249.68.3 - - [13/Dec/2025:20:37:28 +0000] "GET /transparencia_files/Articulo_8/Fraccion_VI/j/Transparencia%202021-2024/Sesiones%20Extraordinarias/OCTAVA%20SESION%20EXTRAORDINARIA%20DEL%20COMITE%20DE%20TRANSPARENCIA%202021-2024.pdf HTTP/1.1" 304 - "-" "Mozilla/5.0 (Linux; Android 6.0.1; Nexus 5X Build/MMB29P) AppleWebKit/537.36 (KHTML, like Gecko) Chrome/141.0.7390.122 Mobile Safari/537.36 (compatible; Googlebot/2.1; +http://www.google.com/bot.html)"
66.249.68.67 - - [13/Dec/2025:20:37:29 +0000] "GET /transparencia_files/Articulo_8/Fraccion_V/g/Nominas/Primera%20de%20Junio%202017.pdf HTTP/1.1" 304 - "-" "Mozilla/5.0 (Linux; Android 6.0.1; Nexus 5X Build/MMB29P) AppleWebKit/537.36 (KHTML, like Gecko) Chrome/141.0.7390.122 Mobile Safari/537.36 (compatible; Googlebot/2.1; +http://www.google.com/bot.html)"
66.249.68.3 - - [13/Dec/2025:20:37:30 +0000] "GET /transparencia_files/EdictosComur/2024/COMUR-022-CUAUTLA-2024.pdf HTTP/1.1" 304 - "-" "Mozilla/5.0 (Linux; Android 6.0.1; Nexus 5X Build/MMB29P) AppleWebKit/537.36 (KHTML, like Gecko) Chrome/141.0.7390.122 Mobile Safari/537.36 (compatible; Googlebot/2.1; +http://www.google.com/bot.html)"
66.249.68.67 - - [13/Dec/2025:20:37:31 +0000] "GET /transparencia_files/Articulo_8/Fraccion_V/g/2024/NOMINAS%20DE%20PRESIDENCIA%20DEL%2001%20AL%2015%20DE%20JUNIO%202024.pdf HTTP/1.1" 304 - "-" "Mozilla/5.0 (Linux; Android 6.0.1; Nexus 5X Build/MMB29P) AppleWebKit/537.36 (KHTML, like Gecko) Chrome/141.0.7390.122 Mobile Safari/537.36 (compatible; Googlebot/2.1; +http://www.google.com/bot.html)"
66.249.68.3 - - [13/Dec/2025:20:37:32 +0000] "GET /transparencia_files/Articulo_8/Fraccion_XIV/Primer%20Trimestre%202023/Cuenta%20Publica/CUENTA%20PUBLICA%202022.pdf HTTP/1.1" 304 - "-" "Mozilla/5.0 (Linux; Android 6.0.1; Nexus 5X Build/MMB29P) AppleWebKit/537.36 (KHTML, like Gecko) Chrome/141.0.7390.122 Mobile Safari/537.36 (compatible; Googlebot/2.1; +http://www.google.com/bot.html)"
66.249.68.3 - - [13/Dec/2025:20:37:32 +0000] "GET /transparencia_files/Articulo_8/Fraccion_IV/f/2018-2021/Manual%20de%20Servicios%20Desarrollo%20Social.pdf HTTP/1.1" 304 - "-" "Mozilla/5.0 (Linux; Android 6.0.1; Nexus 5X Build/MMB29P) AppleWebKit/537.36 (KHTML, like Gecko) Chrome/141.0.7390.122 Mobile Safari/537.36 (compatible; Googlebot/2.1; +http://www.google.com/bot.html)"
66.249.68.3 - - [13/Dec/2025:20:37:33 +0000] "GET /transparencia_files/Articulo_8/Fraccion_VI/c/RELACION%20DE%20OBRAS%202018.xlsx HTTP/1.1" 304 - "-" "Mozilla/5.0 (Linux; Android 6.0.1; Nexus 5X Build/MMB29P) AppleWebKit/537.36 (KHTML, like Gecko) Chrome/141.0.7390.122 Mobile Safari/537.36 (compatible; Googlebot/2.1; +http://www.google.com/bot.html)"
66.249.68.67 - - [13/Dec/2025:20:37:33 +0000] "GET /transparencia_files/Articulo_15/Fraccion_IX/Sesiones%20de%20Cabildo%20Administracion%202018-2021/ACTA%20NUMERO%2005%20EXTRAORDINARIA.docx HTTP/1.1" 304 - "-" "Mozilla/5.0 (Linux; Android 6.0.1; Nexus 5X Build/MMB29P) AppleWebKit/537.36 (KHTML, like Gecko) Chrome/141.0.7390.122 Mobile Safari/537.36 (compatible; Googlebot/2.1; +http://www.google.com/bot.html)"
66.249.68.3 - - [13/Dec/2025:20:37:33 +0000] "GET /transparencia_files/Articulo_8/Fraccion_VI/n/Secretaria%20General/2022/ESTADISTICA%20SECRETARIA%20GENERAL%20MARZO%202022.pdf HTTP/1.1" 200 222271 "-" "Googlebot/2.1 (+http://www.google.com/bot.html)"
66.249.68.67 - - [13/Dec/2025:20:37:33 +0000] "GET /transparencia_files/Articulo_15/Fraccion_VII/Administracion%202024-2027/13-PLAN%20DE%20TRABAJO%20DE%20COMISION%20EDILICIA-SALUBRIDAD%20E%20HIGIENE-ADM-24-27.pdf HTTP/1.1" 304 - "-" "Mozilla/5.0 (Linux; Android 6.0.1; Nexus 5X Build/MMB29P) AppleWebKit/537.36 (KHTML, like Gecko) Chrome/141.0.7390.122 Mobile Safari/537.36 (compatible; Googlebot/2.1; +http://www.google.com/bot.html)"
66.249.68.3 - - [13/Dec/2025:20:37:35 +0000] "GET /transparencia_files/EdictosComur/2025/EDICTOS%20SEGUNDA%20ENTREGA/EXPEDIENTE%20COMUR%20041.pdf HTTP/1.1" 304 - "-" "Mozilla/5.0 (Linux; Android 6.0.1; Nexus 5X Build/MMB29P) AppleWebKit/537.36 (KHTML, like Gecko) Chrome/141.0.7390.122 Mobile Safari/537.36 (compatible; Googlebot/2.1; +http://www.google.com/bot.html)"
66.249.68.67 - - [13/Dec/2025:20:37:36 +0000] "GET /transparencia_files/Articulo_15/Fraccion_VII/Administracion%202021-2024/COMISION%20EDILICIA%20EDUCACION%20PUBLICA.pdf HTTP/1.1" 304 - "-" "Mozilla/5.0 (Linux; Android 6.0.1; Nexus 5X Build/MMB29P) AppleWebKit/537.36 (KHTML, like Gecko) Chrome/141.0.7390.122 Mobile Safari/537.36 (compatible; Googlebot/2.1; +http://www.google.com/bot.html)"
66.249.68.67 - - [13/Dec/2025:20:37:37 +0000] "GET /transparencia_files/Articulo_15/Fraccion_VIII/Orden%20del%20dia%20-%20Sesiones%20del%20ayuntamiento/CONVOCATORIA%2013%20extraordinaria.docx HTTP/1.1" 304 - "-" "Mozilla/5.0 (Linux; Android 6.0.1; Nexus 5X Build/MMB29P) AppleWebKit/537.36 (KHTML, like Gecko) Chrome/141.0.7390.122 Mobile Safari/537.36 (compatible; Googlebot/2.1; +http://www.google.com/bot.html)"
66.249.68.3 - - [13/Dec/2025:20:37:38 +0000] "GET /transparencia_files/Articulo_8/Fraccion_V/v/septiembre2014.pdf HTTP/1.1" 304 - "-" "Mozilla/5.0 (Linux; Android 6.0.1; Nexus 5X Build/MMB29P) AppleWebKit/537.36 (KHTML, like Gecko) Chrome/141.0.7390.122 Mobile Safari/537.36 (compatible; Googlebot/2.1; +http://www.google.com/bot.html)"
66.249.68.67 - - [13/Dec/2025:20:37:39 +0000] "GET /transparencia_files/Articulo_8/Fraccion_V/g/2024/NOMINA%20PRESIDENCIA%20DEL%2001%20AL%2015%20DE%20MARZO%20DEL%202024.pdf HTTP/1.1" 304 - "-" "Mozilla/5.0 (Linux; Android 6.0.1; Nexus 5X Build/MMB29P) AppleWebKit/537.36 (KHTML, like Gecko) Chrome/141.0.7390.122 Mobile Safari/537.36 (compatible; Googlebot/2.1; +http://www.google.com/bot.html)"
66.249.68.67 - - [13/Dec/2025:20:37:41 +0000] "GET /transparencia_files/Articulo_8/Fraccion_V/g/2023/PRESIDENCIA%2001%20AL%2015%20JULIO%202023.pdf HTTP/1.1" 304 - "-" "Mozilla/5.0 (Linux; Android 6.0.1; Nexus 5X Build/MMB29P) AppleWebKit/537.36 (KHTML, like Gecko) Chrome/141.0.7390.122 Mobile Safari/537.36 (compatible; Googlebot/2.1; +http://www.google.com/bot.html)"
66.249.68.3 - - [13/Dec/2025:20:37:42 +0000] "GET /transparencia_files/Articulo_8/Fraccion_VI/h/MES%20DE%20ENERO%202025.pdf HTTP/1.1" 304 - "-" "Mozilla/5.0 (Linux; Android 6.0.1; Nexus 5X Build/MMB29P) AppleWebKit/537.36 (KHTML, like Gecko) Chrome/141.0.7390.122 Mobile Safari/537.36 (compatible; Googlebot/2.1; +http://www.google.com/bot.html)"
66.249.68.3 - - [13/Dec/2025:20:37:43 +0000] "GET /transparencia_files/Articulo_8/Fraccion_V/l/Montos%20Pagados%20por%20Ayudas%20y%20Subsidios%20Julio%20a%20Septiembre%202023.pdf HTTP/1.1" 304 - "-" "Mozilla/5.0 (Linux; Android 6.0.1; Nexus 5X Build/MMB29P) AppleWebKit/537.36 (KHTML, like Gecko) Chrome/141.0.7390.122 Mobile Safari/537.36 (compatible; Googlebot/2.1; +http://www.google.com/bot.html)"
