66.249.68.3 - - [13/Dec/2025:17:19:33 +0000] "GET /transparencia_files/Articulo_8/Fraccion_IV/c/Otros/salud.pdf HTTP/1.1" 304 - "-" "Mozilla/5.0 (Linux; Android 6.0.1; Nexus 5X Build/MMB29P) AppleWebKit/537.36 (KHTML, like Gecko) Chrome/141.0.7390.122 Mobile Safari/537.36 (compatible; Googlebot/2.1; +http://www.google.com/bot.html)"
66.249.68.3 - - [13/Dec/2025:17:19:42 +0000] "GET /transparencia_files/Articulo_8/Fraccion_II/e/Minuta%20de%20Decreto%2029540%20REFORMA%20ARTICULO%2015%20UDG.pdf HTTP/1.1" 304 - "-" "Mozilla/5.0 (Linux; Android 6.0.1; Nexus 5X Build/MMB29P) AppleWebKit/537.36 (KHTML, like Gecko) Chrome/141.0.7390.122 Mobile Safari/537.36 (compatible; Googlebot/2.1; +http://www.google.com/bot.html)"
66.249.68.3 - - [13/Dec/2025:17:19:57 +0000] "GET /robots.txt HTTP/1.1" 500 715 "-" "Mozilla/5.0 (compatible; Googlebot/2.1; +http://www.google.com/bot.html)"
66.249.68.3 - - [13/Dec/2025:17:19:57 +0000] "GET /transparencia_files/Articulo_8/Fraccion_V/z/No%20sanciones%20administrativas.pdf HTTP/1.1" 304 - "-" "Mozilla/5.0 (Linux; Android 6.0.1; Nexus 5X Build/MMB29P) AppleWebKit/537.36 (KHTML, like Gecko) Chrome/141.0.7390.122 Mobile Safari/537.36 (compatible; Googlebot/2.1; +http://www.google.com/bot.html)"
66.249.68.5 - - [13/Dec/2025:17:20:03 +0000] "GET /transparencia_files/Articulo_8/Fraccion_V/g/2022/02%20Enero%2016%20al%2031%20presidencia.pdf HTTP/1.1" 304 - "-" "Mozilla/5.0 (Linux; Android 6.0.1; Nexus 5X Build/MMB29P) AppleWebKit/537.36 (KHTML, like Gecko) Chrome/141.0.7390.122 Mobile Safari/537.36 (compatible; Googlebot/2.1; +http://www.google.com/bot.html)"
66.249.68.68 - - [13/Dec/2025:17:20:13 +0000] "GET /transparencia_files/Articulo_15/Fraccion_XIII/2024/CONTRATO%20OP-CUAJAL-R33-2024-10.pdf HTTP/1.1" 304 - "-" "Mozilla/5.0 (Linux; Android 6.0.1; Nexus 5X Build/MMB29P) AppleWebKit/537.36 (KHTML, like Gecko) Chrome/141.0.7390.122 Mobile Safari/537.36 (compatible; Googlebot/2.1; +http://www.google.com/bot.html)"
66.249.68.67 - - [13/Dec/2025:17:20:13 +0000] "GET /robots.txt HTTP/1.1" 500 715 "-" "Mozilla/5.0 (compatible; Googlebot/2.1; +http://www.google.com/bot.html)"
66.249.68.3 - - [13/Dec/2025:17:20:25 +0000] "GET /transparencia_files/Articulo_8/Fraccion_VI/j/COMUR%20PASADO/14.%20ACTA%20COMUR%20CATORCEAVA%20SESION%20ORDINARIA.pdf HTTP/1.1" 304 - "-" "Mozilla/5.0 (Linux; Android 6.0.1; Nexus 5X Build/MMB29P) AppleWebKit/537.36 (KHTML, like Gecko) Chrome/141.0.7390.122 Mobile Safari/537.36 (compatible; Googlebot/2.1; +http://www.google.com/bot.html)"
66.249.68.3 - - [13/Dec/2025:17:20:43 +0000] "GET /transparencia_files/Articulo_8/Fraccion_VI/j/COMUR%202024-2027/4.%20Acta_CUARTA_Sesion_Comur_Cuautla.-dict%C3%A1menes%20de%20acreditaci%C3%B3n.pdf HTTP/1.1" 304 - "-" "Mozilla/5.0 (Linux; Android 6.0.1; Nexus 5X Build/MMB29P) AppleWebKit/537.36 (KHTML, like Gecko) Chrome/141.0.7390.122 Mobile Safari/537.36 (compatible; Googlebot/2.1; +http://www.google.com/bot.html)"
43.154.175.182 - - [13/Dec/2025:17:20:49 +0000] "GET /F8/Fraccion4/F4c.php HTTP/2.0" 200 18594 "https://cuautlajalisco.gob.mx/F8/Fraccion4/F4c.php" "Mozilla/5.0 (Macintosh; Intel Mac OS X 10_15_7) AppleWebKit/537.36 (KHTML, like Gecko) Chrome/120.0.0.0 Safari/537.36"
66.249.68.3 - - [13/Dec/2025:17:21:42 +0000] "GET /robots.txt HTTP/1.1" 500 715 "-" "Mozilla/5.0 (compatible; Googlebot/2.1; +http://www.google.com/bot.html)"
66.249.68.3 - - [13/Dec/2025:17:21:42 +0000] "GET /transparencia_files/Articulo_8/Fraccion_V/v/5%20POLIZAS%20DE%20CHEQUES%20MAYO%202023.pdf HTTP/1.1" 304 - "-" "Mozilla/5.0 (Linux; Android 6.0.1; Nexus 5X Build/MMB29P) AppleWebKit/537.36 (KHTML, like Gecko) Chrome/141.0.7390.122 Mobile Safari/537.36 (compatible; Googlebot/2.1; +http://www.google.com/bot.html)"
66.249.68.4 - - [13/Dec/2025:17:21:57 +0000] "GET /transparencia_files/Articulo_8/Fraccion_VI/j/Actas%20Cabildo/ACTA%20XXVII%20VIGESIMA%20SEPTIMA%20ORDINARIA.doc HTTP/1.1" 304 - "-" "Mozilla/5.0 (Linux; Android 6.0.1; Nexus 5X Build/MMB29P) AppleWebKit/537.36 (KHTML, like Gecko) Chrome/141.0.7390.122 Mobile Safari/537.36 (compatible; Googlebot/2.1; +http://www.google.com/bot.html)"
179.6.24.101 - - [13/Dec/2025:17:21:57 +0000] "GET /15xvi HTTP/1.1" 500 715 "https://cuautlajalisco.gob.mx/" "Mozilla/5.0 (Windows NT 10.0; Win64; x64) AppleWebKit/537.36 (KHTML, like Gecko) Chrome/135.0.0.0 Safari/537.36"
173.249.202.54 - - [13/Dec/2025:17:22:02 +0000] "GET /transparencia_files/articulo_8/fraccion_v/nn/proveedores/catalogo%20de%20proveedores%202023.pdf HTTP/1.1" 500 715 "-" "Mozilla/5.0 (Windows NT 10.0; Win64; x64; rv:109.0) Gecko/20100101 Firefox/111.0"
66.249.68.3 - - [13/Dec/2025:17:22:04 +0000] "GET /transparencia_files/Articulo_8/Fraccion_VIII/CONVOCATORIA%20PARA%20CONFORMACION%20DE%20CONSEJO%20DE%20PARTICIPACION%20CIUDADANA%20ADMON%202021-2024.pdf HTTP/1.1" 304 - "-" "Mozilla/5.0 (Linux; Android 6.0.1; Nexus 5X Build/MMB29P) AppleWebKit/537.36 (KHTML, like Gecko) Chrome/141.0.7390.122 Mobile Safari/537.36 (compatible; Googlebot/2.1; +http://www.google.com/bot.html)"
102.31.199.72 - - [13/Dec/2025:17:22:30 +0000] "GET /agenda/categoria/transparencia/dia/2022-12-04 HTTP/1.1" 500 715 "https://cuautlajalisco.gob.mx/" "Mozilla/5.0 (Macintosh; Intel Mac OS X 10_15_7) AppleWebKit/537.36 (KHTML, like Gecko) Chrome/135.0.0.0 Safari/537.36"
66.249.68.3 - - [13/Dec/2025:17:22:40 +0000] "GET /transparencia_files/Articulo_8/Fraccion_VI/j/Actas%20Ayuntamiento%202024-2027/ORDINARIAS/ACTA%204%20ORDINARIA%2028-04-25.pdf HTTP/1.1" 304 - "-" "Mozilla/5.0 (Linux; Android 6.0.1; Nexus 5X Build/MMB29P) AppleWebKit/537.36 (KHTML, like Gecko) Chrome/141.0.7390.122 Mobile Safari/537.36 (compatible; Googlebot/2.1; +http://www.google.com/bot.html)"
189.76.69.141 - - [13/Dec/2025:17:22:58 +0000] "GET /transparencia_files/Articulo_15/Fraccion_XIII/2023/.htaccess HTTP/1.1" 500 - "https://www.cuautlajalisco.gob.mx/" "Mozilla/5.0 (Macintosh; Intel Mac OS X 10_15_7) AppleWebKit/605.1.15 (KHTML, like Gecko) Version/17.3 Safari/605.1.15"
41.56.152.141 - - [13/Dec/2025:17:23:01 +0000] "GET /transparencia_files/Articulo_8/Fraccion_III/a/.htaccess HTTP/1.1" 500 - "https://www.cuautlajalisco.gob.mx/" "Mozilla/5.0 (Windows NT 10.0; Win64; x64) AppleWebKit/537.36 (KHTML, like Gecko) Chrome/135.0.0.0 Safari/537.36 Edg/135.0.0.0"
166.108.229.40 - - [13/Dec/2025:17:23:19 +0000] "GET /transparencia_files/Articulo_8/Fraccion_V/g/2022/.htaccess HTTP/2.0" 500 - "https://cuautlajalisco.gob.mx/transparencia_files/Articulo_8/Fraccion_V/g/2022/.htaccess" "Mozilla/5.0 (Macintosh; Intel Mac OS X 10_15_7) AppleWebKit/537.36 (KHTML, like Gecko) Chrome/123.0.0.0 Safari/537.36"
181.87.247.226 - - [13/Dec/2025:17:23:34 +0000] "GET /transparencia_files/Articulo_15/Fraccion_XVII/.htaccess HTTP/1.1" 500 - "https://www.cuautlajalisco.gob.mx/" "Mozilla/5.0 (Macintosh; Intel Mac OS X 10_15_7) AppleWebKit/537.36 (KHTML, like Gecko) Chrome/135.0.0.0 Safari/537.36"
207.90.244.14 - - [13/Dec/2025:17:23:36 +0000] "GET / HTTP/1.1" 200 2469 "-" "Mozilla/5.0 (X11; Linux x86_64) AppleWebKit/537.36 (KHTML, like Gecko) Chrome/98.0.4758.102 Safari/537.36"
207.90.244.14 - - [13/Dec/2025:17:23:38 +0000] "\n" 500 - "-" "-"
207.90.244.14 - - [13/Dec/2025:17:23:39 +0000] "\n" 500 - "-" "-"
207.90.244.14 - - [13/Dec/2025:17:23:40 +0000] "\n" 500 - "-" "-"
207.90.244.14 - - [13/Dec/2025:17:23:41 +0000] "\n" 500 - "-" "-"
207.90.244.14 - - [13/Dec/2025:17:23:44 +0000] "GET /robots.txt HTTP/1.1" 500 715 "-" "-"
207.90.244.14 - - [13/Dec/2025:17:23:44 +0000] "GET /sitemap.xml HTTP/1.1" 500 715 "-" "-"
207.90.244.14 - - [13/Dec/2025:17:23:45 +0000] "GET /.well-known/security.txt HTTP/1.1" 500 715 "-" "-"
207.90.244.14 - - [13/Dec/2025:17:23:47 +0000] "GET /img/logoayuntamiento.jpg HTTP/1.1" 200 68034 "-" "Mozilla/5.0 (Windows NT 10.0; Win64; x64) AppleWebKit/537.36 (KHTML, like Gecko) Chrome/102.0.5005.63 Safari/537.36"
66.249.68.5 - - [13/Dec/2025:17:23:48 +0000] "GET /transparencia_files/Articulo_8/Fraccion_I/%C3%B1/Estadi%CC%81sticas%20arco%20Enero%202022.pdf HTTP/1.1" 500 715 "-" "Googlebot/2.1 (+http://www.google.com/bot.html)"
66.249.68.3 - - [13/Dec/2025:17:23:50 +0000] "GET /transparencia_files/Articulo_8/Fraccion_V/x/2016/febrero2016.pdf HTTP/1.1" 304 - "-" "Mozilla/5.0 (Linux; Android 6.0.1; Nexus 5X Build/MMB29P) AppleWebKit/537.36 (KHTML, like Gecko) Chrome/141.0.7390.122 Mobile Safari/537.36 (compatible; Googlebot/2.1; +http://www.google.com/bot.html)"
52.167.144.158 - - [13/Dec/2025:17:24:05 +0000] "GET /45897072.html HTTP/2.0" 500 715 "-" "Mozilla/5.0 AppleWebKit/537.36 (KHTML, like Gecko; compatible; bingbot/2.0; +http://www.bing.com/bingbot.htm) Chrome/116.0.1938.76 Safari/537.36"
66.249.68.3 - - [13/Dec/2025:17:24:11 +0000] "GET /transparencia_files/Articulo_8/Fraccion_VI/j/Actas%20Cabildo/ACTA%20XI%20DECIMA%20PRIMERA%20ORDINARIA.doc HTTP/1.1" 304 - "-" "Mozilla/5.0 (Linux; Android 6.0.1; Nexus 5X Build/MMB29P) AppleWebKit/537.36 (KHTML, like Gecko) Chrome/141.0.7390.122 Mobile Safari/537.36 (compatible; Googlebot/2.1; +http://www.google.com/bot.html)"
166.108.207.182 - - [13/Dec/2025:17:24:18 +0000] "GET /F8/Fraccion2/F2b.php HTTP/2.0" 200 5603 "https://cuautlajalisco.gob.mx/F8/Fraccion2/F2b.php" "Mozilla/5.0 (Macintosh; Intel Mac OS X 10_15_7) AppleWebKit/537.36 (KHTML, like Gecko) Chrome/120.0.0.0 Safari/537.36"
204.76.203.8 - - [13/Dec/2025:17:24:29 +0000] "PROPFIND / HTTP/1.1" 500 - "http://198.38.90.22:443/" "-"
66.249.68.68 - - [13/Dec/2025:17:24:38 +0000] "GET /robots.txt HTTP/1.1" 500 715 "-" "Mozilla/5.0 (compatible; Googlebot/2.1; +http://www.google.com/bot.html)"
66.249.68.68 - - [13/Dec/2025:17:24:38 +0000] "GET /transparencia_files/Articulo_15/Fraccion_VIII/Admon%202021-2024/CONVOCATORIA%2016%20SESI%C3%93N%20ORDINARIA%2008%20DE%20DICIEMBRE%202022..pdf HTTP/1.1" 304 - "-" "Mozilla/5.0 (Linux; Android 6.0.1; Nexus 5X Build/MMB29P) AppleWebKit/537.36 (KHTML, like Gecko) Chrome/141.0.7390.122 Mobile Safari/537.36 (compatible; Googlebot/2.1; +http://www.google.com/bot.html)"
157.55.39.60 - - [13/Dec/2025:17:24:41 +0000] "GET /43750100.html HTTP/2.0" 500 715 "-" "Mozilla/5.0 AppleWebKit/537.36 (KHTML, like Gecko; compatible; bingbot/2.0; +http://www.bing.com/bingbot.htm) Chrome/116.0.1938.76 Safari/537.36"
66.249.68.4 - - [13/Dec/2025:17:24:43 +0000] "GET /transparencia_files/Articulo_8/Fraccion_V/x/2019/FONDO%20DE%20AHORRO%207115%20ENERO%202021.pdf HTTP/1.1" 304 - "-" "Mozilla/5.0 (Linux; Android 6.0.1; Nexus 5X Build/MMB29P) AppleWebKit/537.36 (KHTML, like Gecko) Chrome/141.0.7390.122 Mobile Safari/537.36 (compatible; Googlebot/2.1; +http://www.google.com/bot.html)"
66.249.68.3 - - [13/Dec/2025:17:24:43 +0000] "GET /robots.txt HTTP/1.1" 500 715 "-" "Mozilla/5.0 (compatible; Googlebot/2.1; +http://www.google.com/bot.html)"
85.208.96.210 - - [13/Dec/2025:17:24:45 +0000] "GET /robots.txt HTTP/1.1" 500 715 "-" "Mozilla/5.0 (compatible; SemrushBot/7~bl; +http://www.semrush.com/bot.html)"
51.79.137.237 - - [13/Dec/2025:17:25:01 +0000] "GET / HTTP/1.1" 200 2469 "-" "Mozilla/5.0 (Windows NT 10.0; Win64; x64) AppleWebKit/537.36 (KHTML, like Gecko) Chrome/79.0 Safari/537.36"
51.79.137.237 - - [13/Dec/2025:17:25:02 +0000] "GET //wp-includes/wlwmanifest.xml HTTP/1.1" 500 715 "-" "Mozilla/5.0 (Windows NT 10.0; Win64; x64) AppleWebKit/537.36 (KHTML, like Gecko) Chrome/79.0 Safari/537.36"
51.79.137.237 - - [13/Dec/2025:17:25:03 +0000] "GET //xmlrpc.php?rsd HTTP/1.1" 500 715 "-" "Mozilla/5.0 (Windows NT 10.0; Win64; x64) AppleWebKit/537.36 (KHTML, like Gecko) Chrome/79.0 Safari/537.36"
51.79.137.237 - - [13/Dec/2025:17:25:03 +0000] "GET / HTTP/1.1" 200 2469 "-" "Mozilla/5.0 (Windows NT 10.0; Win64; x64) AppleWebKit/537.36 (KHTML, like Gecko) Chrome/79.0 Safari/537.36"
51.79.137.237 - - [13/Dec/2025:17:25:04 +0000] "GET //blog/wp-includes/wlwmanifest.xml HTTP/1.1" 500 715 "-" "Mozilla/5.0 (Windows NT 10.0; Win64; x64) AppleWebKit/537.36 (KHTML, like Gecko) Chrome/79.0 Safari/537.36"
51.79.137.237 - - [13/Dec/2025:17:25:05 +0000] "GET //web/wp-includes/wlwmanifest.xml HTTP/1.1" 500 715 "-" "Mozilla/5.0 (Windows NT 10.0; Win64; x64) AppleWebKit/537.36 (KHTML, like Gecko) Chrome/79.0 Safari/537.36"
66.249.68.3 - - [13/Dec/2025:17:25:05 +0000] "GET /transparencia_files/Articulo_8/Fraccion_VI/d/Lista%20mensual%20de%20beneficiarios%20Miguel%20Pena.pdf HTTP/1.1" 304 - "-" "Mozilla/5.0 (Linux; Android 6.0.1; Nexus 5X Build/MMB29P) AppleWebKit/537.36 (KHTML, like Gecko) Chrome/141.0.7390.122 Mobile Safari/537.36 (compatible; Googlebot/2.1; +http://www.google.com/bot.html)"
51.79.137.237 - - [13/Dec/2025:17:25:06 +0000] "GET //wordpress/wp-includes/wlwmanifest.xml HTTP/1.1" 500 715 "-" "Mozilla/5.0 (Windows NT 10.0; Win64; x64) AppleWebKit/537.36 (KHTML, like Gecko) Chrome/79.0 Safari/537.36"
51.79.137.237 - - [13/Dec/2025:17:25:06 +0000] "GET //website/wp-includes/wlwmanifest.xml HTTP/1.1" 500 715 "-" "Mozilla/5.0 (Windows NT 10.0; Win64; x64) AppleWebKit/537.36 (KHTML, like Gecko) Chrome/79.0 Safari/537.36"
51.79.137.237 - - [13/Dec/2025:17:25:07 +0000] "GET //wp/wp-includes/wlwmanifest.xml HTTP/1.1" 500 715 "-" "Mozilla/5.0 (Windows NT 10.0; Win64; x64) AppleWebKit/537.36 (KHTML, like Gecko) Chrome/79.0 Safari/537.36"
51.79.137.237 - - [13/Dec/2025:17:25:08 +0000] "GET //news/wp-includes/wlwmanifest.xml HTTP/1.1" 500 715 "-" "Mozilla/5.0 (Windows NT 10.0; Win64; x64) AppleWebKit/537.36 (KHTML, like Gecko) Chrome/79.0 Safari/537.36"
51.79.137.237 - - [13/Dec/2025:17:25:09 +0000] "GET //wp1/wp-includes/wlwmanifest.xml HTTP/1.1" 500 715 "-" "Mozilla/5.0 (Windows NT 10.0; Win64; x64) AppleWebKit/537.36 (KHTML, like Gecko) Chrome/79.0 Safari/537.36"
51.79.137.237 - - [13/Dec/2025:17:25:10 +0000] "GET //test/wp-includes/wlwmanifest.xml HTTP/1.1" 500 715 "-" "Mozilla/5.0 (Windows NT 10.0; Win64; x64) AppleWebKit/537.36 (KHTML, like Gecko) Chrome/79.0 Safari/537.36"
51.79.137.237 - - [13/Dec/2025:17:25:11 +0000] "GET //wp2/wp-includes/wlwmanifest.xml HTTP/1.1" 500 715 "-" "Mozilla/5.0 (Windows NT 10.0; Win64; x64) AppleWebKit/537.36 (KHTML, like Gecko) Chrome/79.0 Safari/537.36"
51.79.137.237 - - [13/Dec/2025:17:25:12 +0000] "GET //site/wp-includes/wlwmanifest.xml HTTP/1.1" 500 715 "-" "Mozilla/5.0 (Windows NT 10.0; Win64; x64) AppleWebKit/537.36 (KHTML, like Gecko) Chrome/79.0 Safari/537.36"
51.79.137.237 - - [13/Dec/2025:17:25:13 +0000] "GET //cms/wp-includes/wlwmanifest.xml HTTP/1.1" 500 715 "-" "Mozilla/5.0 (Windows NT 10.0; Win64; x64) AppleWebKit/537.36 (KHTML, like Gecko) Chrome/79.0 Safari/537.36"
51.79.137.237 - - [13/Dec/2025:17:25:14 +0000] "GET //sito/wp-includes/wlwmanifest.xml HTTP/1.1" 500 715 "-" "Mozilla/5.0 (Windows NT 10.0; Win64; x64) AppleWebKit/537.36 (KHTML, like Gecko) Chrome/79.0 Safari/537.36"
66.249.68.3 - - [13/Dec/2025:17:25:17 +0000] "GET /transparencia_files/Articulo_8/Fraccion_XIV/Tercer%20Trimestre%202023/Ejercicio%20Presupuestario/3ER%20TRIMESTRE%20DEL%202023%20CUENTAS%20BANCARIAS%20PRODUCTIVAS%20ESPESIFICAS.pdf HTTP/1.1" 304 - "-" "Mozilla/5.0 (Linux; Android 6.0.1; Nexus 5X Build/MMB29P) AppleWebKit/537.36 (KHTML, like Gecko) Chrome/141.0.7390.122 Mobile Safari/537.36 (compatible; Googlebot/2.1; +http://www.google.com/bot.html)"
43.128.22.228 - - [13/Dec/2025:17:25:18 +0000] "GET /F8/Fraccion5/F5nn.php HTTP/2.0" 200 14601 "https://cuautlajalisco.gob.mx/F8/Fraccion5/F5nn.php" "Mozilla/5.0 (Macintosh; Intel Mac OS X 10_15_7) AppleWebKit/537.36 (KHTML, like Gecko) Chrome/131.0.0.0 Safari/537.36"
66.249.68.3 - - [13/Dec/2025:17:25:20 +0000] "GET /transparencia_files/Articulo_8/Fraccion_VI/g/Ecologia/Permisos%20febrero%202021%20ecologia.xlsx HTTP/1.1" 304 - "-" "Mozilla/5.0 (Linux; Android 6.0.1; Nexus 5X Build/MMB29P) AppleWebKit/537.36 (KHTML, like Gecko) Chrome/141.0.7390.122 Mobile Safari/537.36 (compatible; Googlebot/2.1; +http://www.google.com/bot.html)"
66.249.68.3 - - [13/Dec/2025:17:25:42 +0000] "GET /transparencia_files/Articulo_8/Fraccion_VI/g/Obras/Permisos%20obras%20mes%20de%20enero.xlsx HTTP/1.1" 304 - "-" "Mozilla/5.0 (Linux; Android 6.0.1; Nexus 5X Build/MMB29P) AppleWebKit/537.36 (KHTML, like Gecko) Chrome/141.0.7390.122 Mobile Safari/537.36 (compatible; Googlebot/2.1; +http://www.google.com/bot.html)"
66.249.68.5 - - [13/Dec/2025:17:26:01 +0000] "GET /robots.txt HTTP/1.1" 500 715 "-" "Mozilla/5.0 (compatible; Googlebot/2.1; +http://www.google.com/bot.html)"
66.249.68.3 - - [13/Dec/2025:17:26:01 +0000] "GET /transparencia_files/Articulo_8/Fraccion_VI/n/Secretaria%20General/2022/ESTADISTICA%20SECRETARIA%20GENERAL%20AGOSTO%202022.pdf HTTP/1.1" 200 230112 "-" "Googlebot/2.1 (+http://www.google.com/bot.html)"
66.249.68.4 - - [13/Dec/2025:17:26:31 +0000] "GET /transparencia_files/Articulo_8/Fraccion_I/%C3%B1/Estad%C3%ADsticas%20Arco%20Febrero%202023.pdf HTTP/1.1" 500 715 "-" "Googlebot/2.1 (+http://www.google.com/bot.html)"
66.249.68.3 - - [13/Dec/2025:17:26:42 +0000] "GET /transparencia_files/Articulo_8/Fraccion_VI/g/Obras/Permisos%20Obras%20Publicas%202020.xlsx HTTP/1.1" 304 - "-" "Mozilla/5.0 (Linux; Android 6.0.1; Nexus 5X Build/MMB29P) AppleWebKit/537.36 (KHTML, like Gecko) Chrome/141.0.7390.122 Mobile Safari/537.36 (compatible; Googlebot/2.1; +http://www.google.com/bot.html)"
207.46.13.6 - - [13/Dec/2025:17:27:00 +0000] "GET /7729068.html HTTP/2.0" 500 715 "-" "Mozilla/5.0 AppleWebKit/537.36 (KHTML, like Gecko; compatible; bingbot/2.0; +http://www.bing.com/bingbot.htm) Chrome/116.0.1938.76 Safari/537.36"
66.249.68.3 - - [13/Dec/2025:17:27:03 +0000] "GET /transparencia_files/Articulo_8/Fraccion_V/f/01%20REMUNERACION%20DEL%2001%20AL%2015%20DE%20ENERO%20DEL%202024.pdf HTTP/1.1" 304 - "-" "Mozilla/5.0 (Linux; Android 6.0.1; Nexus 5X Build/MMB29P) AppleWebKit/537.36 (KHTML, like Gecko) Chrome/141.0.7390.122 Mobile Safari/537.36 (compatible; Googlebot/2.1; +http://www.google.com/bot.html)"
66.249.68.4 - - [13/Dec/2025:17:27:03 +0000] "GET /robots.txt HTTP/1.1" 500 715 "-" "Mozilla/5.0 (compatible; Googlebot/2.1; +http://www.google.com/bot.html)"
66.249.68.3 - - [13/Dec/2025:17:27:44 +0000] "GET /transparencia_files/Articulo_8/Fraccion_XIV/SEvAC%202019-II/a.2.8.pdf HTTP/1.1" 304 - "-" "Mozilla/5.0 (Linux; Android 6.0.1; Nexus 5X Build/MMB29P) AppleWebKit/537.36 (KHTML, like Gecko) Chrome/141.0.7390.122 Mobile Safari/537.36 (compatible; Googlebot/2.1; +http://www.google.com/bot.html)"
157.55.39.60 - - [13/Dec/2025:17:27:48 +0000] "GET /47087360.html HTTP/2.0" 500 715 "-" "Mozilla/5.0 AppleWebKit/537.36 (KHTML, like Gecko; compatible; bingbot/2.0; +http://www.bing.com/bingbot.htm) Chrome/116.0.1938.76 Safari/537.36"
119.8.169.196 - - [13/Dec/2025:17:27:48 +0000] "GET /F8/Fraccion5/F5r.php HTTP/2.0" 200 15045 "https://cuautlajalisco.gob.mx/F8/Fraccion5/F5r.php" "Mozilla/5.0 (Macintosh; Intel Mac OS X 10_15_7) AppleWebKit/537.36 (KHTML, like Gecko) Chrome/120.0.0.0 Safari/537.36"
17.22.245.175 - - [13/Dec/2025:17:28:07 +0000] "GET /robots.txt HTTP/1.1" 500 715 "-" "Mozilla/5.0 (Macintosh; Intel Mac OS X 10_15_7) AppleWebKit/605.1.15 (KHTML, like Gecko) Version/17.4 Safari/605.1.15 (Applebot/0.1; +http://www.apple.com/go/applebot)"
17.22.237.190 - - [13/Dec/2025:17:28:08 +0000] "GET /transparencia_files/Articulo_8/Fraccion_VI/g/ecologia/Permisos%20mes%20de%20marzo%20ecologia.xlsx HTTP/1.1" 500 715 "-" "Mozilla/5.0 (Macintosh; Intel Mac OS X 10_15_7) AppleWebKit/605.1.15 (KHTML, like Gecko) Version/17.4 Safari/605.1.15 (Applebot/0.1; +http://www.apple.com/go/applebot)"
66.249.68.4 - - [13/Dec/2025:17:28:12 +0000] "GET /robots.txt HTTP/1.1" 500 715 "-" "Mozilla/5.0 (compatible; Googlebot/2.1; +http://www.google.com/bot.html)"
66.249.68.4 - - [13/Dec/2025:17:28:12 +0000] "GET /transparencia_files/Articulo_8/Fraccion_V/f/06%20REMUNERACION%20DEL%2001%20AL%2015%20DE%20JUNIO%202024.pdf HTTP/1.1" 304 - "-" "Mozilla/5.0 (Linux; Android 6.0.1; Nexus 5X Build/MMB29P) AppleWebKit/537.36 (KHTML, like Gecko) Chrome/141.0.7390.122 Mobile Safari/537.36 (compatible; Googlebot/2.1; +http://www.google.com/bot.html)"
52.167.144.167 - - [13/Dec/2025:17:28:30 +0000] "GET /576143482.shtml HTTP/2.0" 500 715 "-" "Mozilla/5.0 AppleWebKit/537.36 (KHTML, like Gecko; compatible; bingbot/2.0; +http://www.bing.com/bingbot.htm) Chrome/116.0.1938.76 Safari/537.36"
66.249.68.4 - - [13/Dec/2025:17:28:33 +0000] "GET /transparencia_files/Articulo_8/Fraccion_V/e/Oficio%20de%20No%20convocatoria%20a%20puestos%20publicos%20y%20Vacantes%202019.pdf HTTP/1.1" 304 - "-" "Mozilla/5.0 (Linux; Android 6.0.1; Nexus 5X Build/MMB29P) AppleWebKit/537.36 (KHTML, like Gecko) Chrome/141.0.7390.122 Mobile Safari/537.36 (compatible; Googlebot/2.1; +http://www.google.com/bot.html)"
52.167.144.215 - - [13/Dec/2025:17:28:39 +0000] "GET /6883032.html HTTP/2.0" 500 715 "-" "Mozilla/5.0 AppleWebKit/537.36 (KHTML, like Gecko; compatible; bingbot/2.0; +http://www.bing.com/bingbot.htm) Chrome/116.0.1938.76 Safari/537.36"
77.48.28.204 - - [13/Dec/2025:17:28:40 +0000] "POST /xmlrpc.php HTTP/1.1" 500 715 "https://www.google.com/" "Mozilla/5.0 (X11; Ubuntu; Linux x86_64; rv:62.0) Gecko/20100101 Firefox/62.0"
92.246.84.133 - - [13/Dec/2025:17:28:40 +0000] "POST /xmlrpc.php HTTP/1.1" 500 715 "https://www.google.com/" "Mozilla/5.0 (X11; Ubuntu; Linux x86_64; rv:62.0) Gecko/20100101 Firefox/62.0"
66.249.68.4 - - [13/Dec/2025:17:29:18 +0000] "GET /robots.txt HTTP/1.1" 500 715 "-" "Mozilla/5.0 (compatible; Googlebot/2.1; +http://www.google.com/bot.html)"
66.249.68.3 - - [13/Dec/2025:17:29:18 +0000] "GET /transparencia_files/Articulo_8/Fraccion_VI/h/MES%20DE%20FEBRERO%202025.pdf HTTP/1.1" 304 - "-" "Mozilla/5.0 (Linux; Android 6.0.1; Nexus 5X Build/MMB29P) AppleWebKit/537.36 (KHTML, like Gecko) Chrome/141.0.7390.122 Mobile Safari/537.36 (compatible; Googlebot/2.1; +http://www.google.com/bot.html)"
66.249.68.4 - - [13/Dec/2025:17:29:21 +0000] "GET /transparencia_files/Articulo_8/Fraccion_VI/n/Oficialia/2021/INFORME%20ESTADISTICO%20VIAJES%20NOVIEMBRE%20%202021.docx HTTP/1.1" 304 - "-" "Mozilla/5.0 (Linux; Android 6.0.1; Nexus 5X Build/MMB29P) AppleWebKit/537.36 (KHTML, like Gecko) Chrome/141.0.7390.122 Mobile Safari/537.36 (compatible; Googlebot/2.1; +http://www.google.com/bot.html)"
66.249.68.69 - - [13/Dec/2025:17:29:22 +0000] "GET /robots.txt HTTP/1.1" 500 715 "-" "Mozilla/5.0 (compatible; Googlebot/2.1; +http://www.google.com/bot.html)"
66.249.68.67 - - [13/Dec/2025:17:29:22 +0000] "GET /transparencia_files/Articulo_15/Fraccion_X/Admon%202021-2024/NOVIEMBRE%202023%20MUNICIPAL%20CUAUTLA%20JALISCO.pdf HTTP/1.1" 304 - "-" "Mozilla/5.0 (Linux; Android 6.0.1; Nexus 5X Build/MMB29P) AppleWebKit/537.36 (KHTML, like Gecko) Chrome/141.0.7390.122 Mobile Safari/537.36 (compatible; Googlebot/2.1; +http://www.google.com/bot.html)"
66.249.68.4 - - [13/Dec/2025:17:29:29 +0000] "GET /transparencia_files/Articulo_8/Fraccion_III/b/Desarrollo%20Social%202019.xlsx HTTP/1.1" 304 - "-" "Mozilla/5.0 (Linux; Android 6.0.1; Nexus 5X Build/MMB29P) AppleWebKit/537.36 (KHTML, like Gecko) Chrome/141.0.7390.122 Mobile Safari/537.36 (compatible; Googlebot/2.1; +http://www.google.com/bot.html)"
66.249.68.3 - - [13/Dec/2025:17:29:30 +0000] "GET /transparencia_files/Articulo_8/Fraccion_V/nn/Proveedores/CATALOGO%20DE%20PROVEEDORES%202022.pdf HTTP/1.1" 304 - "-" "Mozilla/5.0 (Linux; Android 6.0.1; Nexus 5X Build/MMB29P) AppleWebKit/537.36 (KHTML, like Gecko) Chrome/141.0.7390.122 Mobile Safari/537.36 (compatible; Googlebot/2.1; +http://www.google.com/bot.html)"
66.249.68.3 - - [13/Dec/2025:17:29:34 +0000] "GET /transparencia_files/Articulo_8/Fraccion_VI/j/Transparencia%202021-2024/Sesiones%20Ordinarias/5%20SESION%20ORDINARIA%20DEL%20COMITE%20DE%20TRANSPARENCIA%202021%20-%202024.pdf HTTP/1.1" 304 - "-" "Mozilla/5.0 (Linux; Android 6.0.1; Nexus 5X Build/MMB29P) AppleWebKit/537.36 (KHTML, like Gecko) Chrome/141.0.7390.122 Mobile Safari/537.36 (compatible; Googlebot/2.1; +http://www.google.com/bot.html)"
66.249.68.3 - - [13/Dec/2025:17:29:34 +0000] "GET /transparencia_files/Articulo_8/Fraccion_V/d/Convocatorias%202023/CERTIFICACION%20DE%20CONVOCATORIAS%20NOVIEMBRE%202023.pdf HTTP/1.1" 304 - "-" "Mozilla/5.0 (Linux; Android 6.0.1; Nexus 5X Build/MMB29P) AppleWebKit/537.36 (KHTML, like Gecko) Chrome/141.0.7390.122 Mobile Safari/537.36 (compatible; Googlebot/2.1; +http://www.google.com/bot.html)"
66.249.68.3 - - [13/Dec/2025:17:29:41 +0000] "GET /transparencia_files/Articulo_8/Fraccion_XIV/Primer%20Trimestre%202023/Inventarios/Inventario%20de%20los%20bienes%20inmuebles%2031%20de%20marzo%202023.pdf HTTP/1.1" 304 - "-" "Mozilla/5.0 (Linux; Android 6.0.1; Nexus 5X Build/MMB29P) AppleWebKit/537.36 (KHTML, like Gecko) Chrome/141.0.7390.122 Mobile Safari/537.36 (compatible; Googlebot/2.1; +http://www.google.com/bot.html)"
66.249.68.3 - - [13/Dec/2025:17:29:44 +0000] "GET /transparencia_files/Articulo_8/Fraccion_V/r/Inventario%20bienes%20muebles%20al%2031%20de%20diciembre%202019.pdf HTTP/1.1" 304 - "-" "Mozilla/5.0 (Linux; Android 6.0.1; Nexus 5X Build/MMB29P) AppleWebKit/537.36 (KHTML, like Gecko) Chrome/141.0.7390.122 Mobile Safari/537.36 (compatible; Googlebot/2.1; +http://www.google.com/bot.html)"
66.249.68.3 - - [13/Dec/2025:17:29:44 +0000] "GET /transparencia_files/Articulo_8/Fraccion_II/d/ReglamentosMunicipales2027/REGLAMENTO%20INTERNO%20DE%20LA%20OFICIALIA%20MAYOR.pdf HTTP/1.1" 304 - "-" "Mozilla/5.0 (Linux; Android 6.0.1; Nexus 5X Build/MMB29P) AppleWebKit/537.36 (KHTML, like Gecko) Chrome/141.0.7390.122 Mobile Safari/537.36 (compatible; Googlebot/2.1; +http://www.google.com/bot.html)"
204.76.203.8 - - [13/Dec/2025:17:30:05 +0000] "PROPFIND / HTTP/1.1" 500 - "http://198.38.90.22:443/" "-"
66.249.68.3 - - [13/Dec/2025:17:30:05 +0000] "GET /transparencia_files/Articulo_8/Fraccion_V/f/04%20REMUNERACION%20DEL%2016%20AL%2030%20ABRIL%20%202025.pdf HTTP/1.1" 304 - "-" "Mozilla/5.0 (Linux; Android 6.0.1; Nexus 5X Build/MMB29P) AppleWebKit/537.36 (KHTML, like Gecko) Chrome/141.0.7390.122 Mobile Safari/537.36 (compatible; Googlebot/2.1; +http://www.google.com/bot.html)"
66.249.68.68 - - [13/Dec/2025:17:30:14 +0000] "GET /transparencia_files/Articulo_8/Fraccion_XIV/Primer%20Trimestre%202023/Ejercicio%20Presupuestario/Informacion%20trimestral%20del%20ejercicio%20y%20destino%20de%20gasto%20federalizado%20y%20reitegros.pdf HTTP/1.1" 304 - "-" "Mozilla/5.0 (Linux; Android 6.0.1; Nexus 5X Build/MMB29P) AppleWebKit/537.36 (KHTML, like Gecko) Chrome/141.0.7390.122 Mobile Safari/537.36 (compatible; Googlebot/2.1; +http://www.google.com/bot.html)"
40.77.167.2 - - [13/Dec/2025:17:30:29 +0000] "GET /48346348.html HTTP/2.0" 500 715 "-" "Mozilla/5.0 AppleWebKit/537.36 (KHTML, like Gecko; compatible; bingbot/2.0; +http://www.bing.com/bingbot.htm) Chrome/116.0.1938.76 Safari/537.36"
66.249.68.4 - - [13/Dec/2025:17:30:35 +0000] "GET /robots.txt HTTP/1.1" 500 715 "-" "Mozilla/5.0 (compatible; Googlebot/2.1; +http://www.google.com/bot.html)"
66.249.68.4 - - [13/Dec/2025:17:30:35 +0000] "GET /transparencia_files/Articulo_8/Fraccion_VI/l/1ER%20INFORME%20DE%20GOBIERNO-ADMON-24-27.pdf HTTP/1.1" 304 - "-" "Mozilla/5.0 (Linux; Android 6.0.1; Nexus 5X Build/MMB29P) AppleWebKit/537.36 (KHTML, like Gecko) Chrome/141.0.7390.122 Mobile Safari/537.36 (compatible; Googlebot/2.1; +http://www.google.com/bot.html)"
77.239.166.117 - - [13/Dec/2025:17:30:43 +0000] "GET /agenda/2023-05-08 HTTP/1.1" 500 715 "https://cuautlajalisco.gob.mx/" "Mozilla/5.0 (Macintosh; Intel Mac OS X 10_15_7) AppleWebKit/605.1.15 (KHTML, like Gecko) Version/18.3.1 Safari/605.1.15"
66.249.68.67 - - [13/Dec/2025:17:30:44 +0000] "GET /menu.html HTTP/1.1" 304 - "-" "Mozilla/5.0 (Linux; Android 6.0.1; Nexus 5X Build/MMB29P) AppleWebKit/537.36 (KHTML, like Gecko) Chrome/141.0.7390.122 Mobile Safari/537.36 (compatible; Googlebot/2.1; +http://www.google.com/bot.html)"
66.249.68.3 - - [13/Dec/2025:17:30:51 +0000] "GET /transparencia_files/Articulo_8/Fraccion_VI/g/Sindicatura/2022/PERMISOS%20DE%20EVENTOS%20SINDICATURA%20NOVIEMBRE%202022.pdf HTTP/1.1" 304 - "-" "Mozilla/5.0 (Linux; Android 6.0.1; Nexus 5X Build/MMB29P) AppleWebKit/537.36 (KHTML, like Gecko) Chrome/141.0.7390.122 Mobile Safari/537.36 (compatible; Googlebot/2.1; +http://www.google.com/bot.html)"
66.249.68.4 - - [13/Dec/2025:17:31:18 +0000] "GET /transparencia_files/Articulo_8/Fraccion_VI/j/CMDRS/ACTA%20DE%20CMDRS%20MARZO%202022.docx HTTP/1.1" 304 - "-" "Mozilla/5.0 (Linux; Android 6.0.1; Nexus 5X Build/MMB29P) AppleWebKit/537.36 (KHTML, like Gecko) Chrome/141.0.7390.122 Mobile Safari/537.36 (compatible; Googlebot/2.1; +http://www.google.com/bot.html)"
66.249.68.3 - - [13/Dec/2025:17:31:30 +0000] "GET /transparencia_files/Articulo_8/Fraccion_V/j/Gastos%20De%20Comunicacion%20Social%20Julio%202021.pdf HTTP/1.1" 304 - "-" "Mozilla/5.0 (Linux; Android 6.0.1; Nexus 5X Build/MMB29P) AppleWebKit/537.36 (KHTML, like Gecko) Chrome/141.0.7390.122 Mobile Safari/537.36 (compatible; Googlebot/2.1; +http://www.google.com/bot.html)"
179.105.128.72 - - [13/Dec/2025:17:31:45 +0000] "GET /agenda/categoria/transparencia/dia/2023-11-12 HTTP/1.1" 500 715 "https://cuautlajalisco.gob.mx/" "Mozilla/5.0 (Windows NT 10.0; Win64; x64) AppleWebKit/537.36 (KHTML, like Gecko) Chrome/135.0.0.0 Safari/537.36 Edg/135.0.0.0"
66.249.68.3 - - [13/Dec/2025:17:31:57 +0000] "GET /transparencia_files/Articulo_8/Fraccion_V/n/Observaciones%20Auditoria%20Obra%20Publica%20y%20Financiera%20febrero%202020.pdf HTTP/1.1" 304 - "-" "Mozilla/5.0 (Linux; Android 6.0.1; Nexus 5X Build/MMB29P) AppleWebKit/537.36 (KHTML, like Gecko) Chrome/141.0.7390.122 Mobile Safari/537.36 (compatible; Googlebot/2.1; +http://www.google.com/bot.html)"
66.249.68.4 - - [13/Dec/2025:17:31:57 +0000] "GET /robots.txt HTTP/1.1" 500 715 "-" "Mozilla/5.0 (compatible; Googlebot/2.1; +http://www.google.com/bot.html)"
66.249.68.4 - - [13/Dec/2025:17:32:07 +0000] "GET /transparencia_files/Articulo_8/Fraccion_VI/j/CMDRS/ACTA%20DE%20CMDRS%20JULIO%202024.docx HTTP/1.1" 304 - "-" "Mozilla/5.0 (Linux; Android 6.0.1; Nexus 5X Build/MMB29P) AppleWebKit/537.36 (KHTML, like Gecko) Chrome/141.0.7390.122 Mobile Safari/537.36 (compatible; Googlebot/2.1; +http://www.google.com/bot.html)"
66.249.68.69 - - [13/Dec/2025:17:32:11 +0000] "GET /transparencia_files/Nombramientos/Nombramientos%202024-2027/NOMBRAMIENTO%20TITULAR%20DE%20TRANSPARENCIA%20%281%29.pdf HTTP/1.1" 304 - "-" "Mozilla/5.0 (Linux; Android 6.0.1; Nexus 5X Build/MMB29P) AppleWebKit/537.36 (KHTML, like Gecko) Chrome/141.0.7390.122 Mobile Safari/537.36 (compatible; Googlebot/2.1; +http://www.google.com/bot.html)"
152.58.10.66 - - [13/Dec/2025:17:32:31 +0000] "GET /transparencia_files/Articulo_15/Fraccion_XIX/.htaccess HTTP/1.1" 500 - "https://www.cuautlajalisco.gob.mx/" "Mozilla/5.0 (Windows NT 10.0; Win64; x64) AppleWebKit/537.36 (KHTML, like Gecko) Chrome/134.0.0.0 Safari/537.36"
37.239.54.14 - - [13/Dec/2025:17:32:45 +0000] "GET /agenda/categoria/transparencia/dia/2024-09-17 HTTP/1.1" 500 715 "https://cuautlajalisco.gob.mx/" "Mozilla/5.0 (Windows NT 10.0; Win64; x64) AppleWebKit/537.36 (KHTML, like Gecko) Chrome/135.0.0.0 Safari/537.36 Edg/135.0.0.0"
59.103.121.62 - - [13/Dec/2025:17:32:47 +0000] "GET /agenda/categoria/transparencia/dia/2024-10-07 HTTP/1.1" 500 715 "https://cuautlajalisco.gob.mx/" "Mozilla/5.0 (Windows NT 10.0; Win64; x64) AppleWebKit/537.36 (KHTML, like Gecko) Chrome/135.0.0.0 Safari/537.36"
104.28.214.168 - - [13/Dec/2025:17:33:08 +0000] "GET /transparencia_files/Articulo_8/Fraccion_II/b/.htaccess HTTP/1.1" 500 - "https://www.cuautlajalisco.gob.mx/" "Mozilla/5.0 (Macintosh; Intel Mac OS X 10_15_7) AppleWebKit/537.36 (KHTML, like Gecko) Chrome/135.0.0.0 Safari/537.36"
66.249.68.3 - - [13/Dec/2025:17:33:12 +0000] "GET /robots.txt HTTP/1.1" 500 715 "-" "Mozilla/5.0 (compatible; Googlebot/2.1; +http://www.google.com/bot.html)"
66.249.68.5 - - [13/Dec/2025:17:33:12 +0000] "GET /transparencia_files/Articulo_8/Fraccion_II/d/ReglamentosMunicipales2027/REGLAMENTO%20LEY%20DE%20ACCESO%20A%20UNA%20VIDA%20LIBRE%20DE%20VIOLENCIA.pdf HTTP/1.1" 304 - "-" "Mozilla/5.0 (Linux; Android 6.0.1; Nexus 5X Build/MMB29P) AppleWebKit/537.36 (KHTML, like Gecko) Chrome/141.0.7390.122 Mobile Safari/537.36 (compatible; Googlebot/2.1; +http://www.google.com/bot.html)"
66.249.68.3 - - [13/Dec/2025:17:33:38 +0000] "GET /transparencia_files/Articulo_8/Fraccion_II/d/ReglamentosMunicipales2027/REGLAMENTO%20ECOLOGIA%202024-2027.pdf HTTP/1.1" 304 - "-" "Mozilla/5.0 (Linux; Android 6.0.1; Nexus 5X Build/MMB29P) AppleWebKit/537.36 (KHTML, like Gecko) Chrome/141.0.7390.122 Mobile Safari/537.36 (compatible; Googlebot/2.1; +http://www.google.com/bot.html)"
66.249.68.3 - - [13/Dec/2025:17:34:03 +0000] "GET /transparencia_files/Articulo_15/Fraccion_V/PMDG%20CUAUTLA%202018-2021.docx HTTP/1.1" 304 - "-" "Mozilla/5.0 (Linux; Android 6.0.1; Nexus 5X Build/MMB29P) AppleWebKit/537.36 (KHTML, like Gecko) Chrome/141.0.7390.122 Mobile Safari/537.36 (compatible; Googlebot/2.1; +http://www.google.com/bot.html)"
159.223.180.29 - - [13/Dec/2025:17:34:45 +0000] "GET /transparencia_files/Articulo_8/Fraccion_I/g/Convocatorias/CONVOCATORIA%20PRIMERA%20SESION%20COMITE%20DE%20TRANSPARENCIA.pdf HTTP/1.1" 200 724643 "-" "Mozilla/5.0 (Macintosh; Intel Mac OS X 10_15_7) AppleWebKit/537.36 (KHTML, like Gecko) Chrome/135.0.0.0 Safari/537.36"
66.249.68.5 - - [13/Dec/2025:17:35:03 +0000] "GET /transparencia_files/Articulo_15/Fraccion_IX/Sesiones%20de%20Cabildo%20Administracion%202018-2021/ACTA%20NUMERO%201%20SOLEMNE.pdf HTTP/1.1" 304 - "-" "Mozilla/5.0 (Linux; Android 6.0.1; Nexus 5X Build/MMB29P) AppleWebKit/537.36 (KHTML, like Gecko) Chrome/141.0.7390.122 Mobile Safari/537.36 (compatible; Googlebot/2.1; +http://www.google.com/bot.html)"
66.249.68.5 - - [13/Dec/2025:17:35:03 +0000] "GET /robots.txt HTTP/1.1" 500 715 "-" "Mozilla/5.0 (compatible; Googlebot/2.1; +http://www.google.com/bot.html)"
66.249.68.69 - - [13/Dec/2025:17:35:17 +0000] "GET /robots.txt HTTP/1.1" 500 715 "-" "Mozilla/5.0 (compatible; Googlebot/2.1; +http://www.google.com/bot.html)"
66.249.68.68 - - [13/Dec/2025:17:35:17 +0000] "GET /transparencia_files/Nombramientos/Nombramientos%202024-2027/NOMBRAMIENTO%20CHOFER%20RAMON%20LOPEZ.pdf HTTP/1.1" 304 - "-" "Mozilla/5.0 (Linux; Android 6.0.1; Nexus 5X Build/MMB29P) AppleWebKit/537.36 (KHTML, like Gecko) Chrome/141.0.7390.122 Mobile Safari/537.36 (compatible; Googlebot/2.1; +http://www.google.com/bot.html)"
66.249.68.4 - - [13/Dec/2025:17:35:32 +0000] "GET /transparencia_files/Articulo_8/Fraccion_V/e/org2015o.pdf HTTP/1.1" 304 - "-" "Mozilla/5.0 (Linux; Android 6.0.1; Nexus 5X Build/MMB29P) AppleWebKit/537.36 (KHTML, like Gecko) Chrome/141.0.7390.122 Mobile Safari/537.36 (compatible; Googlebot/2.1; +http://www.google.com/bot.html)"
66.249.68.3 - - [13/Dec/2025:17:35:42 +0000] "GET /transparencia_files/Articulo_8/Fraccion_V/s/VIATICOS%2001%20DE%20ABRIL%20AL%2030%20DE%20JUNIO%202023.pdf HTTP/1.1" 304 - "-" "Mozilla/5.0 (Linux; Android 6.0.1; Nexus 5X Build/MMB29P) AppleWebKit/537.36 (KHTML, like Gecko) Chrome/141.0.7390.122 Mobile Safari/537.36 (compatible; Googlebot/2.1; +http://www.google.com/bot.html)"
66.249.68.5 - - [13/Dec/2025:17:36:00 +0000] "GET /transparencia_files/Articulo_8/Fraccion_VI/n/Registro%20Civil/2022/VOLANTE%20DE%20CONTROL%20DE%20REGISTRO%20CIVIL%20MAYO%202022.pdf HTTP/1.1" 304 - "-" "Mozilla/5.0 (Linux; Android 6.0.1; Nexus 5X Build/MMB29P) AppleWebKit/537.36 (KHTML, like Gecko) Chrome/141.0.7390.122 Mobile Safari/537.36 (compatible; Googlebot/2.1; +http://www.google.com/bot.html)"
51.79.137.237 - - [13/Dec/2025:17:36:11 +0000] "GET / HTTP/1.1" 200 37875 "-" "Mozilla/5.0 (Windows NT 10.0; Win64; x64) AppleWebKit/537.36 (KHTML, like Gecko) Chrome/79.0 Safari/537.36"
51.79.137.237 - - [13/Dec/2025:17:36:12 +0000] "GET //wp-includes/wlwmanifest.xml HTTP/1.1" 200 37875 "-" "Mozilla/5.0 (Windows NT 10.0; Win64; x64) AppleWebKit/537.36 (KHTML, like Gecko) Chrome/79.0 Safari/537.36"
51.79.137.237 - - [13/Dec/2025:17:36:12 +0000] "GET //xmlrpc.php?rsd HTTP/1.1" 200 37875 "-" "Mozilla/5.0 (Windows NT 10.0; Win64; x64) AppleWebKit/537.36 (KHTML, like Gecko) Chrome/79.0 Safari/537.36"
51.79.137.237 - - [13/Dec/2025:17:36:12 +0000] "GET / HTTP/1.1" 200 37875 "-" "Mozilla/5.0 (Windows NT 10.0; Win64; x64) AppleWebKit/537.36 (KHTML, like Gecko) Chrome/79.0 Safari/537.36"
51.79.137.237 - - [13/Dec/2025:17:36:12 +0000] "GET //blog/wp-includes/wlwmanifest.xml HTTP/1.1" 200 37875 "-" "Mozilla/5.0 (Windows NT 10.0; Win64; x64) AppleWebKit/537.36 (KHTML, like Gecko) Chrome/79.0 Safari/537.36"
51.79.137.237 - - [13/Dec/2025:17:36:13 +0000] "GET //web/wp-includes/wlwmanifest.xml HTTP/1.1" 200 37875 "-" "Mozilla/5.0 (Windows NT 10.0; Win64; x64) AppleWebKit/537.36 (KHTML, like Gecko) Chrome/79.0 Safari/537.36"
51.79.137.237 - - [13/Dec/2025:17:36:13 +0000] "GET //wordpress/wp-includes/wlwmanifest.xml HTTP/1.1" 200 37875 "-" "Mozilla/5.0 (Windows NT 10.0; Win64; x64) AppleWebKit/537.36 (KHTML, like Gecko) Chrome/79.0 Safari/537.36"
51.79.137.237 - - [13/Dec/2025:17:36:13 +0000] "GET //website/wp-includes/wlwmanifest.xml HTTP/1.1" 200 37875 "-" "Mozilla/5.0 (Windows NT 10.0; Win64; x64) AppleWebKit/537.36 (KHTML, like Gecko) Chrome/79.0 Safari/537.36"
51.79.137.237 - - [13/Dec/2025:17:36:13 +0000] "GET //wp/wp-includes/wlwmanifest.xml HTTP/1.1" 200 37875 "-" "Mozilla/5.0 (Windows NT 10.0; Win64; x64) AppleWebKit/537.36 (KHTML, like Gecko) Chrome/79.0 Safari/537.36"
51.79.137.237 - - [13/Dec/2025:17:36:14 +0000] "GET //news/wp-includes/wlwmanifest.xml HTTP/1.1" 200 37875 "-" "Mozilla/5.0 (Windows NT 10.0; Win64; x64) AppleWebKit/537.36 (KHTML, like Gecko) Chrome/79.0 Safari/537.36"
51.79.137.237 - - [13/Dec/2025:17:36:14 +0000] "GET //wp1/wp-includes/wlwmanifest.xml HTTP/1.1" 200 37875 "-" "Mozilla/5.0 (Windows NT 10.0; Win64; x64) AppleWebKit/537.36 (KHTML, like Gecko) Chrome/79.0 Safari/537.36"
51.79.137.237 - - [13/Dec/2025:17:36:14 +0000] "GET //test/wp-includes/wlwmanifest.xml HTTP/1.1" 200 37875 "-" "Mozilla/5.0 (Windows NT 10.0; Win64; x64) AppleWebKit/537.36 (KHTML, like Gecko) Chrome/79.0 Safari/537.36"
51.79.137.237 - - [13/Dec/2025:17:36:14 +0000] "GET //wp2/wp-includes/wlwmanifest.xml HTTP/1.1" 200 37875 "-" "Mozilla/5.0 (Windows NT 10.0; Win64; x64) AppleWebKit/537.36 (KHTML, like Gecko) Chrome/79.0 Safari/537.36"
51.79.137.237 - - [13/Dec/2025:17:36:15 +0000] "GET //site/wp-includes/wlwmanifest.xml HTTP/1.1" 200 37875 "-" "Mozilla/5.0 (Windows NT 10.0; Win64; x64) AppleWebKit/537.36 (KHTML, like Gecko) Chrome/79.0 Safari/537.36"
40.77.167.235 - - [13/Dec/2025:17:36:15 +0000] "GET /40968180.html HTTP/2.0" 500 715 "-" "Mozilla/5.0 AppleWebKit/537.36 (KHTML, like Gecko; compatible; bingbot/2.0; +http://www.bing.com/bingbot.htm) Chrome/116.0.1938.76 Safari/537.36"
51.79.137.237 - - [13/Dec/2025:17:36:15 +0000] "GET //cms/wp-includes/wlwmanifest.xml HTTP/1.1" 200 37875 "-" "Mozilla/5.0 (Windows NT 10.0; Win64; x64) AppleWebKit/537.36 (KHTML, like Gecko) Chrome/79.0 Safari/537.36"
51.79.137.237 - - [13/Dec/2025:17:36:15 +0000] "GET //sito/wp-includes/wlwmanifest.xml HTTP/1.1" 200 37875 "-" "Mozilla/5.0 (Windows NT 10.0; Win64; x64) AppleWebKit/537.36 (KHTML, like Gecko) Chrome/79.0 Safari/537.36"
66.249.68.3 - - [13/Dec/2025:17:36:39 +0000] "GET /transparencia_files/Articulo_8/Fraccion_VI/g/Sindicatura/2022/PERMISOS%20DE%20EVENTOS%20SINDICATURA%20ABRIL%202022.pdf HTTP/1.1" 304 - "-" "Mozilla/5.0 (Linux; Android 6.0.1; Nexus 5X Build/MMB29P) AppleWebKit/537.36 (KHTML, like Gecko) Chrome/141.0.7390.122 Mobile Safari/537.36 (compatible; Googlebot/2.1; +http://www.google.com/bot.html)"
66.249.68.3 - - [13/Dec/2025:17:36:43 +0000] "GET /transparencia_files/Articulo_8/Fraccion_I/%C3%B1/Estadisticas%20Sires%20Mayo%202023.pdf HTTP/1.1" 500 715 "-" "Googlebot/2.1 (+http://www.google.com/bot.html)"
207.46.13.51 - - [13/Dec/2025:17:36:52 +0000] "GET /5502188.html HTTP/2.0" 500 715 "-" "Mozilla/5.0 AppleWebKit/537.36 (KHTML, like Gecko; compatible; bingbot/2.0; +http://www.bing.com/bingbot.htm) Chrome/116.0.1938.76 Safari/537.36"
66.249.68.3 - - [13/Dec/2025:17:37:19 +0000] "GET /transparencia_files/Articulo_8/Fraccion_VI/j/COMUR%202024-2027/ACTA%20DE%20INSTALACION%20DE%20LA%20COMUR-24-27.pdf HTTP/1.1" 304 - "-" "Mozilla/5.0 (Linux; Android 6.0.1; Nexus 5X Build/MMB29P) AppleWebKit/537.36 (KHTML, like Gecko) Chrome/141.0.7390.122 Mobile Safari/537.36 (compatible; Googlebot/2.1; +http://www.google.com/bot.html)"
66.249.68.3 - - [13/Dec/2025:17:37:41 +0000] "GET /transparencia_files/EdictosJuzgado/EDICTO%2037.2024-F%2CEXPEDIENTE%2023.2015%20Y%20acumulado%20427.2026%20ESTHER%2C%20MARIA%20RAQUEL%2C%20MARIA%20DE%20LOURDES%2CMA.ASUNCION%2C%20AGUSTIN%2C%20ROGELIA%2C%20RODRIGO%2C%20LUZ%20ELENA%20Y%20PEDRO%2C%20todos%20de%20apellidos%20RANGEL%20VARGAS%20a%20bienes%20de%20MATILDE%20VARGAS%20RAMOS.pdf HTTP/1.1" 304 - "-" "Mozilla/5.0 (Linux; Android 6.0.1; Nexus 5X Build/MMB29P) AppleWebKit/537.36 (KHTML, like Gecko) Chrome/141.0.7390.122 Mobile Safari/537.36 (compatible; Googlebot/2.1; +http://www.google.com/bot.html)"
66.249.68.3 - - [13/Dec/2025:17:37:45 +0000] "GET /transparencia_files/Articulo_8/Fraccion_XIV/Primer%20Trimestre%202023/Ejercicio%20Presupuestario/programas%20con%20recursos%20federales%20por%20orden%20de%20gobieno.pdf HTTP/1.1" 304 - "-" "Mozilla/5.0 (Linux; Android 6.0.1; Nexus 5X Build/MMB29P) AppleWebKit/537.36 (KHTML, like Gecko) Chrome/141.0.7390.122 Mobile Safari/537.36 (compatible; Googlebot/2.1; +http://www.google.com/bot.html)"
66.249.68.3 - - [13/Dec/2025:17:38:04 +0000] "GET /transparencia_files/Articulo_8/Fraccion_V/x/2019/TALLERES%208573%20NOVIEMBRE%202020.pdf HTTP/1.1" 304 - "-" "Mozilla/5.0 (Linux; Android 6.0.1; Nexus 5X Build/MMB29P) AppleWebKit/537.36 (KHTML, like Gecko) Chrome/141.0.7390.122 Mobile Safari/537.36 (compatible; Googlebot/2.1; +http://www.google.com/bot.html)"
66.249.68.5 - - [13/Dec/2025:17:38:04 +0000] "GET /robots.txt HTTP/1.1" 500 715 "-" "Mozilla/5.0 (compatible; Googlebot/2.1; +http://www.google.com/bot.html)"
66.249.68.3 - - [13/Dec/2025:17:38:14 +0000] "GET /transparencia_files/Articulo_8/Fraccion_V/g/Nominas/Primera%20de%20Agosto%202017.pdf HTTP/1.1" 304 - "-" "Mozilla/5.0 (Linux; Android 6.0.1; Nexus 5X Build/MMB29P) AppleWebKit/537.36 (KHTML, like Gecko) Chrome/141.0.7390.122 Mobile Safari/537.36 (compatible; Googlebot/2.1; +http://www.google.com/bot.html)"
51.79.137.237 - - [13/Dec/2025:17:38:39 +0000] "GET / HTTP/1.1" 200 2469 "-" "Mozilla/5.0 (Windows NT 10.0; Win64; x64) AppleWebKit/537.36 (KHTML, like Gecko) Chrome/79.0 Safari/537.36"
66.249.68.4 - - [13/Dec/2025:17:38:39 +0000] "GET /transparencia_files/Articulo_8/Fraccion_V/p/concursos%20datos%20personales/zapata.pdf HTTP/1.1" 304 - "-" "Mozilla/5.0 (Linux; Android 6.0.1; Nexus 5X Build/MMB29P) AppleWebKit/537.36 (KHTML, like Gecko) Chrome/141.0.7390.122 Mobile Safari/537.36 (compatible; Googlebot/2.1; +http://www.google.com/bot.html)"
51.79.137.237 - - [13/Dec/2025:17:38:39 +0000] "GET //wp-includes/wlwmanifest.xml HTTP/1.1" 500 715 "-" "Mozilla/5.0 (Windows NT 10.0; Win64; x64) AppleWebKit/537.36 (KHTML, like Gecko) Chrome/79.0 Safari/537.36"
51.79.137.237 - - [13/Dec/2025:17:38:40 +0000] "GET //xmlrpc.php?rsd HTTP/1.1" 500 715 "-" "Mozilla/5.0 (Windows NT 10.0; Win64; x64) AppleWebKit/537.36 (KHTML, like Gecko) Chrome/79.0 Safari/537.36"
51.79.137.237 - - [13/Dec/2025:17:38:41 +0000] "GET / HTTP/1.1" 200 2469 "-" "Mozilla/5.0 (Windows NT 10.0; Win64; x64) AppleWebKit/537.36 (KHTML, like Gecko) Chrome/79.0 Safari/537.36"
51.79.137.237 - - [13/Dec/2025:17:38:41 +0000] "GET //blog/wp-includes/wlwmanifest.xml HTTP/1.1" 500 715 "-" "Mozilla/5.0 (Windows NT 10.0; Win64; x64) AppleWebKit/537.36 (KHTML, like Gecko) Chrome/79.0 Safari/537.36"
51.79.137.237 - - [13/Dec/2025:17:38:42 +0000] "GET //web/wp-includes/wlwmanifest.xml HTTP/1.1" 500 715 "-" "Mozilla/5.0 (Windows NT 10.0; Win64; x64) AppleWebKit/537.36 (KHTML, like Gecko) Chrome/79.0 Safari/537.36"
51.79.137.237 - - [13/Dec/2025:17:38:43 +0000] "GET //wordpress/wp-includes/wlwmanifest.xml HTTP/1.1" 500 715 "-" "Mozilla/5.0 (Windows NT 10.0; Win64; x64) AppleWebKit/537.36 (KHTML, like Gecko) Chrome/79.0 Safari/537.36"
51.79.137.237 - - [13/Dec/2025:17:38:44 +0000] "GET //website/wp-includes/wlwmanifest.xml HTTP/1.1" 500 715 "-" "Mozilla/5.0 (Windows NT 10.0; Win64; x64) AppleWebKit/537.36 (KHTML, like Gecko) Chrome/79.0 Safari/537.36"
51.79.137.237 - - [13/Dec/2025:17:38:44 +0000] "GET //wp/wp-includes/wlwmanifest.xml HTTP/1.1" 500 715 "-" "Mozilla/5.0 (Windows NT 10.0; Win64; x64) AppleWebKit/537.36 (KHTML, like Gecko) Chrome/79.0 Safari/537.36"
51.79.137.237 - - [13/Dec/2025:17:38:45 +0000] "GET //news/wp-includes/wlwmanifest.xml HTTP/1.1" 500 715 "-" "Mozilla/5.0 (Windows NT 10.0; Win64; x64) AppleWebKit/537.36 (KHTML, like Gecko) Chrome/79.0 Safari/537.36"
51.79.137.237 - - [13/Dec/2025:17:38:46 +0000] "GET //wp1/wp-includes/wlwmanifest.xml HTTP/1.1" 500 715 "-" "Mozilla/5.0 (Windows NT 10.0; Win64; x64) AppleWebKit/537.36 (KHTML, like Gecko) Chrome/79.0 Safari/537.36"
51.79.137.237 - - [13/Dec/2025:17:38:47 +0000] "GET //test/wp-includes/wlwmanifest.xml HTTP/1.1" 500 715 "-" "Mozilla/5.0 (Windows NT 10.0; Win64; x64) AppleWebKit/537.36 (KHTML, like Gecko) Chrome/79.0 Safari/537.36"
51.79.137.237 - - [13/Dec/2025:17:38:48 +0000] "GET //wp2/wp-includes/wlwmanifest.xml HTTP/1.1" 500 715 "-" "Mozilla/5.0 (Windows NT 10.0; Win64; x64) AppleWebKit/537.36 (KHTML, like Gecko) Chrome/79.0 Safari/537.36"
51.79.137.237 - - [13/Dec/2025:17:38:49 +0000] "GET //site/wp-includes/wlwmanifest.xml HTTP/1.1" 500 715 "-" "Mozilla/5.0 (Windows NT 10.0; Win64; x64) AppleWebKit/537.36 (KHTML, like Gecko) Chrome/79.0 Safari/537.36"
51.79.137.237 - - [13/Dec/2025:17:38:50 +0000] "GET //cms/wp-includes/wlwmanifest.xml HTTP/1.1" 500 715 "-" "Mozilla/5.0 (Windows NT 10.0; Win64; x64) AppleWebKit/537.36 (KHTML, like Gecko) Chrome/79.0 Safari/537.36"
51.79.137.237 - - [13/Dec/2025:17:38:51 +0000] "GET //sito/wp-includes/wlwmanifest.xml HTTP/1.1" 500 715 "-" "Mozilla/5.0 (Windows NT 10.0; Win64; x64) AppleWebKit/537.36 (KHTML, like Gecko) Chrome/79.0 Safari/537.36"
40.77.167.55 - - [13/Dec/2025:17:38:54 +0000] "GET /46137960.html HTTP/2.0" 500 715 "-" "Mozilla/5.0 AppleWebKit/537.36 (KHTML, like Gecko; compatible; bingbot/2.0; +http://www.bing.com/bingbot.htm) Chrome/116.0.1938.76 Safari/537.36"
66.249.68.4 - - [13/Dec/2025:17:38:57 +0000] "GET /transparencia_files/Articulo_8/Fraccion_V/p/concursos%20datos%20personales/terceraetapadomo.pdf HTTP/1.1" 304 - "-" "Mozilla/5.0 (Linux; Android 6.0.1; Nexus 5X Build/MMB29P) AppleWebKit/537.36 (KHTML, like Gecko) Chrome/141.0.7390.122 Mobile Safari/537.36 (compatible; Googlebot/2.1; +http://www.google.com/bot.html)"
66.249.68.5 - - [13/Dec/2025:17:39:14 +0000] "GET /transparencia_files/Articulo_8/Fraccion_V/s/viaticosenerojulio2015.pdf HTTP/1.1" 304 - "-" "Mozilla/5.0 (Linux; Android 6.0.1; Nexus 5X Build/MMB29P) AppleWebKit/537.36 (KHTML, like Gecko) Chrome/141.0.7390.122 Mobile Safari/537.36 (compatible; Googlebot/2.1; +http://www.google.com/bot.html)"
66.249.68.4 - - [13/Dec/2025:17:39:14 +0000] "GET /robots.txt HTTP/1.1" 500 715 "-" "Mozilla/5.0 (compatible; Googlebot/2.1; +http://www.google.com/bot.html)"
66.249.68.3 - - [13/Dec/2025:17:39:24 +0000] "GET /transparencia_files/Articulo_8/Fraccion_V/p/concursos%20datos%20personales/calle5demayo.pdf HTTP/1.1" 304 - "-" "Mozilla/5.0 (Linux; Android 6.0.1; Nexus 5X Build/MMB29P) AppleWebKit/537.36 (KHTML, like Gecko) Chrome/141.0.7390.122 Mobile Safari/537.36 (compatible; Googlebot/2.1; +http://www.google.com/bot.html)"
66.249.68.3 - - [13/Dec/2025:17:39:47 +0000] "GET /transparencia_files/Articulo_8/Fraccion_V/p/concursos%20datos%20personales/callelazarocardenas.pdf HTTP/1.1" 304 - "-" "Mozilla/5.0 (Linux; Android 6.0.1; Nexus 5X Build/MMB29P) AppleWebKit/537.36 (KHTML, like Gecko) Chrome/141.0.7390.122 Mobile Safari/537.36 (compatible; Googlebot/2.1; +http://www.google.com/bot.html)"
40.77.167.203 - - [13/Dec/2025:17:39:56 +0000] "GET /robots.txt HTTP/2.0" 500 715 "-" "Mozilla/5.0 AppleWebKit/537.36 (KHTML, like Gecko; compatible; bingbot/2.0; +http://www.bing.com/bingbot.htm) Chrome/116.0.1938.76 Safari/537.36"
40.77.167.28 - - [13/Dec/2025:17:40:04 +0000] "GET /3775580.html HTTP/2.0" 500 715 "-" "Mozilla/5.0 AppleWebKit/537.36 (KHTML, like Gecko; compatible; bingbot/2.0; +http://www.bing.com/bingbot.htm) Chrome/116.0.1938.76 Safari/537.36"
66.249.68.3 - - [13/Dec/2025:17:40:04 +0000] "GET /transparencia_files/Articulo_8/Fraccion_XIV/SEvAC%202019-IV/D.1.17.pdf HTTP/1.1" 304 - "-" "Mozilla/5.0 (Linux; Android 6.0.1; Nexus 5X Build/MMB29P) AppleWebKit/537.36 (KHTML, like Gecko) Chrome/141.0.7390.122 Mobile Safari/537.36 (compatible; Googlebot/2.1; +http://www.google.com/bot.html)"
207.46.13.51 - - [13/Dec/2025:17:40:08 +0000] "GET /16696000.html HTTP/2.0" 500 715 "-" "Mozilla/5.0 AppleWebKit/537.36 (KHTML, like Gecko; compatible; bingbot/2.0; +http://www.bing.com/bingbot.htm) Chrome/116.0.1938.76 Safari/537.36"
165.22.233.155 - - [13/Dec/2025:17:40:18 +0000] "GET /wp-login.php HTTP/1.1" 500 715 "-" "Mozila/5.0"
66.249.68.4 - - [13/Dec/2025:17:40:40 +0000] "GET /robots.txt HTTP/1.1" 500 715 "-" "Mozilla/5.0 (compatible; Googlebot/2.1; +http://www.google.com/bot.html)"
66.249.68.4 - - [13/Dec/2025:17:40:40 +0000] "GET /transparencia_files/Articulo_8/Fraccion_V/x/03%20Estados%20de%20Cuentas%20Marzo%202023.pdf HTTP/1.1" 500 715 "-" "Googlebot/2.1 (+http://www.google.com/bot.html)"
66.249.68.4 - - [13/Dec/2025:17:40:40 +0000] "GET /transparencia_files/Articulo_8/Fraccion_III/d/Fomento%20Agropecuario%202019.xlsx HTTP/1.1" 304 - "-" "Mozilla/5.0 (Linux; Android 6.0.1; Nexus 5X Build/MMB29P) AppleWebKit/537.36 (KHTML, like Gecko) Chrome/141.0.7390.122 Mobile Safari/537.36 (compatible; Googlebot/2.1; +http://www.google.com/bot.html)"
207.46.13.51 - - [13/Dec/2025:17:40:42 +0000] "GET /5240268.html HTTP/2.0" 500 715 "-" "Mozilla/5.0 AppleWebKit/537.36 (KHTML, like Gecko; compatible; bingbot/2.0; +http://www.bing.com/bingbot.htm) Chrome/116.0.1938.76 Safari/537.36"
