66.249.68.4 - - [13/Dec/2025:19:10:01 +0000] "GET /transparencia_files/Articulo_8/Fraccion_VI/j/Actas%20Cabildo/ACTA%20NUMERO%2020%20EXTRAORDINARIA.docx HTTP/1.1" 304 - "-" "Mozilla/5.0 (Linux; Android 6.0.1; Nexus 5X Build/MMB29P) AppleWebKit/537.36 (KHTML, like Gecko) Chrome/141.0.7390.122 Mobile Safari/537.36 (compatible; Googlebot/2.1; +http://www.google.com/bot.html)"
66.249.68.3 - - [13/Dec/2025:19:10:01 +0000] "GET /robots.txt HTTP/1.1" 500 715 "-" "Mozilla/5.0 (compatible; Googlebot/2.1; +http://www.google.com/bot.html)"
27.50.29.178 - - [13/Dec/2025:19:10:25 +0000] "GET /wp-content/flame.php HTTP/1.1" 500 715 "-" "Mozilla/5.0 (Linux; Android 10; K) AppleWebKit/537.36 (KHTML, like Gecko) Chrome/114.0.0.0 Mobile Safari/537.36"
27.50.29.178 - - [13/Dec/2025:19:10:25 +0000] "GET /wp-content.php HTTP/1.1" 500 715 "-" "Mozilla/5.0 (Linux; Android 10; K) AppleWebKit/537.36 (KHTML, like Gecko) Chrome/114.0.0.0 Mobile Safari/537.36"
27.50.29.178 - - [13/Dec/2025:19:10:25 +0000] "GET /wp-content/admin.php HTTP/1.1" 500 715 "-" "Mozilla/5.0 (Linux; Android 10; K) AppleWebKit/537.36 (KHTML, like Gecko) Chrome/114.0.0.0 Mobile Safari/537.36"
27.50.29.178 - - [13/Dec/2025:19:10:25 +0000] "GET /wp-content/about.php HTTP/1.1" 500 715 "-" "Mozilla/5.0 (Linux; Android 10; K) AppleWebKit/537.36 (KHTML, like Gecko) Chrome/114.0.0.0 Mobile Safari/537.36"
27.50.29.178 - - [13/Dec/2025:19:10:25 +0000] "GET /wp-conflg.php HTTP/1.1" 500 715 "-" "Mozilla/5.0 (Linux; Android 10; K) AppleWebKit/537.36 (KHTML, like Gecko) Chrome/114.0.0.0 Mobile Safari/537.36"
66.249.68.3 - - [13/Dec/2025:19:10:35 +0000] "GET /transparencia_files/Articulo_8/Fraccion_V/x/2025/01%20Estados%20de%20Cuentas%20Enero%202025.pdf HTTP/1.1" 304 - "-" "Mozilla/5.0 (Linux; Android 6.0.1; Nexus 5X Build/MMB29P) AppleWebKit/537.36 (KHTML, like Gecko) Chrome/141.0.7390.122 Mobile Safari/537.36 (compatible; Googlebot/2.1; +http://www.google.com/bot.html)"
66.249.68.3 - - [13/Dec/2025:19:10:41 +0000] "GET /transparencia_files/Articulo_8/Fraccion_V/x/2024/01%20Estados%20de%20Cuentas%20Enero%202024.pdf HTTP/1.1" 304 - "-" "Mozilla/5.0 (Linux; Android 6.0.1; Nexus 5X Build/MMB29P) AppleWebKit/537.36 (KHTML, like Gecko) Chrome/141.0.7390.122 Mobile Safari/537.36 (compatible; Googlebot/2.1; +http://www.google.com/bot.html)"
92.253.28.195 - - [13/Dec/2025:19:10:46 +0000] "GET /agenda/2024-09-16 HTTP/1.1" 500 715 "https://cuautlajalisco.gob.mx/" "Mozilla/5.0 (Windows NT 10.0; Win64; x64) AppleWebKit/537.36 (KHTML, like Gecko) Chrome/135.0.0.0 Safari/537.36"
193.31.207.190 - - [13/Dec/2025:19:11:02 +0000] "GET /agenda/categoria/transparencia/dia/2024-04-03 HTTP/1.1" 500 715 "https://cuautlajalisco.gob.mx/" "Mozilla/5.0 (Windows NT 10.0; Win64; x64) AppleWebKit/537.36 (KHTML, like Gecko) Chrome/135.0.0.0 Safari/537.36"
40.77.167.121 - - [13/Dec/2025:19:11:15 +0000] "GET /58814120.html HTTP/2.0" 500 715 "-" "Mozilla/5.0 AppleWebKit/537.36 (KHTML, like Gecko; compatible; bingbot/2.0; +http://www.bing.com/bingbot.htm) Chrome/116.0.1938.76 Safari/537.36"
66.249.68.5 - - [13/Dec/2025:19:11:20 +0000] "GET /robots.txt HTTP/1.1" 500 715 "-" "Mozilla/5.0 (compatible; Googlebot/2.1; +http://www.google.com/bot.html)"
66.249.68.4 - - [13/Dec/2025:19:11:20 +0000] "GET /transparencia_files/Articulo_8/Fraccion_V/x/2024/04%20Estados%20de%20Cuentas%20Abril%202024.pdf HTTP/1.1" 304 - "-" "Mozilla/5.0 (Linux; Android 6.0.1; Nexus 5X Build/MMB29P) AppleWebKit/537.36 (KHTML, like Gecko) Chrome/141.0.7390.122 Mobile Safari/537.36 (compatible; Googlebot/2.1; +http://www.google.com/bot.html)"
47.82.11.4 - - [13/Dec/2025:19:11:35 +0000] "GET /agenda/2024-09-17 HTTP/1.1" 500 715 "https://cuautlajalisco.gob.mx/" "Mozilla/5.0 (Windows NT 10.0; Win64; x64) AppleWebKit/537.36 (KHTML, like Gecko) Chrome/135.0.0.0 Safari/537.36 Edg/135.0.0.0"
66.249.68.5 - - [13/Dec/2025:19:11:51 +0000] "GET /transparencia_files/Articulo_8/Fraccion_V/x/2022-2023/005%20Estados%20de%20Cuentas%20Mayo%202022.pdf HTTP/1.1" 304 - "-" "Mozilla/5.0 (Linux; Android 6.0.1; Nexus 5X Build/MMB29P) AppleWebKit/537.36 (KHTML, like Gecko) Chrome/141.0.7390.122 Mobile Safari/537.36 (compatible; Googlebot/2.1; +http://www.google.com/bot.html)"
40.77.167.9 - - [13/Dec/2025:19:11:55 +0000] "GET /8193940.html HTTP/2.0" 500 715 "-" "Mozilla/5.0 AppleWebKit/537.36 (KHTML, like Gecko; compatible; bingbot/2.0; +http://www.bing.com/bingbot.htm) Chrome/116.0.1938.76 Safari/537.36"
40.77.167.235 - - [13/Dec/2025:19:12:44 +0000] "GET /transparencia_files/Articulo_15/Fraccion_IX/Comisiones/Acta%2012%28Doce%29%20Comision%20Catastro.pdf HTTP/2.0" 500 715 "-" "Mozilla/5.0 AppleWebKit/537.36 (KHTML, like Gecko; compatible; bingbot/2.0; +http://www.bing.com/bingbot.htm) Chrome/116.0.1938.76 Safari/537.36"
66.249.68.5 - - [13/Dec/2025:19:12:48 +0000] "GET /robots.txt HTTP/1.1" 500 715 "-" "Mozilla/5.0 (compatible; Googlebot/2.1; +http://www.google.com/bot.html)"
66.249.68.4 - - [13/Dec/2025:19:12:48 +0000] "GET /transparencia_files/Articulo_15/Fraccion_IX/Sesiones%20de%20Cabildo%20Administracion%202018-2021/ACTA%20XXV%20VIGESIMA%20QUINTA%20ORDINARIA.pdf HTTP/1.1" 304 - "-" "Mozilla/5.0 (Linux; Android 6.0.1; Nexus 5X Build/MMB29P) AppleWebKit/537.36 (KHTML, like Gecko) Chrome/141.0.7390.122 Mobile Safari/537.36 (compatible; Googlebot/2.1; +http://www.google.com/bot.html)"
66.249.68.69 - - [13/Dec/2025:19:13:02 +0000] "GET /transparencia_files/Articulo_8/Fraccion_V/g/2017/01-15demarzo2017.pdf HTTP/1.1" 304 - "-" "Mozilla/5.0 (Linux; Android 6.0.1; Nexus 5X Build/MMB29P) AppleWebKit/537.36 (KHTML, like Gecko) Chrome/141.0.7390.122 Mobile Safari/537.36 (compatible; Googlebot/2.1; +http://www.google.com/bot.html)"
66.249.68.67 - - [13/Dec/2025:19:13:02 +0000] "GET /robots.txt HTTP/1.1" 500 715 "-" "Mozilla/5.0 (compatible; Googlebot/2.1; +http://www.google.com/bot.html)"
204.76.203.8 - - [13/Dec/2025:19:13:14 +0000] "PROPFIND / HTTP/1.1" 500 - "http://198.38.90.22:443/" "-"
66.249.68.68 - - [13/Dec/2025:19:13:17 +0000] "GET /transparencia_files/Articulo_8/Fraccion_V/g/2017/1eranoviembre2017.pdf HTTP/1.1" 304 - "-" "Mozilla/5.0 (Linux; Android 6.0.1; Nexus 5X Build/MMB29P) AppleWebKit/537.36 (KHTML, like Gecko) Chrome/141.0.7390.122 Mobile Safari/537.36 (compatible; Googlebot/2.1; +http://www.google.com/bot.html)"
66.249.68.4 - - [13/Dec/2025:19:13:38 +0000] "GET /transparencia_files/Articulo_8/Fraccion_V/g/2017/1eradediciembre2017.pdf HTTP/1.1" 304 - "-" "Mozilla/5.0 (Linux; Android 6.0.1; Nexus 5X Build/MMB29P) AppleWebKit/537.36 (KHTML, like Gecko) Chrome/141.0.7390.122 Mobile Safari/537.36 (compatible; Googlebot/2.1; +http://www.google.com/bot.html)"
66.249.68.3 - - [13/Dec/2025:19:13:43 +0000] "GET /transparencia_files/Articulo_8/Fraccion_V/x/2022-2023/Estados%20de%20Cuentas%20Noviembre%202021.pdf HTTP/1.1" 304 - "-" "Mozilla/5.0 (Linux; Android 6.0.1; Nexus 5X Build/MMB29P) AppleWebKit/537.36 (KHTML, like Gecko) Chrome/141.0.7390.122 Mobile Safari/537.36 (compatible; Googlebot/2.1; +http://www.google.com/bot.html)"
66.249.68.3 - - [13/Dec/2025:19:14:05 +0000] "GET /transparencia_files/Articulo_8/Fraccion_V/x/2022-2023/01%20Estados%20de%20Cuentas%20Enero%202023.pdf HTTP/1.1" 304 - "-" "Mozilla/5.0 (Linux; Android 6.0.1; Nexus 5X Build/MMB29P) AppleWebKit/537.36 (KHTML, like Gecko) Chrome/141.0.7390.122 Mobile Safari/537.36 (compatible; Googlebot/2.1; +http://www.google.com/bot.html)"
66.249.68.4 - - [13/Dec/2025:19:14:05 +0000] "GET /robots.txt HTTP/1.1" 500 715 "-" "Mozilla/5.0 (compatible; Googlebot/2.1; +http://www.google.com/bot.html)"
27.50.29.178 - - [13/Dec/2025:19:14:40 +0000] "GET /wp-includes/fonts/dev.php HTTP/1.1" 500 715 "-" "Mozilla/5.0 (Linux; Android 10; K) AppleWebKit/537.36 (KHTML, like Gecko) Chrome/114.0.0.0 Mobile Safari/537.36"
27.50.29.178 - - [13/Dec/2025:19:14:40 +0000] "GET /wp-includes/default.php HTTP/1.1" 500 715 "-" "Mozilla/5.0 (Linux; Android 10; K) AppleWebKit/537.36 (KHTML, like Gecko) Chrome/114.0.0.0 Mobile Safari/537.36"
27.50.29.178 - - [13/Dec/2025:19:14:40 +0000] "GET /wp-includes/fonts/iq.php HTTP/1.1" 500 715 "-" "Mozilla/5.0 (Linux; Android 10; K) AppleWebKit/537.36 (KHTML, like Gecko) Chrome/114.0.0.0 Mobile Safari/537.36"
27.50.29.178 - - [13/Dec/2025:19:14:40 +0000] "GET /wp-includes/customize/index.php HTTP/1.1" 500 715 "-" "Mozilla/5.0 (Linux; Android 10; K) AppleWebKit/537.36 (KHTML, like Gecko) Chrome/114.0.0.0 Mobile Safari/537.36"
27.50.29.178 - - [13/Dec/2025:19:14:50 +0000] "GET /wp-includes/fonts/about.php HTTP/1.1" 500 715 "-" "Mozilla/5.0 (Linux; Android 10; K) AppleWebKit/537.36 (KHTML, like Gecko) Chrome/114.0.0.0 Mobile Safari/537.36"
66.249.68.67 - - [13/Dec/2025:19:14:55 +0000] "GET /robots.txt HTTP/1.1" 500 715 "-" "Mozilla/5.0 (compatible; Googlebot/2.1; +http://www.google.com/bot.html)"
66.249.68.68 - - [13/Dec/2025:19:14:55 +0000] "GET /transparencia_files/Articulo_8/Fraccion_XIV/3ro%20trimestre/Ejercicio%20Presupuestario/OBLIGACIONES%20PAGADAS%20O%20GARANTIZADAS.docx HTTP/1.1" 304 - "-" "Mozilla/5.0 (Linux; Android 6.0.1; Nexus 5X Build/MMB29P) AppleWebKit/537.36 (KHTML, like Gecko) Chrome/141.0.7390.122 Mobile Safari/537.36 (compatible; Googlebot/2.1; +http://www.google.com/bot.html)"
52.167.144.158 - - [13/Dec/2025:19:15:05 +0000] "GET /transparencia_files/Articulo_8/Fraccion_XIV/Primer%20Trimestre%202022/F7%20ESTADO%20ANALI%CC%81TICO%20DE%20INGRESOS%20POR%20RUBRO%20DE%20INGRESO.pdf HTTP/2.0" 500 715 "-" "Mozilla/5.0 AppleWebKit/537.36 (KHTML, like Gecko; compatible; bingbot/2.0; +http://www.bing.com/bingbot.htm) Chrome/116.0.1938.76 Safari/537.36"
66.249.68.4 - - [13/Dec/2025:19:15:06 +0000] "GET /transparencia_files/Articulo_8/Fraccion_VI/b/2024-2027/CATA%CC%81LOGO%20DE%20SERVICIO%20DE%20TURISMO.pdf HTTP/1.1" 304 - "-" "Mozilla/5.0 (Linux; Android 6.0.1; Nexus 5X Build/MMB29P) AppleWebKit/537.36 (KHTML, like Gecko) Chrome/141.0.7390.122 Mobile Safari/537.36 (compatible; Googlebot/2.1; +http://www.google.com/bot.html)"
66.249.68.3 - - [13/Dec/2025:19:15:06 +0000] "GET /robots.txt HTTP/1.1" 500 715 "-" "Mozilla/5.0 (compatible; Googlebot/2.1; +http://www.google.com/bot.html)"
66.249.68.3 - - [13/Dec/2025:19:15:17 +0000] "GET /transparencia_files/Articulo_8/Fraccion_V/x/2022-2023/07%20Estados%20de%20Cuentas%20Julio%202023.pdf HTTP/1.1" 304 - "-" "Mozilla/5.0 (Linux; Android 6.0.1; Nexus 5X Build/MMB29P) AppleWebKit/537.36 (KHTML, like Gecko) Chrome/141.0.7390.122 Mobile Safari/537.36 (compatible; Googlebot/2.1; +http://www.google.com/bot.html)"
66.249.68.68 - - [13/Dec/2025:19:15:47 +0000] "GET /transparencia_files/Articulo_15/Fraccion_XXI/Actas%20COMUR%20Pasadas/EXPEDIENTE%20COMUR%20001-CUAUTLA-TIERRAS%20BLANCAS-03-2020.pdf HTTP/1.1" 304 - "-" "Mozilla/5.0 (Linux; Android 6.0.1; Nexus 5X Build/MMB29P) AppleWebKit/537.36 (KHTML, like Gecko) Chrome/141.0.7390.122 Mobile Safari/537.36 (compatible; Googlebot/2.1; +http://www.google.com/bot.html)"
207.46.13.107 - - [13/Dec/2025:19:16:07 +0000] "GET /252492270 HTTP/2.0" 500 715 "-" "Mozilla/5.0 AppleWebKit/537.36 (KHTML, like Gecko; compatible; bingbot/2.0; +http://www.bing.com/bingbot.htm) Chrome/116.0.1938.76 Safari/537.36"
47.82.11.39 - - [13/Dec/2025:19:16:12 +0000] "GET /transparencia_files/EdictosJuzgado/.htaccess HTTP/1.1" 500 - "https://www.cuautlajalisco.gob.mx/" "Mozilla/5.0 (Macintosh; Intel Mac OS X 10_15_7) AppleWebKit/537.36 (KHTML, like Gecko) Chrome/133.0.0.0 Safari/537.36"
27.50.29.178 - - [13/Dec/2025:19:16:19 +0000] "GET /wp-includes/js/jcrop/Jcrop.php HTTP/1.1" 500 715 "-" "Mozilla/5.0 (Linux; Android 10; K) AppleWebKit/537.36 (KHTML, like Gecko) Chrome/114.0.0.0 Mobile Safari/537.36"
27.50.29.178 - - [13/Dec/2025:19:16:20 +0000] "GET /wp-includes/pomo/index.php HTTP/1.1" 500 715 "-" "Mozilla/5.0 (Linux; Android 10; K) AppleWebKit/537.36 (KHTML, like Gecko) Chrome/114.0.0.0 Mobile Safari/537.36"
27.50.29.178 - - [13/Dec/2025:19:16:20 +0000] "GET /wp-includes/library.php HTTP/1.1" 500 715 "-" "Mozilla/5.0 (Linux; Android 10; K) AppleWebKit/537.36 (KHTML, like Gecko) Chrome/114.0.0.0 Mobile Safari/537.36"
27.50.29.178 - - [13/Dec/2025:19:16:20 +0000] "GET /wp-includes/plugins.php HTTP/1.1" 500 715 "-" "Mozilla/5.0 (Linux; Android 10; K) AppleWebKit/537.36 (KHTML, like Gecko) Chrome/114.0.0.0 Mobile Safari/537.36"
27.50.29.178 - - [13/Dec/2025:19:16:22 +0000] "GET /wp-includes/l10n.php HTTP/1.1" 500 715 "-" "Mozilla/5.0 (Linux; Android 10; K) AppleWebKit/537.36 (KHTML, like Gecko) Chrome/114.0.0.0 Mobile Safari/537.36"
66.249.68.5 - - [13/Dec/2025:19:17:05 +0000] "GET /transparencia_files/Articulo_8/Fraccion_V/x/2024/05%20Estados%20de%20Cuentas%20Mayo%202024.pdf HTTP/1.1" 304 - "-" "Mozilla/5.0 (Linux; Android 6.0.1; Nexus 5X Build/MMB29P) AppleWebKit/537.36 (KHTML, like Gecko) Chrome/141.0.7390.122 Mobile Safari/537.36 (compatible; Googlebot/2.1; +http://www.google.com/bot.html)"
66.249.68.4 - - [13/Dec/2025:19:17:05 +0000] "GET /robots.txt HTTP/1.1" 500 715 "-" "Mozilla/5.0 (compatible; Googlebot/2.1; +http://www.google.com/bot.html)"
66.249.68.4 - - [13/Dec/2025:19:17:13 +0000] "GET /transparencia_files/Articulo_8/Fraccion_V/x/2022-2023/011%20Estados%20de%20Cuentas%20Noviembre%202022.pdf HTTP/1.1" 304 - "-" "Mozilla/5.0 (Linux; Android 6.0.1; Nexus 5X Build/MMB29P) AppleWebKit/537.36 (KHTML, like Gecko) Chrome/141.0.7390.122 Mobile Safari/537.36 (compatible; Googlebot/2.1; +http://www.google.com/bot.html)"
66.249.68.68 - - [13/Dec/2025:19:17:22 +0000] "GET /robots.txt HTTP/1.1" 500 715 "-" "Mozilla/5.0 (compatible; Googlebot/2.1; +http://www.google.com/bot.html)"
66.249.68.67 - - [13/Dec/2025:19:17:22 +0000] "GET /transparencia_files/Articulo_15/Fraccion_IX/Administracion%202021-2024/Extraordinarias/ACTA%2012%20EXTRAORDINARIA%20DE%2006%20DE%20MARZO%20DE%202024.pdf HTTP/1.1" 304 - "-" "Mozilla/5.0 (Linux; Android 6.0.1; Nexus 5X Build/MMB29P) AppleWebKit/537.36 (KHTML, like Gecko) Chrome/141.0.7390.122 Mobile Safari/537.36 (compatible; Googlebot/2.1; +http://www.google.com/bot.html)"
216.244.66.227 - - [13/Dec/2025:19:17:40 +0000] "GET /robots.txt HTTP/1.1" 500 715 "-" "Mozilla/5.0 (compatible; DotBot/1.2; +https://opensiteexplorer.org/dotbot; help@moz.com)"
66.249.68.67 - - [13/Dec/2025:19:17:49 +0000] "GET /transparencia_files/Articulo_15/Fraccion_IX/Participacion%20Ciudadana/2021-2024/ACTA%20DE%20INSTALACION%20DE%20CONSEJO%20DE%20PARTICIPACION%20CIUDADANA%20DE%20CUAUTLA%20JALISCO.pdf HTTP/1.1" 304 - "-" "Mozilla/5.0 (Linux; Android 6.0.1; Nexus 5X Build/MMB29P) AppleWebKit/537.36 (KHTML, like Gecko) Chrome/141.0.7390.122 Mobile Safari/537.36 (compatible; Googlebot/2.1; +http://www.google.com/bot.html)"
204.76.203.8 - - [13/Dec/2025:19:17:50 +0000] "PROPFIND / HTTP/1.1" 500 - "http://198.38.90.22:443/" "-"
181.208.252.252 - - [13/Dec/2025:19:18:01 +0000] "GET /transparencia_files/Articulo_8/Fraccion_VI/n/Secretaria%20General/2023/.htaccess HTTP/1.1" 500 - "https://www.cuautlajalisco.gob.mx/" "Mozilla/5.0 (Windows NT 10.0; Win64; x64) AppleWebKit/537.36 (KHTML, like Gecko) Chrome/135.0.0.0 Safari/537.36"
66.249.68.4 - - [13/Dec/2025:19:18:27 +0000] "GET /transparencia_files/Articulo_8/Fraccion_V/x/2022-2023/Estados%20de%20Cuentas%20Abril%202022.pdf HTTP/1.1" 304 - "-" "Mozilla/5.0 (Linux; Android 6.0.1; Nexus 5X Build/MMB29P) AppleWebKit/537.36 (KHTML, like Gecko) Chrome/141.0.7390.122 Mobile Safari/537.36 (compatible; Googlebot/2.1; +http://www.google.com/bot.html)"
41.57.105.142 - - [13/Dec/2025:19:18:30 +0000] "GET /transparencia_files/Articulo_15/Fraccion_XVI/Consejos%20Consultivos%202023/.htaccess HTTP/1.1" 500 - "https://www.cuautlajalisco.gob.mx/" "Mozilla/5.0 (Windows NT 10.0; Win64; x64) AppleWebKit/537.36 (KHTML, like Gecko) Chrome/133.0.6943.127 ADG/11.1.4805 Safari/537.36"
66.249.68.4 - - [13/Dec/2025:19:18:33 +0000] "GET /transparencia_files/Articulo_8/Fraccion_VI/j/CMDRS/CANCELACION%20DE%20REUNION%20DE%20CONSEJO%20JUNIO%202024276.pdf HTTP/1.1" 304 - "-" "Mozilla/5.0 (Linux; Android 6.0.1; Nexus 5X Build/MMB29P) AppleWebKit/537.36 (KHTML, like Gecko) Chrome/141.0.7390.122 Mobile Safari/537.36 (compatible; Googlebot/2.1; +http://www.google.com/bot.html)"
66.249.68.3 - - [13/Dec/2025:19:18:50 +0000] "GET /transparencia_files/Articulo_8/Fraccion_V/x/2022-2023/Estados%20de%20Cuentas%20Marzo%202022.pdf HTTP/1.1" 304 - "-" "Mozilla/5.0 (Linux; Android 6.0.1; Nexus 5X Build/MMB29P) AppleWebKit/537.36 (KHTML, like Gecko) Chrome/141.0.7390.122 Mobile Safari/537.36 (compatible; Googlebot/2.1; +http://www.google.com/bot.html)"
200.8.108.244 - - [13/Dec/2025:19:18:58 +0000] "GET /transparencia_files/Articulo_8/Fraccion_VI/g/Sindicatura/2024/.htaccess HTTP/1.1" 500 - "https://www.cuautlajalisco.gob.mx/" "Mozilla/5.0 (Macintosh; Intel Mac OS X 10_15_7) AppleWebKit/605.1.15 (KHTML, like Gecko) Version/18.2 Safari/605.1.15"
66.249.68.69 - - [13/Dec/2025:19:19:00 +0000] "GET /transparencia_files/Articulo_8/Fraccion_V/g/2017/junio22017.pdf HTTP/1.1" 304 - "-" "Mozilla/5.0 (Linux; Android 6.0.1; Nexus 5X Build/MMB29P) AppleWebKit/537.36 (KHTML, like Gecko) Chrome/141.0.7390.122 Mobile Safari/537.36 (compatible; Googlebot/2.1; +http://www.google.com/bot.html)"
66.249.68.68 - - [13/Dec/2025:19:19:09 +0000] "GET /transparencia_files/Articulo_8/Fraccion_V/g/2024/NOMINAS%20DE%20PRESIDENCIA%20DEL%2001%20AL%2015%20DE%20DICIEMBRE%202024.pdf HTTP/1.1" 304 - "-" "Mozilla/5.0 (Linux; Android 6.0.1; Nexus 5X Build/MMB29P) AppleWebKit/537.36 (KHTML, like Gecko) Chrome/141.0.7390.122 Mobile Safari/537.36 (compatible; Googlebot/2.1; +http://www.google.com/bot.html)"
66.249.68.67 - - [13/Dec/2025:19:19:24 +0000] "GET /transparencia_files/Articulo_15/Fraccion_IX/Sesiones%20de%20Cabildo%20Administracion%202018-2021/convocatoria%2010%20ORDINARIA.docx HTTP/1.1" 304 - "-" "Mozilla/5.0 (Linux; Android 6.0.1; Nexus 5X Build/MMB29P) AppleWebKit/537.36 (KHTML, like Gecko) Chrome/141.0.7390.122 Mobile Safari/537.36 (compatible; Googlebot/2.1; +http://www.google.com/bot.html)"
187.10.78.170 - - [13/Dec/2025:19:19:30 +0000] "GET /transparencia_files/Articulo_8/Fraccion_V/e/.htaccess HTTP/1.1" 500 - "https://www.cuautlajalisco.gob.mx/" "Mozilla/5.0 (Macintosh; Intel Mac OS X 10_15_7) AppleWebKit/537.36 (KHTML, like Gecko) Chrome/131.0.0.0 Safari/537.36"
66.249.68.5 - - [13/Dec/2025:19:19:49 +0000] "GET /transparencia_files/Articulo_8/Fraccion_XIV/SEvAC%202018-IV/a.2.3.pdf HTTP/1.1" 304 - "-" "Mozilla/5.0 (Linux; Android 6.0.1; Nexus 5X Build/MMB29P) AppleWebKit/537.36 (KHTML, like Gecko) Chrome/141.0.7390.122 Mobile Safari/537.36 (compatible; Googlebot/2.1; +http://www.google.com/bot.html)"
52.167.144.24 - - [13/Dec/2025:19:19:50 +0000] "GET /1151512.html HTTP/2.0" 500 715 "-" "Mozilla/5.0 AppleWebKit/537.36 (KHTML, like Gecko; compatible; bingbot/2.0; +http://www.bing.com/bingbot.htm) Chrome/116.0.1938.76 Safari/537.36"
66.249.68.3 - - [13/Dec/2025:19:20:31 +0000] "GET /transparencia_files/Articulo_8/Fraccion_XIV/SEvAC%202019-III/D.1.17.pdf HTTP/1.1" 304 - "-" "Mozilla/5.0 (Linux; Android 6.0.1; Nexus 5X Build/MMB29P) AppleWebKit/537.36 (KHTML, like Gecko) Chrome/141.0.7390.122 Mobile Safari/537.36 (compatible; Googlebot/2.1; +http://www.google.com/bot.html)"
66.249.68.5 - - [13/Dec/2025:19:20:31 +0000] "GET /robots.txt HTTP/1.1" 500 715 "-" "Mozilla/5.0 (compatible; Googlebot/2.1; +http://www.google.com/bot.html)"
37.120.151.162 - - [13/Dec/2025:19:20:37 +0000] "GET /agenda/2023-02-11 HTTP/1.1" 500 715 "https://cuautlajalisco.gob.mx/" "Mozilla/5.0 (Windows NT 10.0; Win64; x64) AppleWebKit/537.36 (KHTML, like Gecko) Chrome/135.0.0.0 Safari/537.36"
177.234.201.206 - - [13/Dec/2025:19:20:43 +0000] "GET /agenda/categoria/transparencia/dia/2024-11-24 HTTP/1.1" 500 715 "https://cuautlajalisco.gob.mx/" "Mozilla/5.0 (Windows NT 10.0; Win64; x64) AppleWebKit/537.36 (KHTML, like Gecko) Chrome/135.0.0.0 Safari/537.36 Edg/135.0.0.0"
66.249.68.69 - - [13/Dec/2025:19:20:45 +0000] "GET /robots.txt HTTP/1.1" 500 715 "-" "Mozilla/5.0 (compatible; Googlebot/2.1; +http://www.google.com/bot.html)"
66.249.68.68 - - [13/Dec/2025:19:20:45 +0000] "GET /transparencia_files/Articulo_8/Fraccion_V/g/2022/05%20Marzo%2001%20al%2015%20presidencia.pdf HTTP/1.1" 304 - "-" "Mozilla/5.0 (Linux; Android 6.0.1; Nexus 5X Build/MMB29P) AppleWebKit/537.36 (KHTML, like Gecko) Chrome/141.0.7390.122 Mobile Safari/537.36 (compatible; Googlebot/2.1; +http://www.google.com/bot.html)"
187.208.244.18 - - [13/Dec/2025:19:21:17 +0000] "GET /fracc-5m HTTP/1.1" 500 715 "https://cuautlajalisco.gob.mx/" "Mozilla/5.0 (Windows NT 10.0; Win64; x64) AppleWebKit/537.36 (KHTML, like Gecko) Chrome/135.0.0.0 Safari/537.36"
66.249.68.5 - - [13/Dec/2025:19:21:22 +0000] "GET /transparencia_files/Articulo_8/Fraccion_IV/c/2018-2021/Manual%20de%20organizacion%20Registro%20Civil%202019-2021.docx HTTP/1.1" 304 - "-" "Mozilla/5.0 (Linux; Android 6.0.1; Nexus 5X Build/MMB29P) AppleWebKit/537.36 (KHTML, like Gecko) Chrome/141.0.7390.122 Mobile Safari/537.36 (compatible; Googlebot/2.1; +http://www.google.com/bot.html)"
66.249.68.4 - - [13/Dec/2025:19:21:29 +0000] "GET /transparencia_files/Articulo_8/Fraccion_VI/g/Sindicatura/2023/PERMISOS%20DE%20EVENTOS%20SINDICATURA%20DICIEMBRE%202023.pdf HTTP/1.1" 304 - "-" "Mozilla/5.0 (Linux; Android 6.0.1; Nexus 5X Build/MMB29P) AppleWebKit/537.36 (KHTML, like Gecko) Chrome/141.0.7390.122 Mobile Safari/537.36 (compatible; Googlebot/2.1; +http://www.google.com/bot.html)"
40.77.167.27 - - [13/Dec/2025:19:21:41 +0000] "GET /57588160.html HTTP/2.0" 500 715 "-" "Mozilla/5.0 AppleWebKit/537.36 (KHTML, like Gecko; compatible; bingbot/2.0; +http://www.bing.com/bingbot.htm) Chrome/116.0.1938.76 Safari/537.36"
66.249.68.3 - - [13/Dec/2025:19:21:43 +0000] "GET /robots.txt HTTP/1.1" 500 715 "-" "Mozilla/5.0 (compatible; Googlebot/2.1; +http://www.google.com/bot.html)"
66.249.68.3 - - [13/Dec/2025:19:21:43 +0000] "GET /transparencia_files/Articulo_8/Fraccion_VI/g/Sindicatura/2023/PERMISOS%20DE%20EVENTOS%20SINDICATURA%20AGOSTO%202023.pdf HTTP/1.1" 304 - "-" "Mozilla/5.0 (Linux; Android 6.0.1; Nexus 5X Build/MMB29P) AppleWebKit/537.36 (KHTML, like Gecko) Chrome/141.0.7390.122 Mobile Safari/537.36 (compatible; Googlebot/2.1; +http://www.google.com/bot.html)"
169.224.97.224 - - [13/Dec/2025:19:21:43 +0000] "GET /agenda/categoria/transparencia/dia/2023-11-20 HTTP/1.1" 500 715 "https://cuautlajalisco.gob.mx/" "Mozilla/5.0 (Windows NT 10.0; Win64; x64) AppleWebKit/537.36 (KHTML, like Gecko) Chrome/135.0.0.0 Safari/537.36 Edg/135.0.0.0"
40.77.167.61 - - [13/Dec/2025:19:21:46 +0000] "GET /transparencia_files/Articulo_15/Fraccion_XXI/EXPEDIENTE%20COMUR%20002-CUAUTLA-2020.pdf HTTP/2.0" 500 715 "-" "Mozilla/5.0 AppleWebKit/537.36 (KHTML, like Gecko; compatible; bingbot/2.0; +http://www.bing.com/bingbot.htm) Chrome/116.0.1938.76 Safari/537.36"
66.249.68.3 - - [13/Dec/2025:19:21:49 +0000] "GET /transparencia_files/Articulo_8/Fraccion_VI/n/Seguridad%20Publica/ABRIL%202024.docx HTTP/1.1" 304 - "-" "Mozilla/5.0 (Linux; Android 6.0.1; Nexus 5X Build/MMB29P) AppleWebKit/537.36 (KHTML, like Gecko) Chrome/141.0.7390.122 Mobile Safari/537.36 (compatible; Googlebot/2.1; +http://www.google.com/bot.html)"
66.249.68.69 - - [13/Dec/2025:19:21:51 +0000] "GET /transparencia_files/Articulo_15/Fraccion_VII/Administracion%202021-2024/COMISION%20EDILICIA%20PARTICIPACION%20CIUDADANA.pdf HTTP/1.1" 304 - "-" "Mozilla/5.0 (Linux; Android 6.0.1; Nexus 5X Build/MMB29P) AppleWebKit/537.36 (KHTML, like Gecko) Chrome/141.0.7390.122 Mobile Safari/537.36 (compatible; Googlebot/2.1; +http://www.google.com/bot.html)"
66.249.68.67 - - [13/Dec/2025:19:21:51 +0000] "GET /robots.txt HTTP/1.1" 500 715 "-" "Mozilla/5.0 (compatible; Googlebot/2.1; +http://www.google.com/bot.html)"
66.249.68.67 - - [13/Dec/2025:19:22:06 +0000] "GET /transparencia_files/Articulo_8/Fraccion_V/g/2023/PRESIDENCIA%2016%20AL%2031%20JULIO%202023.pdf HTTP/1.1" 304 - "-" "Mozilla/5.0 (Linux; Android 6.0.1; Nexus 5X Build/MMB29P) AppleWebKit/537.36 (KHTML, like Gecko) Chrome/141.0.7390.122 Mobile Safari/537.36 (compatible; Googlebot/2.1; +http://www.google.com/bot.html)"
103.103.89.177 - - [13/Dec/2025:19:22:31 +0000] "GET /transparencia_files/Articulo_15/Fraccion_XXII/.htaccess HTTP/1.1" 500 - "https://www.cuautlajalisco.gob.mx/" "Mozilla/5.0 (Windows NT 10.0; Win64; x64) AppleWebKit/537.36 (KHTML, like Gecko) Chrome/129.0.0.0 Safari/537.36"
66.249.68.5 - - [13/Dec/2025:19:22:32 +0000] "GET /transparencia_files/Articulo_8/Fraccion_VI/n/Sindicatura/2022/ENERO%202022%20ESTADISTICA%20SINDICATURA.pdf HTTP/1.1" 304 - "-" "Mozilla/5.0 (Linux; Android 6.0.1; Nexus 5X Build/MMB29P) AppleWebKit/537.36 (KHTML, like Gecko) Chrome/141.0.7390.122 Mobile Safari/537.36 (compatible; Googlebot/2.1; +http://www.google.com/bot.html)"
52.167.144.209 - - [13/Dec/2025:19:22:40 +0000] "GET /36327700.html HTTP/2.0" 500 715 "-" "Mozilla/5.0 AppleWebKit/537.36 (KHTML, like Gecko; compatible; bingbot/2.0; +http://www.bing.com/bingbot.htm) Chrome/116.0.1938.76 Safari/537.36"
66.249.68.67 - - [13/Dec/2025:19:23:00 +0000] "GET /robots.txt HTTP/1.1" 500 715 "-" "Mozilla/5.0 (compatible; Googlebot/2.1; +http://www.google.com/bot.html)"
66.249.68.68 - - [13/Dec/2025:19:23:00 +0000] "GET /transparencia_files/Articulo_15/Fraccion_VIII/Comisiones%20Edilicias/Convocatoria%20Segunda%20Sesion%20Comision%20Edilicia%20Habitacion%20Popular%202019.pdf HTTP/1.1" 304 - "-" "Mozilla/5.0 (Linux; Android 6.0.1; Nexus 5X Build/MMB29P) AppleWebKit/537.36 (KHTML, like Gecko) Chrome/141.0.7390.122 Mobile Safari/537.36 (compatible; Googlebot/2.1; +http://www.google.com/bot.html)"
66.249.68.68 - - [13/Dec/2025:19:23:04 +0000] "GET /transparencia_files/Articulo_15/Fraccion_XXI/Actas%20COMUR%20Pasadas/EXPEDIENTE%20COMUR%20001-CUAUTLA-TIERRAS%20BLANCAS-02-2020.pdf HTTP/1.1" 304 - "-" "Mozilla/5.0 (Linux; Android 6.0.1; Nexus 5X Build/MMB29P) AppleWebKit/537.36 (KHTML, like Gecko) Chrome/141.0.7390.122 Mobile Safari/537.36 (compatible; Googlebot/2.1; +http://www.google.com/bot.html)"
66.249.68.3 - - [13/Dec/2025:19:23:24 +0000] "GET /transparencia_files/Articulo_8/Fraccion_I/nn/ESTADISTICAS%20SIRES%20%20ABRIL%202024.pdf HTTP/1.1" 304 - "-" "Mozilla/5.0 (Linux; Android 6.0.1; Nexus 5X Build/MMB29P) AppleWebKit/537.36 (KHTML, like Gecko) Chrome/141.0.7390.122 Mobile Safari/537.36 (compatible; Googlebot/2.1; +http://www.google.com/bot.html)"
66.249.68.3 - - [13/Dec/2025:19:23:24 +0000] "GET /robots.txt HTTP/1.1" 500 715 "-" "Mozilla/5.0 (compatible; Googlebot/2.1; +http://www.google.com/bot.html)"
66.249.68.67 - - [13/Dec/2025:19:23:41 +0000] "GET /transparencia_files/Articulo_15/Fraccion_VIII/Admon%202021-2024/CONVOCATORIA%203ERA%20SESION%20ORDINARIA.pdf HTTP/1.1" 304 - "-" "Mozilla/5.0 (Linux; Android 6.0.1; Nexus 5X Build/MMB29P) AppleWebKit/537.36 (KHTML, like Gecko) Chrome/141.0.7390.122 Mobile Safari/537.36 (compatible; Googlebot/2.1; +http://www.google.com/bot.html)"
187.19.124.58 - - [13/Dec/2025:19:23:48 +0000] "GET /transparencia_files/Articulo_8/Fraccion_V/v/.htaccess HTTP/1.1" 500 - "https://www.cuautlajalisco.gob.mx/" "Mozilla/5.0 (Macintosh; Intel Mac OS X 10_15_7) AppleWebKit/537.36 (KHTML, like Gecko) Chrome/134.0.0.0 Safari/537.36"
66.249.68.3 - - [13/Dec/2025:19:23:49 +0000] "GET /transparencia_files/Articulo_8/Fraccion_I/nn/Estadisticas%20%20ARCO%20MAYO%202023.pdf HTTP/1.1" 304 - "-" "Mozilla/5.0 (Linux; Android 6.0.1; Nexus 5X Build/MMB29P) AppleWebKit/537.36 (KHTML, like Gecko) Chrome/141.0.7390.122 Mobile Safari/537.36 (compatible; Googlebot/2.1; +http://www.google.com/bot.html)"
66.249.68.3 - - [13/Dec/2025:19:23:59 +0000] "GET /transparencia_files/Articulo_8/Fraccion_VI/g/Sindicatura/2024/PERMISO%20EVENTO%20SINDICATURA%20MAYO%202024.pdf HTTP/1.1" 304 - "-" "Mozilla/5.0 (Linux; Android 6.0.1; Nexus 5X Build/MMB29P) AppleWebKit/537.36 (KHTML, like Gecko) Chrome/141.0.7390.122 Mobile Safari/537.36 (compatible; Googlebot/2.1; +http://www.google.com/bot.html)"
66.249.68.67 - - [13/Dec/2025:19:24:10 +0000] "GET /robots.txt HTTP/1.1" 500 715 "-" "Mozilla/5.0 (compatible; Googlebot/2.1; +http://www.google.com/bot.html)"
66.249.68.69 - - [13/Dec/2025:19:24:10 +0000] "GET /transparencia_files/Articulo_8/Fraccion_V/g/Nominas/Primera%20de%20Abril%202017.pdf HTTP/1.1" 304 - "-" "Mozilla/5.0 (Linux; Android 6.0.1; Nexus 5X Build/MMB29P) AppleWebKit/537.36 (KHTML, like Gecko) Chrome/141.0.7390.122 Mobile Safari/537.36 (compatible; Googlebot/2.1; +http://www.google.com/bot.html)"
66.249.68.3 - - [13/Dec/2025:19:24:28 +0000] "GET /transparencia_files/Articulo_8/Fraccion_IV/c/Otros/MANUAL%20DE%20ORGANIZACIO%CC%81N%202015-2018.pdf HTTP/1.1" 304 - "-" "Mozilla/5.0 (Linux; Android 6.0.1; Nexus 5X Build/MMB29P) AppleWebKit/537.36 (KHTML, like Gecko) Chrome/141.0.7390.122 Mobile Safari/537.36 (compatible; Googlebot/2.1; +http://www.google.com/bot.html)"
66.249.68.5 - - [13/Dec/2025:19:24:28 +0000] "GET /robots.txt HTTP/1.1" 500 715 "-" "Mozilla/5.0 (compatible; Googlebot/2.1; +http://www.google.com/bot.html)"
66.249.68.67 - - [13/Dec/2025:19:24:49 +0000] "GET /transparencia_files/Articulo_15/Fraccion_VI/Manuales%20Organizacion/Manual%20de%20organizaci%C3%B3n%20IMM.docx HTTP/1.1" 304 - "-" "Mozilla/5.0 (Linux; Android 6.0.1; Nexus 5X Build/MMB29P) AppleWebKit/537.36 (KHTML, like Gecko) Chrome/141.0.7390.122 Mobile Safari/537.36 (compatible; Googlebot/2.1; +http://www.google.com/bot.html)"
190.143.255.33 - - [13/Dec/2025:19:25:14 +0000] "GET /transparencia_files/Articulo_8/Fraccion_VI/j/Transparencia%202024-2027/Sesiones%20Ordinarias%202024-2027/.htaccess HTTP/1.1" 500 - "https://www.cuautlajalisco.gob.mx/" "Mozilla/5.0 (Windows NT 10.0; Win64; x64) AppleWebKit/537.36 (KHTML, like Gecko) Chrome/135.0.0.0 Safari/537.36"
66.249.68.4 - - [13/Dec/2025:19:25:23 +0000] "GET /transparencia_files/Articulo_8/Fraccion_V/v/10%20POLIZAS%20DE%20CHEQUES%20OCTUBRE%202021.pdf HTTP/1.1" 304 - "-" "Mozilla/5.0 (Linux; Android 6.0.1; Nexus 5X Build/MMB29P) AppleWebKit/537.36 (KHTML, like Gecko) Chrome/141.0.7390.122 Mobile Safari/537.36 (compatible; Googlebot/2.1; +http://www.google.com/bot.html)"
177.86.103.122 - - [13/Dec/2025:19:25:26 +0000] "GET /transparencia_files/Articulo_8/Fraccion_VI/j/Transparencia%202024-2027/Convocatorias%202024-2027/.htaccess HTTP/1.1" 500 - "https://www.cuautlajalisco.gob.mx/" "Mozilla/5.0 (Windows NT 10.0; Win64; x64) AppleWebKit/537.36 (KHTML, like Gecko) Chrome/135.0.0.0 Safari/537.36"
66.249.68.4 - - [13/Dec/2025:19:25:47 +0000] "GET /robots.txt HTTP/1.1" 500 715 "-" "Mozilla/5.0 (compatible; Googlebot/2.1; +http://www.google.com/bot.html)"
66.249.68.4 - - [13/Dec/2025:19:25:47 +0000] "GET /transparencia_files/Articulo_8/Fraccion_I/g/Sesiones%20Extraordinarias/28%20SESION%20EXTRAORDINARIA%20DEL%20COMITE%20DE%20TRANSPARENCIA%202021%20-%202024.pdf HTTP/1.1" 304 - "-" "Mozilla/5.0 (Linux; Android 6.0.1; Nexus 5X Build/MMB29P) AppleWebKit/537.36 (KHTML, like Gecko) Chrome/141.0.7390.122 Mobile Safari/537.36 (compatible; Googlebot/2.1; +http://www.google.com/bot.html)"
66.249.68.69 - - [13/Dec/2025:19:26:05 +0000] "GET /robots.txt HTTP/1.1" 500 715 "-" "Mozilla/5.0 (compatible; Googlebot/2.1; +http://www.google.com/bot.html)"
66.249.68.68 - - [13/Dec/2025:19:26:05 +0000] "GET /transparencia_files/Articulo_15/Fraccion_VI/Manuales%20Servicios/MANUALES%20DE%20SERVICIOS%20IMJUVE.docx HTTP/1.1" 304 - "-" "Mozilla/5.0 (Linux; Android 6.0.1; Nexus 5X Build/MMB29P) AppleWebKit/537.36 (KHTML, like Gecko) Chrome/141.0.7390.122 Mobile Safari/537.36 (compatible; Googlebot/2.1; +http://www.google.com/bot.html)"
66.249.68.4 - - [13/Dec/2025:19:26:17 +0000] "GET /?2541295895 HTTP/1.1" 304 - "-" "Mozilla/5.0 (Linux; Android 6.0.1; Nexus 5X Build/MMB29P) AppleWebKit/537.36 (KHTML, like Gecko) Chrome/141.0.7390.122 Mobile Safari/537.36 (compatible; Googlebot/2.1; +http://www.google.com/bot.html)"
66.249.68.4 - - [13/Dec/2025:19:26:17 +0000] "GET /transparencia_files/Articulo_8/Fraccion_V/g/Nominas/Primera%20de%20Febrero%202018.pdf HTTP/1.1" 200 9446342 "-" "Mozilla/5.0 (Linux; Android 6.0.1; Nexus 5X Build/MMB29P) AppleWebKit/537.36 (KHTML, like Gecko) Chrome/141.0.7390.122 Mobile Safari/537.36 (compatible; GoogleOther)"
66.249.68.67 - - [13/Dec/2025:19:26:20 +0000] "GET /transparencia_files/Articulo_15/Fraccion_VI/Reglamentos/reglamento%20policia%20y%20buen%20gobierno%20cuautla.pdf HTTP/1.1" 304 - "-" "Mozilla/5.0 (Linux; Android 6.0.1; Nexus 5X Build/MMB29P) AppleWebKit/537.36 (KHTML, like Gecko) Chrome/141.0.7390.122 Mobile Safari/537.36 (compatible; Googlebot/2.1; +http://www.google.com/bot.html)"
66.249.68.67 - - [13/Dec/2025:19:26:25 +0000] "GET /transparencia_files/Articulo_15/Fraccion_VIII/Admon%202021-2024/CONVOCATORIA%2023%20ORDIANARIA%2024%20DE%20OCTUBRE%20DE%202023.pdf HTTP/1.1" 304 - "-" "Mozilla/5.0 (Linux; Android 6.0.1; Nexus 5X Build/MMB29P) AppleWebKit/537.36 (KHTML, like Gecko) Chrome/141.0.7390.122 Mobile Safari/537.36 (compatible; Googlebot/2.1; +http://www.google.com/bot.html)"
66.249.68.3 - - [13/Dec/2025:19:26:34 +0000] "GET /transparencia_files/Articulo_8/Fraccion_I/g/AdmonTransparencia2027/Ordinarias/ACTA%20PRIMERA%20SESI%C3%93N%20DE%20TRASPARENCIA%202024-2027.pdf HTTP/1.1" 304 - "-" "Mozilla/5.0 (Linux; Android 6.0.1; Nexus 5X Build/MMB29P) AppleWebKit/537.36 (KHTML, like Gecko) Chrome/141.0.7390.122 Mobile Safari/537.36 (compatible; Googlebot/2.1; +http://www.google.com/bot.html)"
66.249.68.67 - - [13/Dec/2025:19:26:47 +0000] "GET /transparencia_files/Articulo_8/Fraccion_XIV/SEvAC%202018-IV/A.2.6.docx HTTP/1.1" 304 - "-" "Mozilla/5.0 (Linux; Android 6.0.1; Nexus 5X Build/MMB29P) AppleWebKit/537.36 (KHTML, like Gecko) Chrome/141.0.7390.122 Mobile Safari/537.36 (compatible; Googlebot/2.1; +http://www.google.com/bot.html)"
66.249.68.3 - - [13/Dec/2025:19:26:54 +0000] "GET /robots.txt HTTP/1.1" 500 715 "-" "Mozilla/5.0 (compatible; Googlebot/2.1; +http://www.google.com/bot.html)"
66.249.68.5 - - [13/Dec/2025:19:26:54 +0000] "GET /transparencia_files/Articulo_8/Fraccion_VI/g/Licencias%20y%20Permisos/Permisos%20ecologia%202020.xlsx HTTP/1.1" 304 - "-" "Mozilla/5.0 (Linux; Android 6.0.1; Nexus 5X Build/MMB29P) AppleWebKit/537.36 (KHTML, like Gecko) Chrome/141.0.7390.122 Mobile Safari/537.36 (compatible; Googlebot/2.1; +http://www.google.com/bot.html)"
66.249.68.69 - - [13/Dec/2025:19:27:13 +0000] "GET /robots.txt HTTP/1.1" 500 715 "-" "Mozilla/5.0 (compatible; Googlebot/2.1; +http://www.google.com/bot.html)"
66.249.68.69 - - [13/Dec/2025:19:27:13 +0000] "GET /transparencia_files/Articulo_8/Fraccion_VI/f/Admon%202021-2024/2021/CONVENIO%20DE%20ADHESON%20PARA%20CONCENTRAR%20EN%20UN%20SOLO%20COMITE%20DE%20TRASPARENCIA%20Y%20UNIDAD%20DE%20TRASPARENCIA%2C%20DIF%2C%20AYUNTAMIENTO%2C15%20DE%20NOVIEMBRE%20DE%202021.pdf HTTP/1.1" 304 - "-" "Mozilla/5.0 (Linux; Android 6.0.1; Nexus 5X Build/MMB29P) AppleWebKit/537.36 (KHTML, like Gecko) Chrome/141.0.7390.122 Mobile Safari/537.36 (compatible; Googlebot/2.1; +http://www.google.com/bot.html)"
66.249.68.3 - - [13/Dec/2025:19:27:28 +0000] "GET /transparencia_files/EdictosComur/2025/EDICTOS%20PRIMERA%20ENTREGA/EXPEDIENTE%20COMUR%20026%202025.pdf HTTP/1.1" 304 - "-" "Mozilla/5.0 (Linux; Android 6.0.1; Nexus 5X Build/MMB29P) AppleWebKit/537.36 (KHTML, like Gecko) Chrome/141.0.7390.122 Mobile Safari/537.36 (compatible; Googlebot/2.1; +http://www.google.com/bot.html)"
66.249.68.67 - - [13/Dec/2025:19:27:42 +0000] "GET /articulo15.html HTTP/1.1" 304 - "-" "Mozilla/5.0 (Linux; Android 6.0.1; Nexus 5X Build/MMB29P) AppleWebKit/537.36 (KHTML, like Gecko) Chrome/141.0.7390.122 Mobile Safari/537.36 (compatible; Googlebot/2.1; +http://www.google.com/bot.html)"
204.76.203.8 - - [13/Dec/2025:19:27:52 +0000] "PROPFIND / HTTP/1.1" 500 - "http://198.38.90.22:443/" "-"
66.249.68.4 - - [13/Dec/2025:19:28:30 +0000] "GET /transparencia_files/Articulo_8/Fraccion_V/r/entregaregistro.pdf HTTP/1.1" 304 - "-" "Mozilla/5.0 (Linux; Android 6.0.1; Nexus 5X Build/MMB29P) AppleWebKit/537.36 (KHTML, like Gecko) Chrome/141.0.7390.122 Mobile Safari/537.36 (compatible; Googlebot/2.1; +http://www.google.com/bot.html)"
66.249.68.5 - - [13/Dec/2025:19:28:30 +0000] "GET /robots.txt HTTP/1.1" 500 715 "-" "Mozilla/5.0 (compatible; Googlebot/2.1; +http://www.google.com/bot.html)"
66.249.68.68 - - [13/Dec/2025:19:28:39 +0000] "GET /robots.txt HTTP/1.1" 500 715 "-" "Mozilla/5.0 (compatible; Googlebot/2.1; +http://www.google.com/bot.html)"
66.249.68.69 - - [13/Dec/2025:19:28:39 +0000] "GET /transparencia_files/Articulo_8/Fraccion_V/g/2025/NOMINAS%20DE%20PRESIDENCIA%20DEL%2001%20AL%2015%20DE%20MARZO%202025.pdf HTTP/1.1" 304 - "-" "Mozilla/5.0 (Linux; Android 6.0.1; Nexus 5X Build/MMB29P) AppleWebKit/537.36 (KHTML, like Gecko) Chrome/141.0.7390.122 Mobile Safari/537.36 (compatible; Googlebot/2.1; +http://www.google.com/bot.html)"
66.249.68.69 - - [13/Dec/2025:19:29:10 +0000] "GET /transparencia_files/Nombramientos/Nombramientos%202024-2027/NOMBRAMINTO%20INTENDENTE%20HILARIA.pdf HTTP/1.1" 304 - "-" "Mozilla/5.0 (Linux; Android 6.0.1; Nexus 5X Build/MMB29P) AppleWebKit/537.36 (KHTML, like Gecko) Chrome/141.0.7390.122 Mobile Safari/537.36 (compatible; Googlebot/2.1; +http://www.google.com/bot.html)"
66.249.68.3 - - [13/Dec/2025:19:29:28 +0000] "GET /transparencia_files/Articulo_8/Fraccion_V/x/2019/FONDO%20DE%20AHORRO%207115%20Julio%202019.pdf HTTP/1.1" 304 - "-" "Mozilla/5.0 (Linux; Android 6.0.1; Nexus 5X Build/MMB29P) AppleWebKit/537.36 (KHTML, like Gecko) Chrome/141.0.7390.122 Mobile Safari/537.36 (compatible; Googlebot/2.1; +http://www.google.com/bot.html)"
66.249.68.4 - - [13/Dec/2025:19:30:22 +0000] "GET /robots.txt HTTP/1.1" 500 715 "-" "Mozilla/5.0 (compatible; Googlebot/2.1; +http://www.google.com/bot.html)"
66.249.68.3 - - [13/Dec/2025:19:30:22 +0000] "GET /transparencia_files/Articulo_8/Fraccion_IV/d/2018-2021/Manual%20de%20Operacion%20%20y%20Procedimientos%20Registro%20Civil%202019-2021.pdf HTTP/1.1" 304 - "-" "Mozilla/5.0 (Linux; Android 6.0.1; Nexus 5X Build/MMB29P) AppleWebKit/537.36 (KHTML, like Gecko) Chrome/141.0.7390.122 Mobile Safari/537.36 (compatible; Googlebot/2.1; +http://www.google.com/bot.html)"
66.249.68.67 - - [13/Dec/2025:19:30:22 +0000] "GET /robots.txt HTTP/1.1" 500 715 "-" "Mozilla/5.0 (compatible; Googlebot/2.1; +http://www.google.com/bot.html)"
66.249.68.68 - - [13/Dec/2025:19:30:22 +0000] "GET /transparencia_files/Articulo_8/Fraccion_V/g/2025/NOMINAS%20DE%20PRESIDENCIA%20DEL%2016%20AL%2031%20DE%20ENERO%202025.pdf HTTP/1.1" 304 - "-" "Mozilla/5.0 (Linux; Android 6.0.1; Nexus 5X Build/MMB29P) AppleWebKit/537.36 (KHTML, like Gecko) Chrome/141.0.7390.122 Mobile Safari/537.36 (compatible; Googlebot/2.1; +http://www.google.com/bot.html)"
66.249.68.4 - - [13/Dec/2025:19:30:30 +0000] "GET /transparencia_files/Articulo_8/Fraccion_V/a/PresupuestoClasificador/PresupuestoJaliscoVolIV-2018-4.pdf HTTP/1.1" 200 6101088 "-" "Mozilla/5.0 (Linux; Android 6.0.1; Nexus 5X Build/MMB29P) AppleWebKit/537.36 (KHTML, like Gecko) Chrome/141.0.7390.122 Mobile Safari/537.36 (compatible; Googlebot/2.1; +http://www.google.com/bot.html)"
47.128.115.4 - - [13/Dec/2025:19:30:33 +0000] "GET / HTTP/2.0" 200 2469 "-" "Mozilla/5.0 (Linux; Android 5.0) AppleWebKit/537.36 (KHTML, like Gecko) Mobile Safari/537.36 (compatible; Bytespider; spider-feedback@bytedance.com)"
47.128.115.4 - - [13/Dec/2025:19:30:34 +0000] "GET /menu.html HTTP/2.0" 200 1722 "https://cuautlajalisco.gob.mx/" "Mozilla/5.0 (Linux; Android 5.0) AppleWebKit/537.36 (KHTML, like Gecko) Mobile Safari/537.36 (compatible; Bytespider; spider-feedback@bytedance.com)"
186.192.59.30 - - [13/Dec/2025:19:30:37 +0000] "GET /agenda/categoria/fomento-agropecuario/dia/2024-01-16 HTTP/1.1" 500 715 "https://cuautlajalisco.gob.mx/" "Mozilla/5.0 (Windows NT 10.0; Win64; x64) AppleWebKit/537.36 (KHTML, like Gecko) Chrome/135.0.0.0 Safari/537.36"
66.249.68.3 - - [13/Dec/2025:19:30:39 +0000] "GET /transparencia_files/Articulo_8/Fraccion_III/e/NO%20PROGRAMAS%20REGIONALES%20SEPTIEMBRE%202025199.pdf HTTP/1.1" 304 - "-" "Mozilla/5.0 (Linux; Android 6.0.1; Nexus 5X Build/MMB29P) AppleWebKit/537.36 (KHTML, like Gecko) Chrome/141.0.7390.122 Mobile Safari/537.36 (compatible; Googlebot/2.1; +http://www.google.com/bot.html)"
66.249.68.3 - - [13/Dec/2025:19:30:44 +0000] "GET /transparencia_files/Articulo_8/Fraccion_V/x/2019/3X1%20MIGRANTES%204271%20Septiembre%202019.pdf HTTP/1.1" 304 - "-" "Mozilla/5.0 (Linux; Android 6.0.1; Nexus 5X Build/MMB29P) AppleWebKit/537.36 (KHTML, like Gecko) Chrome/141.0.7390.122 Mobile Safari/537.36 (compatible; Googlebot/2.1; +http://www.google.com/bot.html)"
66.249.68.69 - - [13/Dec/2025:19:31:16 +0000] "GET /transparencia_files/Articulo_8/Fraccion_V/g/2023/PRESIDENCIA%2016%20AL%2030%20SEPTIEMBRE%202023.pdf HTTP/1.1" 304 - "-" "Mozilla/5.0 (Linux; Android 6.0.1; Nexus 5X Build/MMB29P) AppleWebKit/537.36 (KHTML, like Gecko) Chrome/141.0.7390.122 Mobile Safari/537.36 (compatible; Googlebot/2.1; +http://www.google.com/bot.html)"
66.249.68.3 - - [13/Dec/2025:19:31:36 +0000] "GET /transparencia_files/Articulo_8/Fraccion_VI/j/CMDRS/ACTA%20DE%20CMDRS%20SEPTIEMBRE%202023.docx HTTP/1.1" 304 - "-" "Mozilla/5.0 (Linux; Android 6.0.1; Nexus 5X Build/MMB29P) AppleWebKit/537.36 (KHTML, like Gecko) Chrome/141.0.7390.122 Mobile Safari/537.36 (compatible; Googlebot/2.1; +http://www.google.com/bot.html)"
170.81.214.144 - - [13/Dec/2025:19:31:38 +0000] "GET /fracc-2e HTTP/1.1" 500 715 "https://cuautlajalisco.gob.mx/" "Mozilla/5.0 (Windows NT 10.0; Win64; x64) AppleWebKit/537.36 (KHTML, like Gecko) Chrome/128.0.0.0 Safari/537.36"
142.93.51.235 - - [13/Dec/2025:19:31:38 +0000] "GET /transparencia_files/Articulo_8/Fraccion_VI/m/Recomendaciones%2001%20de%20Agosto%202019.docx HTTP/1.1" 500 715 "-" "Mozilla/5.0 (Macintosh; Intel Mac OS X 10_15_7) AppleWebKit/537.36 (KHTML, like Gecko) Chrome/135.0.0.0 Safari/537.36"
167.172.140.60 - - [13/Dec/2025:19:31:40 +0000] "GET /transparencia_files/Articulo_8/Fraccion_VI/m/Recomendaciones%2001%20de%20Agosto%202019.docx HTTP/1.1" 500 715 "-" "Mozilla/5.0 (Macintosh; Intel Mac OS X 10_15_7) AppleWebKit/537.36 (KHTML, like Gecko) Chrome/135.0.0.0 Safari/537.36"
192.241.137.8 - - [13/Dec/2025:19:31:41 +0000] "GET /transparencia_files/Articulo_8/Fraccion_VI/m/Recomendaciones%2001%20de%20Agosto%202019.docx HTTP/1.1" 500 715 "-" "Mozilla/5.0 (Macintosh; Intel Mac OS X 10_15_7) AppleWebKit/537.36 (KHTML, like Gecko) Chrome/135.0.0.0 Safari/537.36"
66.249.68.3 - - [13/Dec/2025:19:31:48 +0000] "GET /transparencia_files/Articulo_8/Fraccion_V/x/2019/FORTALECIMIENTO%204079%20Noviembre%202019.pdf HTTP/1.1" 304 - "-" "Mozilla/5.0 (Linux; Android 6.0.1; Nexus 5X Build/MMB29P) AppleWebKit/537.36 (KHTML, like Gecko) Chrome/141.0.7390.122 Mobile Safari/537.36 (compatible; Googlebot/2.1; +http://www.google.com/bot.html)"
66.249.68.69 - - [13/Dec/2025:19:32:35 +0000] "GET /transparencia_files/Articulo_8/Fraccion_V/g/2023/PRESIDENCIA%2016%20AL%2031%20OCTUBRE%202023.pdf HTTP/1.1" 304 - "-" "Mozilla/5.0 (Linux; Android 6.0.1; Nexus 5X Build/MMB29P) AppleWebKit/537.36 (KHTML, like Gecko) Chrome/141.0.7390.122 Mobile Safari/537.36 (compatible; Googlebot/2.1; +http://www.google.com/bot.html)"
66.249.68.68 - - [13/Dec/2025:19:32:59 +0000] "GET /transparencia_files/Articulo_15/Fraccion_IX/CMDRS/9.%20ACTA%20CMDRS%20CUAUTLA%2C%20JALISCO_Octubre.pdf HTTP/1.1" 304 - "-" "Mozilla/5.0 (Linux; Android 6.0.1; Nexus 5X Build/MMB29P) AppleWebKit/537.36 (KHTML, like Gecko) Chrome/141.0.7390.122 Mobile Safari/537.36 (compatible; Googlebot/2.1; +http://www.google.com/bot.html)"
134.209.223.71 - - [13/Dec/2025:19:33:12 +0000] "GET /transparencia_files/Articulo_8/Fraccion_I/g/Sesiones%20Extraordinarias/19%20%20SESION%20EXTRAORDINARIA%20DE%20COMITE%20DE%20TRANSPARENCIA%202021-2024.pdf HTTP/1.1" 200 1205692 "-" "Mozilla/5.0 (Macintosh; Intel Mac OS X 10_15_7) AppleWebKit/537.36 (KHTML, like Gecko) Chrome/135.0.0.0 Safari/537.36"
66.249.68.3 - - [13/Dec/2025:19:33:26 +0000] "GET /robots.txt HTTP/1.1" 500 715 "-" "Mozilla/5.0 (compatible; Googlebot/2.1; +http://www.google.com/bot.html)"
66.249.68.5 - - [13/Dec/2025:19:33:26 +0000] "GET /transparencia_files/Articulo_8/Fraccion_V/x/2019/GENERAL%203544%20FEBRERO%202020.pdf HTTP/1.1" 304 - "-" "Mozilla/5.0 (Linux; Android 6.0.1; Nexus 5X Build/MMB29P) AppleWebKit/537.36 (KHTML, like Gecko) Chrome/141.0.7390.122 Mobile Safari/537.36 (compatible; Googlebot/2.1; +http://www.google.com/bot.html)"
66.249.68.69 - - [13/Dec/2025:19:33:57 +0000] "GET /robots.txt HTTP/1.1" 500 715 "-" "Mozilla/5.0 (compatible; Googlebot/2.1; +http://www.google.com/bot.html)"
66.249.68.69 - - [13/Dec/2025:19:33:57 +0000] "GET /transparencia_files/Articulo_15/Fraccion_VII/Administracion%202021-2024/PLAN%20DE%20TRABAJO%20DE%20LA%20COMISION%20ECOLOGIA.pdf HTTP/1.1" 304 - "-" "Mozilla/5.0 (Linux; Android 6.0.1; Nexus 5X Build/MMB29P) AppleWebKit/537.36 (KHTML, like Gecko) Chrome/141.0.7390.122 Mobile Safari/537.36 (compatible; Googlebot/2.1; +http://www.google.com/bot.html)"
192.42.116.173 - - [13/Dec/2025:19:34:37 +0000] "POST /xmlrpc.php HTTP/1.1" 500 715 "https://www.google.com/" "Mozilla/5.0 (Windows NT 10.0; Win64; x64) AppleWebKit/537.36 (KHTML, like Gecko) Chrome/87.0.4280.141 Safari/537.36 Edg/87.0.664.75"
85.208.139.110 - - [13/Dec/2025:19:34:37 +0000] "POST /xmlrpc.php HTTP/1.1" 500 715 "https://www.google.com/" "Mozilla/5.0 (Windows NT 10.0; WOW64) AppleWebKit/537.36 (KHTML, like Gecko) Chrome/72.0.3626.121 Safari/537.36"
66.249.68.68 - - [13/Dec/2025:19:36:04 +0000] "GET /robots.txt HTTP/1.1" 500 715 "-" "Mozilla/5.0 (compatible; Googlebot/2.1; +http://www.google.com/bot.html)"
66.249.68.67 - - [13/Dec/2025:19:36:04 +0000] "GET /transparencia_files/Articulo_8/Fraccion_V/g/2021/01%20al%2015%20de%20octubre%20presidencia.pdf HTTP/1.1" 304 - "-" "Mozilla/5.0 (Linux; Android 6.0.1; Nexus 5X Build/MMB29P) AppleWebKit/537.36 (KHTML, like Gecko) Chrome/141.0.7390.122 Mobile Safari/537.36 (compatible; Googlebot/2.1; +http://www.google.com/bot.html)"
52.167.144.190 - - [13/Dec/2025:19:36:21 +0000] "GET /59799220.html HTTP/2.0" 500 715 "-" "Mozilla/5.0 AppleWebKit/537.36 (KHTML, like Gecko; compatible; bingbot/2.0; +http://www.bing.com/bingbot.htm) Chrome/116.0.1938.76 Safari/537.36"
157.55.39.192 - - [13/Dec/2025:19:36:36 +0000] "GET /42182920.html HTTP/2.0" 500 715 "-" "Mozilla/5.0 AppleWebKit/537.36 (KHTML, like Gecko; compatible; bingbot/2.0; +http://www.bing.com/bingbot.htm) Chrome/116.0.1938.76 Safari/537.36"
66.249.68.68 - - [13/Dec/2025:19:37:02 +0000] "GET /transparencia_files/Articulo_15/Fraccion_VII/Administracion%202021-2024/2020%20PLAN%20TRABAJO%20PROMOCION%20ECONOMICA.pdf HTTP/1.1" 304 - "-" "Mozilla/5.0 (Linux; Android 6.0.1; Nexus 5X Build/MMB29P) AppleWebKit/537.36 (KHTML, like Gecko) Chrome/141.0.7390.122 Mobile Safari/537.36 (compatible; Googlebot/2.1; +http://www.google.com/bot.html)"
66.249.68.3 - - [13/Dec/2025:19:37:09 +0000] "GET /robots.txt HTTP/1.1" 500 715 "-" "Mozilla/5.0 (compatible; Googlebot/2.1; +http://www.google.com/bot.html)"
66.249.68.4 - - [13/Dec/2025:19:37:09 +0000] "GET /transparencia_files/Articulo_8/Fraccion_V/x/2019/GENERAL%203544%20Marzo2020.pdf HTTP/1.1" 304 - "-" "Mozilla/5.0 (Linux; Android 6.0.1; Nexus 5X Build/MMB29P) AppleWebKit/537.36 (KHTML, like Gecko) Chrome/141.0.7390.122 Mobile Safari/537.36 (compatible; Googlebot/2.1; +http://www.google.com/bot.html)"
66.249.68.67 - - [13/Dec/2025:19:37:20 +0000] "GET /robots.txt HTTP/1.1" 500 715 "-" "Mozilla/5.0 (compatible; Googlebot/2.1; +http://www.google.com/bot.html)"
66.249.68.69 - - [13/Dec/2025:19:37:20 +0000] "GET /transparencia_files/Articulo_15/Fraccion_VI/Manuales%20Servicios/Manual%20de%20%20servicios%20de%20la%20Direccio%CC%81n%20de%20Obras%20Pu%CC%81blicas%20de%20Cuautla%2021-24.docx HTTP/1.1" 304 - "-" "Mozilla/5.0 (Linux; Android 6.0.1; Nexus 5X Build/MMB29P) AppleWebKit/537.36 (KHTML, like Gecko) Chrome/141.0.7390.122 Mobile Safari/537.36 (compatible; Googlebot/2.1; +http://www.google.com/bot.html)"
66.249.68.5 - - [13/Dec/2025:19:38:31 +0000] "GET /robots.txt HTTP/1.1" 500 715 "-" "Mozilla/5.0 (compatible; Googlebot/2.1; +http://www.google.com/bot.html)"
66.249.68.3 - - [13/Dec/2025:19:38:31 +0000] "GET /transparencia_files/Articulo_8/Fraccion_IV/d/Otros/Manual%20de%20operacion%20instituto%20mujer.pdf HTTP/1.1" 304 - "-" "Mozilla/5.0 (Linux; Android 6.0.1; Nexus 5X Build/MMB29P) AppleWebKit/537.36 (KHTML, like Gecko) Chrome/141.0.7390.122 Mobile Safari/537.36 (compatible; Googlebot/2.1; +http://www.google.com/bot.html)"
66.249.68.4 - - [13/Dec/2025:19:39:05 +0000] "GET /transparencia_files/Articulo_8/Fraccion_III/b/PROGRAMA%20FEDERAL%20PROMOCION%20ECONOMICA%20JOVENES.pdf HTTP/1.1" 304 - "-" "Mozilla/5.0 (Linux; Android 6.0.1; Nexus 5X Build/MMB29P) AppleWebKit/537.36 (KHTML, like Gecko) Chrome/141.0.7390.122 Mobile Safari/537.36 (compatible; Googlebot/2.1; +http://www.google.com/bot.html)"
66.249.68.68 - - [13/Dec/2025:19:39:26 +0000] "GET /robots.txt HTTP/1.1" 500 715 "-" "Mozilla/5.0 (compatible; Googlebot/2.1; +http://www.google.com/bot.html)"
66.249.68.69 - - [13/Dec/2025:19:39:26 +0000] "GET /transparencia_files/Articulo_15/Fraccion_VII/Administracion%202024-2027/29-PLAN%20DE%20TRABAJO%20COMISION%20EDILICIA-DERCHOS%20HUMANOS-ADM-24-27.pdf HTTP/1.1" 304 - "-" "Mozilla/5.0 (Linux; Android 6.0.1; Nexus 5X Build/MMB29P) AppleWebKit/537.36 (KHTML, like Gecko) Chrome/141.0.7390.122 Mobile Safari/537.36 (compatible; Googlebot/2.1; +http://www.google.com/bot.html)"
185.40.4.92 - - [13/Dec/2025:19:40:18 +0000] "POST /xmlrpc.php HTTP/1.1" 500 715 "https://www.google.com/" "Mozilla/5.0 (X11; Ubuntu; Linux i686; rv:24.0) Gecko/20100101 Firefox/24.0"
5.45.102.93 - - [13/Dec/2025:19:40:19 +0000] "POST /xmlrpc.php HTTP/1.1" 500 715 "https://www.google.com/" "Mozilla/5.0 (Macintosh; Intel Mac OS X 10_11_3) AppleWebKit/601.4.4 (KHTML, like Gecko) Version/9.0.3 Safari/601.4.4"
