66.249.68.67 - - [13/Dec/2025:19:40:25 +0000] "GET /transparencia_files/Articulo_15/Fraccion_XXIV/Admon%202021-2024/Extraordinarias/ESTADISTICA%20DE%205TA%20SESI%C3%93N%20EXTRAORDINARIA%20DE%2029%20DE%20AGOSTO%202022.pdf HTTP/1.1" 304 - "-" "Mozilla/5.0 (Linux; Android 6.0.1; Nexus 5X Build/MMB29P) AppleWebKit/537.36 (KHTML, like Gecko) Chrome/141.0.7390.122 Mobile Safari/537.36 (compatible; Googlebot/2.1; +http://www.google.com/bot.html)"
66.249.68.69 - - [13/Dec/2025:19:40:25 +0000] "GET /transparencia_files/Articulo_15/Fraccion_VIII/Orden%20del%20dia%20-%20Sesiones%20del%20ayuntamiento/CONVOCATORIA%2022%20extraordinaria.docx HTTP/1.1" 304 - "-" "Mozilla/5.0 (Linux; Android 6.0.1; Nexus 5X Build/MMB29P) AppleWebKit/537.36 (KHTML, like Gecko) Chrome/141.0.7390.122 Mobile Safari/537.36 (compatible; Googlebot/2.1; +http://www.google.com/bot.html)"
66.249.68.3 - - [13/Dec/2025:19:40:25 +0000] "GET /?et_fb=1&PageSpeed=off HTTP/1.1" 304 - "-" "Mozilla/5.0 (Linux; Android 6.0.1; Nexus 5X Build/MMB29P) AppleWebKit/537.36 (KHTML, like Gecko) Chrome/141.0.7390.122 Mobile Safari/537.36 (compatible; Googlebot/2.1; +http://www.google.com/bot.html)"
66.249.68.5 - - [13/Dec/2025:19:40:25 +0000] "GET /robots.txt HTTP/1.1" 500 715 "-" "Mozilla/5.0 (compatible; Googlebot/2.1; +http://www.google.com/bot.html)"
41.223.73.173 - - [13/Dec/2025:19:40:31 +0000] "GET /333051850_1261851738085528_3549349503201008512_n HTTP/1.1" 500 715 "https://cuautlajalisco.gob.mx/" "Mozilla/5.0 (Macintosh; Intel Mac OS X 10_15_7) AppleWebKit/605.1.15 (KHTML, like Gecko) Version/18.3.1 Safari/605.1.15"
66.249.68.68 - - [13/Dec/2025:19:40:52 +0000] "GET /robots.txt HTTP/1.1" 500 715 "-" "Mozilla/5.0 (compatible; Googlebot/2.1; +http://www.google.com/bot.html)"
66.249.68.67 - - [13/Dec/2025:19:40:52 +0000] "GET /transparencia_files/Articulo_15/Fraccion_XI/2019/NOVIEMBRE%202019.docx HTTP/1.1" 304 - "-" "Mozilla/5.0 (Linux; Android 6.0.1; Nexus 5X Build/MMB29P) AppleWebKit/537.36 (KHTML, like Gecko) Chrome/141.0.7390.122 Mobile Safari/537.36 (compatible; Googlebot/2.1; +http://www.google.com/bot.html)"
66.249.68.68 - - [13/Dec/2025:19:40:54 +0000] "GET /transparencia_files/Articulo_8/Fraccion_XIV/Segundo%20Trimestre%202025/Ejercicio%20Presupuestario/Montos%20pagados%20por%20ayudas%20y%20subsidios%202DO%20TRIM%202025.pdf HTTP/1.1" 304 - "-" "Mozilla/5.0 (Linux; Android 6.0.1; Nexus 5X Build/MMB29P) AppleWebKit/537.36 (KHTML, like Gecko) Chrome/141.0.7390.122 Mobile Safari/537.36 (compatible; Googlebot/2.1; +http://www.google.com/bot.html)"
181.94.228.245 - - [13/Dec/2025:19:40:59 +0000] "GET /agenda/categoria/transparencia/dia/2023-12-29 HTTP/1.1" 500 715 "https://cuautlajalisco.gob.mx/" "Mozilla/5.0 (X11; Linux x86_64; rv:125.0) Gecko/20100101 Firefox/125.0"
66.249.68.69 - - [13/Dec/2025:19:41:04 +0000] "GET /transparencia_files/Articulo_15/Fraccion_VII/Administracion%202021-2024/PLAN%20DE%20TRABAJO%20DE%20LA%20COMISION%20EDILICIA%20DE%20JUSTICIA.pdf HTTP/1.1" 304 - "-" "Mozilla/5.0 (Linux; Android 6.0.1; Nexus 5X Build/MMB29P) AppleWebKit/537.36 (KHTML, like Gecko) Chrome/141.0.7390.122 Mobile Safari/537.36 (compatible; Googlebot/2.1; +http://www.google.com/bot.html)"
201.221.112.251 - - [13/Dec/2025:19:41:18 +0000] "GET /agenda/categoria/transparencia/dia/2024-09-25 HTTP/1.1" 500 715 "https://cuautlajalisco.gob.mx/" "Mozilla/5.0 (Macintosh; Intel Mac OS X 10_15_7) AppleWebKit/537.36 (KHTML, like Gecko) Chrome/132.0.0.0 Safari/537.36"
66.249.68.3 - - [13/Dec/2025:19:41:37 +0000] "GET /transparencia_files/Articulo_8/Fraccion_V/e/Organigrama%202022.pdf HTTP/1.1" 304 - "-" "Mozilla/5.0 (Linux; Android 6.0.1; Nexus 5X Build/MMB29P) AppleWebKit/537.36 (KHTML, like Gecko) Chrome/141.0.7390.122 Mobile Safari/537.36 (compatible; Googlebot/2.1; +http://www.google.com/bot.html)"
66.249.68.4 - - [13/Dec/2025:19:41:37 +0000] "GET /robots.txt HTTP/1.1" 500 715 "-" "Mozilla/5.0 (compatible; Googlebot/2.1; +http://www.google.com/bot.html)"
52.167.144.168 - - [13/Dec/2025:19:41:38 +0000] "GET /47962740.html HTTP/2.0" 500 715 "-" "Mozilla/5.0 AppleWebKit/537.36 (KHTML, like Gecko; compatible; bingbot/2.0; +http://www.bing.com/bingbot.htm) Chrome/116.0.1938.76 Safari/537.36"
66.249.68.4 - - [13/Dec/2025:19:41:39 +0000] "GET /transparencia_files/Articulo_8/Fraccion_V/r/Inventario%20De%20Los%20Bienes%20Muebles%2030%20De%20junio%202023.pdf HTTP/1.1" 304 - "-" "Mozilla/5.0 (Linux; Android 6.0.1; Nexus 5X Build/MMB29P) AppleWebKit/537.36 (KHTML, like Gecko) Chrome/141.0.7390.122 Mobile Safari/537.36 (compatible; Googlebot/2.1; +http://www.google.com/bot.html)"
66.249.68.68 - - [13/Dec/2025:19:41:43 +0000] "GET /transparencia_files/Articulo_15/Fraccion_XI/2022/VOLANTE%20DE%20CONTROL%20DE%20REGISTRO%20CIVIL%20DICIEMBRE%202022.pdf HTTP/1.1" 304 - "-" "Mozilla/5.0 (Linux; Android 6.0.1; Nexus 5X Build/MMB29P) AppleWebKit/537.36 (KHTML, like Gecko) Chrome/141.0.7390.122 Mobile Safari/537.36 (compatible; Googlebot/2.1; +http://www.google.com/bot.html)"
102.119.20.132 - - [13/Dec/2025:19:41:57 +0000] "GET /agenda/categoria/fomento-agropecuario/dia/2023-02-03 HTTP/1.1" 500 715 "https://cuautlajalisco.gob.mx/" "Mozilla/5.0 (Macintosh; Intel Mac OS X 10_15_7) AppleWebKit/605.1.15 (KHTML, like Gecko) Version/18.3.1 Safari/605.1.15"
66.249.68.4 - - [13/Dec/2025:19:42:10 +0000] "GET /transparencia_files/Articulo_8/Fraccion_VI/d/BENEFICIARIOS%20RECREA%20JUNIO%202O2O_FEBRERO%202021.xlsx HTTP/1.1" 304 - "-" "Mozilla/5.0 (Linux; Android 6.0.1; Nexus 5X Build/MMB29P) AppleWebKit/537.36 (KHTML, like Gecko) Chrome/141.0.7390.122 Mobile Safari/537.36 (compatible; Googlebot/2.1; +http://www.google.com/bot.html)"
66.249.68.68 - - [13/Dec/2025:19:42:17 +0000] "GET /robots.txt HTTP/1.1" 500 715 "-" "Mozilla/5.0 (compatible; Googlebot/2.1; +http://www.google.com/bot.html)"
66.249.68.67 - - [13/Dec/2025:19:42:17 +0000] "GET /transparencia_files/Articulo_15/Fraccion_VI/Matriz%20de%20Indicadores/Matriz%20de%20Indicadores%20Contraloria%202021.pdf HTTP/1.1" 304 - "-" "Mozilla/5.0 (Linux; Android 6.0.1; Nexus 5X Build/MMB29P) AppleWebKit/537.36 (KHTML, like Gecko) Chrome/141.0.7390.122 Mobile Safari/537.36 (compatible; Googlebot/2.1; +http://www.google.com/bot.html)"
40.77.167.7 - - [13/Dec/2025:19:42:21 +0000] "GET /47098148.html HTTP/2.0" 500 715 "-" "Mozilla/5.0 AppleWebKit/537.36 (KHTML, like Gecko; compatible; bingbot/2.0; +http://www.bing.com/bingbot.htm) Chrome/116.0.1938.76 Safari/537.36"
185.12.59.118 - - [13/Dec/2025:19:42:32 +0000] "GET / HTTP/1.1" 200 2469 "-" "Mozilla/5.0 (Windows NT 10.0; Win64; x64; rv:132.0) Gecko/20100101 Firefox/132.0"
185.97.95.24 - - [13/Dec/2025:19:42:51 +0000] "GET /transparencia_files/Articulo_8/Fraccion_V/a/2015/.htaccess HTTP/1.1" 500 - "https://www.cuautlajalisco.gob.mx/" "Mozilla/5.0 (Windows NT 10.0; Win64; x64; rv:137.0) Gecko/20100101 Firefox/137.0"
66.249.68.68 - - [13/Dec/2025:19:42:53 +0000] "GET /transparencia_files/Articulo_15/Fraccion_VII/Administracion%202021-2024/COMISION%20EDILICIA%20CEMENTERIOS.pdf HTTP/1.1" 304 - "-" "Mozilla/5.0 (Linux; Android 6.0.1; Nexus 5X Build/MMB29P) AppleWebKit/537.36 (KHTML, like Gecko) Chrome/141.0.7390.122 Mobile Safari/537.36 (compatible; Googlebot/2.1; +http://www.google.com/bot.html)"
179.29.70.139 - - [13/Dec/2025:19:42:59 +0000] "GET /transparencia_files/Articulo_8/Fraccion_V/r/.htaccess HTTP/1.1" 500 - "https://www.cuautlajalisco.gob.mx/" "Mozilla/5.0 (Windows NT 10.0; Win64; x64) AppleWebKit/537.36 (KHTML, like Gecko) Chrome/135.0.0.0 Safari/537.36"
204.76.203.8 - - [13/Dec/2025:19:43:01 +0000] "PROPFIND / HTTP/1.1" 500 - "http://198.38.90.22:443/" "-"
66.249.68.68 - - [13/Dec/2025:19:43:04 +0000] "GET /transparencia_files/Articulo_8/Fraccion_V/g/2025/NOMINAS%20DE%20PRESIDENCIA%20DEL%2016%20AL%2031%20DE%20MAYO%202025.pdf HTTP/1.1" 304 - "-" "Mozilla/5.0 (Linux; Android 6.0.1; Nexus 5X Build/MMB29P) AppleWebKit/537.36 (KHTML, like Gecko) Chrome/141.0.7390.122 Mobile Safari/537.36 (compatible; Googlebot/2.1; +http://www.google.com/bot.html)"
66.249.68.5 - - [13/Dec/2025:19:44:06 +0000] "GET /transparencia_files/Articulo_8/Fraccion_II/d/ReglamentosMunicipales/REGLAMENTO%20INTERNO%20CATASTRO%202.docx HTTP/1.1" 304 - "-" "Mozilla/5.0 (Linux; Android 6.0.1; Nexus 5X Build/MMB29P) AppleWebKit/537.36 (KHTML, like Gecko) Chrome/141.0.7390.122 Mobile Safari/537.36 (compatible; Googlebot/2.1; +http://www.google.com/bot.html)"
66.249.68.5 - - [13/Dec/2025:19:44:06 +0000] "GET /robots.txt HTTP/1.1" 500 715 "-" "Mozilla/5.0 (compatible; Googlebot/2.1; +http://www.google.com/bot.html)"
66.249.68.3 - - [13/Dec/2025:19:45:02 +0000] "GET /transparencia_files/Articulo_8/Fraccion_V/t/Licencias%20Municipales%202018.xlsx HTTP/1.1" 304 - "-" "Mozilla/5.0 (Linux; Android 6.0.1; Nexus 5X Build/MMB29P) AppleWebKit/537.36 (KHTML, like Gecko) Chrome/141.0.7390.122 Mobile Safari/537.36 (compatible; Googlebot/2.1; +http://www.google.com/bot.html)"
52.167.144.166 - - [13/Dec/2025:19:45:07 +0000] "GET /9492588.html HTTP/2.0" 500 715 "-" "Mozilla/5.0 AppleWebKit/537.36 (KHTML, like Gecko; compatible; bingbot/2.0; +http://www.bing.com/bingbot.htm) Chrome/116.0.1938.76 Safari/537.36"
206.189.234.190 - - [13/Dec/2025:19:45:26 +0000] "GET /transparencia_files/Articulo_8/Fraccion_I/g/Sesiones%20Extraordinarias/27%20SESION%20EXTRAORDINARIA%20DEL%20COMITE%20DE%20TRANSPARENCIA%20%202021%20-%202024.pdf HTTP/1.1" 200 3655521 "-" "Mozilla/5.0 (Macintosh; Intel Mac OS X 10_15_7) AppleWebKit/537.36 (KHTML, like Gecko) Chrome/135.0.0.0 Safari/537.36"
66.249.68.68 - - [13/Dec/2025:19:45:28 +0000] "GET /robots.txt HTTP/1.1" 500 715 "-" "Mozilla/5.0 (compatible; Googlebot/2.1; +http://www.google.com/bot.html)"
66.249.68.67 - - [13/Dec/2025:19:45:28 +0000] "GET /transparencia_files/Articulo_8/Fraccion_XIV/Segundo%20Trimestre%202023/Informacion%20Contable/Estado%20de%20Situacio%CC%81n%20Financiera.pdf HTTP/1.1" 304 - "-" "Mozilla/5.0 (Linux; Android 6.0.1; Nexus 5X Build/MMB29P) AppleWebKit/537.36 (KHTML, like Gecko) Chrome/141.0.7390.122 Mobile Safari/537.36 (compatible; Googlebot/2.1; +http://www.google.com/bot.html)"
66.249.68.67 - - [13/Dec/2025:19:45:53 +0000] "GET /transparencia_files/Articulo_15/Fraccion_XXIV/Admon%202021-2024/Extraordinarias/ESTADISTICA%20SESION%209%20EXTRAORDINARIA%2018%20DE%20JULIO%20DE%202023.pdf HTTP/1.1" 304 - "-" "Mozilla/5.0 (Linux; Android 6.0.1; Nexus 5X Build/MMB29P) AppleWebKit/537.36 (KHTML, like Gecko) Chrome/141.0.7390.122 Mobile Safari/537.36 (compatible; Googlebot/2.1; +http://www.google.com/bot.html)"
66.249.68.69 - - [13/Dec/2025:19:46:00 +0000] "GET /transparencia_files/Articulo_15/Fraccion_VII/Administracion%202021-2024/2020%20PLAN%20TRABAJO%20VEHICULOS.pdf HTTP/1.1" 304 - "-" "Mozilla/5.0 (Linux; Android 6.0.1; Nexus 5X Build/MMB29P) AppleWebKit/537.36 (KHTML, like Gecko) Chrome/141.0.7390.122 Mobile Safari/537.36 (compatible; Googlebot/2.1; +http://www.google.com/bot.html)"
67.205.175.67 - - [13/Dec/2025:19:46:25 +0000] "GET /transparencia_files/Articulo_8/Fraccion_III/d/FEBRERO%20ESTATAL%202023.pdf HTTP/1.1" 200 246418 "-" "Mozilla/5.0 (Macintosh; Intel Mac OS X 10_15_7) AppleWebKit/537.36 (KHTML, like Gecko) Chrome/135.0.0.0 Safari/537.36"
66.249.68.68 - - [13/Dec/2025:19:46:25 +0000] "GET /transparencia_files/Articulo_8/Fraccion_VI/f/Admon%202021-2024/2023/CONVENIO%20NO.CEA-IHAP-RURRAL-004-2023%2C16%20DE%20AGOSTO%202023.pdf HTTP/1.1" 304 - "-" "Mozilla/5.0 (Linux; Android 6.0.1; Nexus 5X Build/MMB29P) AppleWebKit/537.36 (KHTML, like Gecko) Chrome/141.0.7390.122 Mobile Safari/537.36 (compatible; Googlebot/2.1; +http://www.google.com/bot.html)"
40.77.167.155 - - [13/Dec/2025:19:46:27 +0000] "GET /30687152.html HTTP/2.0" 500 715 "-" "Mozilla/5.0 AppleWebKit/537.36 (KHTML, like Gecko; compatible; bingbot/2.0; +http://www.bing.com/bingbot.htm) Chrome/116.0.1938.76 Safari/537.36"
3.97.14.186 - - [13/Dec/2025:19:46:31 +0000] "GET / HTTP/1.1" 200 2469 "-" "Mozilla/5.0 (Windows NT 10.0; Win64; x64) AppleWebKit/537.36 (KHTML, like Gecko) Chrome/60.0.3112.113 Safari/537.36 Assetnote/1.0.0"
3.97.14.186 - - [13/Dec/2025:19:46:31 +0000] "GET / HTTP/1.1" 200 2469 "-" "Mozilla/5.0 (Windows NT 10.0; Win64; x64) AppleWebKit/537.36 (KHTML, like Gecko) Chrome/60.0.3112.113 Safari/537.36 Assetnote/1.0.0"
3.97.14.186 - - [13/Dec/2025:19:46:31 +0000] "HEAD /apps HTTP/1.1" 500 - "-" "Mozilla/5.0 (Windows NT 10.0; Win64; x64) AppleWebKit/537.36 (KHTML, like Gecko) Chrome/60.0.3112.113 Safari/537.36 Assetnote/1.0.0"
3.97.14.186 - - [13/Dec/2025:19:46:31 +0000] "HEAD /apps HTTP/1.1" 500 - "-" "Mozilla/5.0 (Windows NT 10.0; Win64; x64) AppleWebKit/537.36 (KHTML, like Gecko) Chrome/60.0.3112.113 Safari/537.36 Assetnote/1.0.0"
3.97.14.186 - - [13/Dec/2025:19:46:31 +0000] "POST /apps HTTP/1.1" 500 715 "-" "Mozilla/5.0 (Windows NT 10.0; Win64; x64) AppleWebKit/537.36 (KHTML, like Gecko) Chrome/60.0.3112.113 Safari/537.36 Assetnote/1.0.0"
3.97.14.186 - - [13/Dec/2025:19:46:31 +0000] "POST /apps HTTP/1.1" 500 715 "-" "Mozilla/5.0 (Windows NT 10.0; Win64; x64) AppleWebKit/537.36 (KHTML, like Gecko) Chrome/60.0.3112.113 Safari/537.36 Assetnote/1.0.0"
66.249.68.69 - - [13/Dec/2025:19:46:56 +0000] "GET /robots.txt HTTP/1.1" 500 715 "-" "Mozilla/5.0 (compatible; Googlebot/2.1; +http://www.google.com/bot.html)"
66.249.68.69 - - [13/Dec/2025:19:46:56 +0000] "GET /transparencia_files/Articulo_15/Fraccion_VI/Manuales%20Organizacion/manual%20de%20organizacion.docx HTTP/1.1" 304 - "-" "Mozilla/5.0 (Linux; Android 6.0.1; Nexus 5X Build/MMB29P) AppleWebKit/537.36 (KHTML, like Gecko) Chrome/141.0.7390.122 Mobile Safari/537.36 (compatible; Googlebot/2.1; +http://www.google.com/bot.html)"
66.249.68.69 - - [13/Dec/2025:19:47:22 +0000] "GET /transparencia_files/Articulo_15/Fraccion_VIII/Admon%202021-2024/CONVOCATORIA%203ERA%20SESION%20EXTRAORDIANARIA.pdf HTTP/1.1" 304 - "-" "Mozilla/5.0 (Linux; Android 6.0.1; Nexus 5X Build/MMB29P) AppleWebKit/537.36 (KHTML, like Gecko) Chrome/141.0.7390.122 Mobile Safari/537.36 (compatible; Googlebot/2.1; +http://www.google.com/bot.html)"
66.249.68.67 - - [13/Dec/2025:19:47:30 +0000] "GET /transparencia_files/Articulo_15/Fraccion_VIII/Comisiones%20Edilicias/Convocatoria%20Sexta%20Sesion%20Comision%20Edilicia%20Habitacion%20Popular%202019.pdf HTTP/1.1" 304 - "-" "Mozilla/5.0 (Linux; Android 6.0.1; Nexus 5X Build/MMB29P) AppleWebKit/537.36 (KHTML, like Gecko) Chrome/141.0.7390.122 Mobile Safari/537.36 (compatible; Googlebot/2.1; +http://www.google.com/bot.html)"
40.77.167.15 - - [13/Dec/2025:19:47:50 +0000] "GET /30920200.html HTTP/2.0" 500 715 "-" "Mozilla/5.0 AppleWebKit/537.36 (KHTML, like Gecko; compatible; bingbot/2.0; +http://www.bing.com/bingbot.htm) Chrome/116.0.1938.76 Safari/537.36"
52.167.144.169 - - [13/Dec/2025:19:47:52 +0000] "GET /37471720.html HTTP/2.0" 500 715 "-" "Mozilla/5.0 AppleWebKit/537.36 (KHTML, like Gecko; compatible; bingbot/2.0; +http://www.bing.com/bingbot.htm) Chrome/116.0.1938.76 Safari/537.36"
66.249.68.69 - - [13/Dec/2025:19:48:09 +0000] "GET /transparencia_files/Curriculums/2024-2027/CURRICULUM%20DIRECTORA%20TURISMO.pdf HTTP/1.1" 304 - "-" "Mozilla/5.0 (Linux; Android 6.0.1; Nexus 5X Build/MMB29P) AppleWebKit/537.36 (KHTML, like Gecko) Chrome/141.0.7390.122 Mobile Safari/537.36 (compatible; Googlebot/2.1; +http://www.google.com/bot.html)"
66.249.68.69 - - [13/Dec/2025:19:48:09 +0000] "GET /robots.txt HTTP/1.1" 500 715 "-" "Mozilla/5.0 (compatible; Googlebot/2.1; +http://www.google.com/bot.html)"
66.249.68.68 - - [13/Dec/2025:19:49:34 +0000] "GET /transparencia_files/Articulo_8/Fraccion_V/g/Nominas/Segunda%20de%20Noviembre%202017.pdf HTTP/1.1" 304 - "-" "Mozilla/5.0 (Linux; Android 6.0.1; Nexus 5X Build/MMB29P) AppleWebKit/537.36 (KHTML, like Gecko) Chrome/141.0.7390.122 Mobile Safari/537.36 (compatible; Googlebot/2.1; +http://www.google.com/bot.html)"
66.249.68.68 - - [13/Dec/2025:19:49:34 +0000] "GET /robots.txt HTTP/1.1" 500 715 "-" "Mozilla/5.0 (compatible; Googlebot/2.1; +http://www.google.com/bot.html)"
66.249.68.3 - - [13/Dec/2025:19:50:09 +0000] "GET /robots.txt HTTP/1.1" 500 715 "-" "Mozilla/5.0 (compatible; Googlebot/2.1; +http://www.google.com/bot.html)"
66.249.68.5 - - [13/Dec/2025:19:50:09 +0000] "GET /transparencia_files/Articulo_8/Fraccion_V/x/2022-2023/04%20Estados%20de%20Cuentas%20Abril%202023.pdf HTTP/1.1" 304 - "-" "Mozilla/5.0 (Linux; Android 6.0.1; Nexus 5X Build/MMB29P) AppleWebKit/537.36 (KHTML, like Gecko) Chrome/141.0.7390.122 Mobile Safari/537.36 (compatible; Googlebot/2.1; +http://www.google.com/bot.html)"
204.76.203.8 - - [13/Dec/2025:19:50:15 +0000] "PROPFIND / HTTP/1.1" 500 - "http://198.38.90.22:443/" "-"
187.94.238.186 - - [13/Dec/2025:19:50:45 +0000] "GET /15v HTTP/1.1" 500 715 "https://cuautlajalisco.gob.mx/" "Mozilla/5.0 (Windows NT 10.0; Win64; x64) AppleWebKit/537.36 (KHTML, like Gecko) Chrome/135.0.0.0 Safari/537.36"
190.115.66.16 - - [13/Dec/2025:19:50:46 +0000] "GET /333083545_1914077002317968_7677465492991596855_n HTTP/1.1" 500 715 "https://cuautlajalisco.gob.mx/" "Mozilla/5.0 (Macintosh; Intel Mac OS X 10_15_7) AppleWebKit/537.36 (KHTML, like Gecko) Chrome/133.0.0.0 Safari/537.36"
41.103.117.146 - - [13/Dec/2025:19:50:46 +0000] "GET /agenda/categoria/transparencia/dia/2023-10-12 HTTP/1.1" 500 715 "https://cuautlajalisco.gob.mx/" "Mozilla/5.0 (Windows NT 10.0; Win64; x64) AppleWebKit/537.36 (KHTML, like Gecko) Chrome/132.0.0.0 Safari/537.36"
66.249.68.68 - - [13/Dec/2025:19:51:06 +0000] "GET /transparencia_files/Articulo_15/Fraccion_VIII/Orden%20del%20dia%20-%20Sesiones%20del%20ayuntamiento/convocatoria%2013%20ORDINARIA.docx HTTP/1.1" 304 - "-" "Mozilla/5.0 (Linux; Android 6.0.1; Nexus 5X Build/MMB29P) AppleWebKit/537.36 (KHTML, like Gecko) Chrome/141.0.7390.122 Mobile Safari/537.36 (compatible; Googlebot/2.1; +http://www.google.com/bot.html)"
66.249.68.67 - - [13/Dec/2025:19:51:06 +0000] "GET /robots.txt HTTP/1.1" 500 715 "-" "Mozilla/5.0 (compatible; Googlebot/2.1; +http://www.google.com/bot.html)"
41.242.160.8 - - [13/Dec/2025:19:51:12 +0000] "GET /agenda/2023-02-06 HTTP/1.1" 500 715 "https://cuautlajalisco.gob.mx/" "Mozilla/5.0 (Windows NT 10.0; Win64; x64) AppleWebKit/537.36 (KHTML, like Gecko) Chrome/135.0.0.0 Safari/537.36"
157.55.39.57 - - [13/Dec/2025:19:51:35 +0000] "GET /1255792.html HTTP/2.0" 500 715 "-" "Mozilla/5.0 AppleWebKit/537.36 (KHTML, like Gecko; compatible; bingbot/2.0; +http://www.bing.com/bingbot.htm) Chrome/116.0.1938.76 Safari/537.36"
66.249.68.68 - - [13/Dec/2025:19:51:50 +0000] "GET /transparencia_files/Articulo_8/Fraccion_V/g/2017/mayo22017.pdf HTTP/1.1" 304 - "-" "Mozilla/5.0 (Linux; Android 6.0.1; Nexus 5X Build/MMB29P) AppleWebKit/537.36 (KHTML, like Gecko) Chrome/141.0.7390.122 Mobile Safari/537.36 (compatible; Googlebot/2.1; +http://www.google.com/bot.html)"
66.249.68.67 - - [13/Dec/2025:19:52:02 +0000] "GET /transparencia_files/Articulo_8/Fraccion_V/g/2022/12%20Junio%2016%20al%2030%20presidencia.pdf HTTP/1.1" 304 - "-" "Mozilla/5.0 (Linux; Android 6.0.1; Nexus 5X Build/MMB29P) AppleWebKit/537.36 (KHTML, like Gecko) Chrome/141.0.7390.122 Mobile Safari/537.36 (compatible; Googlebot/2.1; +http://www.google.com/bot.html)"
66.249.68.67 - - [13/Dec/2025:19:52:08 +0000] "GET /transparencia_files/Articulo_8/Fraccion_V/g/2023/PRESIDENCIA%20DEL%2016%20AL%2030%20NOVIEMBRE%202023.pdf HTTP/1.1" 304 - "-" "Mozilla/5.0 (Linux; Android 6.0.1; Nexus 5X Build/MMB29P) AppleWebKit/537.36 (KHTML, like Gecko) Chrome/141.0.7390.122 Mobile Safari/537.36 (compatible; Googlebot/2.1; +http://www.google.com/bot.html)"
66.249.68.68 - - [13/Dec/2025:19:52:08 +0000] "GET /robots.txt HTTP/1.1" 500 715 "-" "Mozilla/5.0 (compatible; Googlebot/2.1; +http://www.google.com/bot.html)"
66.249.68.67 - - [13/Dec/2025:19:52:28 +0000] "GET /transparencia_files/Articulo_15/Fraccion_XXIV/Admon%202021-2024/Ordinarias/ESTADISTICA%20DE%20LA%20SESION%2029%20ORDINARIA%2028%20DE%20AJUNIO%20DE%202024.pdf HTTP/1.1" 304 - "-" "Mozilla/5.0 (Linux; Android 6.0.1; Nexus 5X Build/MMB29P) AppleWebKit/537.36 (KHTML, like Gecko) Chrome/141.0.7390.122 Mobile Safari/537.36 (compatible; Googlebot/2.1; +http://www.google.com/bot.html)"
66.249.68.3 - - [13/Dec/2025:19:52:43 +0000] "GET /transparencia_files/Articulo_8/Fraccion_V/e/Oficio%20de%20No%20convocatoria%20a%20puestos%20publicos%20y%20Vacantes%202018.pdf HTTP/1.1" 304 - "-" "Mozilla/5.0 (Linux; Android 6.0.1; Nexus 5X Build/MMB29P) AppleWebKit/537.36 (KHTML, like Gecko) Chrome/141.0.7390.122 Mobile Safari/537.36 (compatible; Googlebot/2.1; +http://www.google.com/bot.html)"
66.249.68.4 - - [13/Dec/2025:19:52:43 +0000] "GET /robots.txt HTTP/1.1" 500 715 "-" "Mozilla/5.0 (compatible; Googlebot/2.1; +http://www.google.com/bot.html)"
66.249.68.69 - - [13/Dec/2025:19:53:17 +0000] "GET /robots.txt HTTP/1.1" 500 715 "-" "Mozilla/5.0 (compatible; Googlebot/2.1; +http://www.google.com/bot.html)"
66.249.68.68 - - [13/Dec/2025:19:53:17 +0000] "GET /transparencia_files/Articulo_15/Fraccion_XI/2024/Volante%20de%20Control%20Abril%202024.pdf HTTP/1.1" 304 - "-" "Mozilla/5.0 (Linux; Android 6.0.1; Nexus 5X Build/MMB29P) AppleWebKit/537.36 (KHTML, like Gecko) Chrome/141.0.7390.122 Mobile Safari/537.36 (compatible; Googlebot/2.1; +http://www.google.com/bot.html)"
66.249.68.67 - - [13/Dec/2025:19:53:29 +0000] "GET /transparencia_files/Articulo_15/Fraccion_XI/2020/Volante%20de%20Control%20%20Registros%20Registro%20Civil%20Octubre%202020.pdf HTTP/1.1" 304 - "-" "Mozilla/5.0 (Linux; Android 6.0.1; Nexus 5X Build/MMB29P) AppleWebKit/537.36 (KHTML, like Gecko) Chrome/141.0.7390.122 Mobile Safari/537.36 (compatible; Googlebot/2.1; +http://www.google.com/bot.html)"
157.230.83.145 - - [13/Dec/2025:19:53:45 +0000] "GET /transparencia_files/Articulo_8/Fraccion_V/v/12%20POLIZAS%20DE%20CHEQUES%20DICIEMBRE%202022.pdf HTTP/1.1" 200 47478 "-" "Mozilla/5.0 (Macintosh; Intel Mac OS X 10_15_7) AppleWebKit/537.36 (KHTML, like Gecko) Chrome/135.0.0.0 Safari/537.36"
66.249.68.67 - - [13/Dec/2025:19:53:47 +0000] "GET /transparencia_files/Articulo_15/Fraccion_XI/2022/VOLANTE%20DE%20CONTROL%20DE%20REGISTRO%20CIVIL%20SEPTIEMBRE%202022.pdf HTTP/1.1" 304 - "-" "Mozilla/5.0 (Linux; Android 6.0.1; Nexus 5X Build/MMB29P) AppleWebKit/537.36 (KHTML, like Gecko) Chrome/141.0.7390.122 Mobile Safari/537.36 (compatible; Googlebot/2.1; +http://www.google.com/bot.html)"
66.249.68.68 - - [13/Dec/2025:19:53:54 +0000] "GET /transparencia_files/Articulo_8/Fraccion_V/g/2021/2da%20ENERO%202021.xlsx HTTP/1.1" 304 - "-" "Mozilla/5.0 (Linux; Android 6.0.1; Nexus 5X Build/MMB29P) AppleWebKit/537.36 (KHTML, like Gecko) Chrome/141.0.7390.122 Mobile Safari/537.36 (compatible; Googlebot/2.1; +http://www.google.com/bot.html)"
40.77.167.27 - - [13/Dec/2025:19:54:31 +0000] "GET /transparencia_files/DatosAbiertos/RegistroCivil/VOLANTE%20DE%20CONTROL%20DE%20REGISTRO%20CIVIL%20DICIEMBRE%202022.pdf HTTP/2.0" 304 - "-" "Mozilla/5.0 AppleWebKit/537.36 (KHTML, like Gecko; compatible; bingbot/2.0; +http://www.bing.com/bingbot.htm) Chrome/116.0.1938.76 Safari/537.36"
204.76.203.25 - - [13/Dec/2025:19:54:39 +0000] "GET /.env HTTP/1.1" 500 715 "-" "Mozilla/5.0 (Windows NT 10.0; Win64; x64) AppleWebKit/537.36 (KHTML, like Gecko) Chrome/134.0.0.0 Safari/537.3"
204.76.203.25 - - [13/Dec/2025:19:54:39 +0000] "GET /.env HTTP/1.1" 500 715 "-" "Mozilla/5.0 (Windows NT 10.0; Win64; x64) AppleWebKit/537.36 (KHTML, like Gecko) Chrome/134.0.0.0 Safari/537.3"
66.249.68.3 - - [13/Dec/2025:19:54:40 +0000] "GET /transparencia_files/Articulo_8/Fraccion_V/g/2023/PRESIDENCIA%2016%20AL%2030%20JUNIO%202023.pdf HTTP/1.1" 304 - "-" "Mozilla/5.0 (Linux; Android 6.0.1; Nexus 5X Build/MMB29P) AppleWebKit/537.36 (KHTML, like Gecko) Chrome/141.0.7390.122 Mobile Safari/537.36 (compatible; Googlebot/2.1; +http://www.google.com/bot.html)"
66.249.68.4 - - [13/Dec/2025:19:54:40 +0000] "GET /robots.txt HTTP/1.1" 500 715 "-" "Mozilla/5.0 (compatible; Googlebot/2.1; +http://www.google.com/bot.html)"
66.249.68.68 - - [13/Dec/2025:19:55:03 +0000] "GET /transparencia_files/Articulo_15/Fraccion_XXI/Actas%20COMUR%202021-2024/5TA%20SESION%20ORDINARIA%20COMUR%2C%2003-ENERO-%202023%2C%20ADMON%202021-2024.pdf HTTP/1.1" 304 - "-" "Mozilla/5.0 (Linux; Android 6.0.1; Nexus 5X Build/MMB29P) AppleWebKit/537.36 (KHTML, like Gecko) Chrome/141.0.7390.122 Mobile Safari/537.36 (compatible; Googlebot/2.1; +http://www.google.com/bot.html)"
66.249.68.68 - - [13/Dec/2025:19:55:03 +0000] "GET /robots.txt HTTP/1.1" 500 715 "-" "Mozilla/5.0 (compatible; Googlebot/2.1; +http://www.google.com/bot.html)"
66.249.68.5 - - [13/Dec/2025:19:55:19 +0000] "GET /transparencia_files/Articulo_8/Fraccion_V/x/2019/GENERAL%203544%20Diciembre%202019.pdf HTTP/1.1" 304 - "-" "Mozilla/5.0 (Linux; Android 6.0.1; Nexus 5X Build/MMB29P) AppleWebKit/537.36 (KHTML, like Gecko) Chrome/141.0.7390.122 Mobile Safari/537.36 (compatible; Googlebot/2.1; +http://www.google.com/bot.html)"
66.249.68.3 - - [13/Dec/2025:19:55:25 +0000] "GET /transparencia_files/Articulo_8/Fraccion_VI/n/Registro%20Civil/2021/VOLANTE%20DE%20CONTROL%20DE%20REGISTRO%20CIVIL%20DICIEMBRE%202021.pdf HTTP/1.1" 304 - "-" "Mozilla/5.0 (Linux; Android 6.0.1; Nexus 5X Build/MMB29P) AppleWebKit/537.36 (KHTML, like Gecko) Chrome/141.0.7390.122 Mobile Safari/537.36 (compatible; Googlebot/2.1; +http://www.google.com/bot.html)"
207.46.13.168 - - [13/Dec/2025:19:55:55 +0000] "GET /9181820.html HTTP/2.0" 500 715 "-" "Mozilla/5.0 AppleWebKit/537.36 (KHTML, like Gecko; compatible; bingbot/2.0; +http://www.bing.com/bingbot.htm) Chrome/116.0.1938.76 Safari/537.36"
66.249.68.67 - - [13/Dec/2025:19:55:57 +0000] "GET /transparencia_files/Articulo_8/Fraccion_V/g/2021/16%20al%2031%20de%20diciembre%20presidencia.pdf HTTP/1.1" 304 - "-" "Mozilla/5.0 (Linux; Android 6.0.1; Nexus 5X Build/MMB29P) AppleWebKit/537.36 (KHTML, like Gecko) Chrome/141.0.7390.122 Mobile Safari/537.36 (compatible; Googlebot/2.1; +http://www.google.com/bot.html)"
66.249.68.4 - - [13/Dec/2025:19:56:39 +0000] "GET /robots.txt HTTP/1.1" 500 715 "-" "Mozilla/5.0 (compatible; Googlebot/2.1; +http://www.google.com/bot.html)"
66.249.68.4 - - [13/Dec/2025:19:56:39 +0000] "GET /transparencia_files/Articulo_8/Fraccion_V/x/2019/FORTALECIMIENTO%204079%20Septiembre%202019.pdf HTTP/1.1" 304 - "-" "Mozilla/5.0 (Linux; Android 6.0.1; Nexus 5X Build/MMB29P) AppleWebKit/537.36 (KHTML, like Gecko) Chrome/141.0.7390.122 Mobile Safari/537.36 (compatible; Googlebot/2.1; +http://www.google.com/bot.html)"
66.249.68.68 - - [13/Dec/2025:19:57:11 +0000] "GET /robots.txt HTTP/1.1" 500 715 "-" "Mozilla/5.0 (compatible; Googlebot/2.1; +http://www.google.com/bot.html)"
66.249.68.68 - - [13/Dec/2025:19:57:11 +0000] "GET /transparencia_files/Articulo_15/Fraccion_VII/Administracion%202021-2024/PLAN%20DE%20TRABAJO%20DE%20LA%20COMISION%20EDILICIA%20PLANEACION%20Y%20DESARROLLO%20URBANO.pdf HTTP/1.1" 304 - "-" "Mozilla/5.0 (Linux; Android 6.0.1; Nexus 5X Build/MMB29P) AppleWebKit/537.36 (KHTML, like Gecko) Chrome/141.0.7390.122 Mobile Safari/537.36 (compatible; Googlebot/2.1; +http://www.google.com/bot.html)"
66.249.68.67 - - [13/Dec/2025:19:57:43 +0000] "GET /transparencia_files/Articulo_15/Fraccion_VII/Administracion%202024-2027/7-PLAN%20DE%20TRABAJO%20DE%20COMISION%20EDILICIA-ORGANISMOS%20PUBLICOS-ADM-24-27.pdf HTTP/1.1" 304 - "-" "Mozilla/5.0 (Linux; Android 6.0.1; Nexus 5X Build/MMB29P) AppleWebKit/537.36 (KHTML, like Gecko) Chrome/141.0.7390.122 Mobile Safari/537.36 (compatible; Googlebot/2.1; +http://www.google.com/bot.html)"
66.249.68.67 - - [13/Dec/2025:19:57:52 +0000] "GET /transparencia_files/Articulo_8/Fraccion_VI/f/Admon%202021-2024/2021/Contrato%20Arrendamiento%20Colector%20de%20Plasticos%20Version%20Publica.pdf HTTP/1.1" 304 - "-" "Mozilla/5.0 (Linux; Android 6.0.1; Nexus 5X Build/MMB29P) AppleWebKit/537.36 (KHTML, like Gecko) Chrome/141.0.7390.122 Mobile Safari/537.36 (compatible; Googlebot/2.1; +http://www.google.com/bot.html)"
192.0.116.244 - - [13/Dec/2025:19:58:40 +0000] "GET /wp-content/uploads/2023/07/357410122_652538386914159_1194056493761563445_n.jpg HTTP/2.0" 500 715 "-" "Photon/1.0"
66.249.68.68 - - [13/Dec/2025:19:58:50 +0000] "GET /transparencia_files/Articulo_15/Fraccion_VII/Administracion%202024-2027/38-PLAN%20DE%20TRABAJO%20DE%20LA%20COMISION%20EDILICIA%20DE%20FIESTAS%20TAURINAS-ADM-24-27.pdf HTTP/1.1" 304 - "-" "Mozilla/5.0 (Linux; Android 6.0.1; Nexus 5X Build/MMB29P) AppleWebKit/537.36 (KHTML, like Gecko) Chrome/141.0.7390.122 Mobile Safari/537.36 (compatible; Googlebot/2.1; +http://www.google.com/bot.html)"
66.249.68.5 - - [13/Dec/2025:19:59:07 +0000] "GET /robots.txt HTTP/1.1" 500 715 "-" "Mozilla/5.0 (compatible; Googlebot/2.1; +http://www.google.com/bot.html)"
66.249.68.3 - - [13/Dec/2025:19:59:07 +0000] "GET /transparencia_files/Articulo_8/Fraccion_VI/g/Sindicatura/2024/PERMISO%20EVENTO%20SINDICATURA%20ENERO%202024.pdf HTTP/1.1" 304 - "-" "Mozilla/5.0 (Linux; Android 6.0.1; Nexus 5X Build/MMB29P) AppleWebKit/537.36 (KHTML, like Gecko) Chrome/141.0.7390.122 Mobile Safari/537.36 (compatible; Googlebot/2.1; +http://www.google.com/bot.html)"
66.249.68.69 - - [13/Dec/2025:19:59:44 +0000] "GET /transparencia_files/Curriculums/2024-2027/KARINA%20R.pdf HTTP/1.1" 304 - "-" "Mozilla/5.0 (Linux; Android 6.0.1; Nexus 5X Build/MMB29P) AppleWebKit/537.36 (KHTML, like Gecko) Chrome/141.0.7390.122 Mobile Safari/537.36 (compatible; Googlebot/2.1; +http://www.google.com/bot.html)"
66.249.68.4 - - [13/Dec/2025:20:00:00 +0000] "GET /transparencia_files/Articulo_8/Fraccion_V/s/VIATICOS%2001%20DE%20ENERO%20AL%2031%20DE%20MARZO%2020235.pdf HTTP/1.1" 304 - "-" "Mozilla/5.0 (Linux; Android 6.0.1; Nexus 5X Build/MMB29P) AppleWebKit/537.36 (KHTML, like Gecko) Chrome/141.0.7390.122 Mobile Safari/537.36 (compatible; Googlebot/2.1; +http://www.google.com/bot.html)"
66.249.68.67 - - [13/Dec/2025:20:00:06 +0000] "GET /transparencia_files/Articulo_15/Fraccion_IX/Comisiones%20Edilicias/Acta%20Sesion%20Quinta%20Ordinaria%20Comision%20Edilicia%20Habitacion%20Popular%202019.pdf HTTP/1.1" 304 - "-" "Mozilla/5.0 (Linux; Android 6.0.1; Nexus 5X Build/MMB29P) AppleWebKit/537.36 (KHTML, like Gecko) Chrome/141.0.7390.122 Mobile Safari/537.36 (compatible; Googlebot/2.1; +http://www.google.com/bot.html)"
66.249.68.67 - - [13/Dec/2025:20:00:23 +0000] "GET /robots.txt HTTP/1.1" 500 715 "-" "Mozilla/5.0 (compatible; Googlebot/2.1; +http://www.google.com/bot.html)"
66.249.68.67 - - [13/Dec/2025:20:00:23 +0000] "GET /transparencia_files/Articulo_15/Fraccion_VIII/Orden%20del%20dia%20-%20Sesiones%20del%20ayuntamiento/CONVOCATORIA%204%20EXTRAORDINARIA.docx HTTP/1.1" 304 - "-" "Mozilla/5.0 (Linux; Android 6.0.1; Nexus 5X Build/MMB29P) AppleWebKit/537.36 (KHTML, like Gecko) Chrome/141.0.7390.122 Mobile Safari/537.36 (compatible; Googlebot/2.1; +http://www.google.com/bot.html)"
17.22.237.116 - - [13/Dec/2025:20:01:51 +0000] "GET /transparencia_files/Articulo_8/Fraccion_VI/g/ecologia/Permisos%20ecologia%20mes%20de%20Julio%202020.xlsx HTTP/1.1" 500 715 "-" "Mozilla/5.0 (Macintosh; Intel Mac OS X 10_15_7) AppleWebKit/605.1.15 (KHTML, like Gecko) Version/17.4 Safari/605.1.15 (Applebot/0.1; +http://www.apple.com/go/applebot)"
185.191.171.8 - - [13/Dec/2025:20:01:54 +0000] "GET /robots.txt HTTP/1.1" 500 715 "-" "Mozilla/5.0 (compatible; SemrushBot/7~bl; +http://www.semrush.com/bot.html)"
66.249.68.68 - - [13/Dec/2025:20:02:02 +0000] "GET /robots.txt HTTP/1.1" 500 715 "-" "Mozilla/5.0 (compatible; Googlebot/2.1; +http://www.google.com/bot.html)"
66.249.68.69 - - [13/Dec/2025:20:02:02 +0000] "GET /transparencia_files/Articulo_8/Fraccion_V/g/2020/2da%20JUNIO%202020.xlsx HTTP/1.1" 304 - "-" "Mozilla/5.0 (Linux; Android 6.0.1; Nexus 5X Build/MMB29P) AppleWebKit/537.36 (KHTML, like Gecko) Chrome/141.0.7390.122 Mobile Safari/537.36 (compatible; Googlebot/2.1; +http://www.google.com/bot.html)"
66.249.68.3 - - [13/Dec/2025:20:02:07 +0000] "GET /robots.txt HTTP/1.1" 500 715 "-" "Mozilla/5.0 (compatible; Googlebot/2.1; +http://www.google.com/bot.html)"
66.249.68.3 - - [13/Dec/2025:20:02:07 +0000] "GET /transparencia_files/Articulo_8/Fraccion_VI/i/CMDR/4.%20Convocatoria_Mayo.pdf HTTP/1.1" 304 - "-" "Mozilla/5.0 (Linux; Android 6.0.1; Nexus 5X Build/MMB29P) AppleWebKit/537.36 (KHTML, like Gecko) Chrome/141.0.7390.122 Mobile Safari/537.36 (compatible; Googlebot/2.1; +http://www.google.com/bot.html)"
91.226.165.130 - - [13/Dec/2025:20:02:21 +0000] "GET /transparencia_files/Articulo_8/Fraccion_V/j/.htaccess HTTP/1.1" 500 - "https://www.cuautlajalisco.gob.mx/" "Mozilla/5.0 (Windows NT 10.0; Win64; x64) AppleWebKit/537.36 (KHTML, like Gecko) Chrome/135.0.0.0 Safari/537.36"
47.128.40.18 - - [13/Dec/2025:20:03:01 +0000] "GET /robots.txt HTTP/1.1" 500 715 "-" "Mozilla/5.0 (Linux; Android 5.0) AppleWebKit/537.36 (KHTML, like Gecko) Mobile Safari/537.36 (compatible; Bytespider; spider-feedback@bytedance.com)"
204.76.203.8 - - [13/Dec/2025:20:03:20 +0000] "PROPFIND / HTTP/1.1" 500 - "http://198.38.90.22:443/" "-"
68.183.116.171 - - [13/Dec/2025:20:03:39 +0000] "GET /transparencia_files/Articulo_8/Fraccion_IV/g/secretariageneral.pdf HTTP/1.1" 500 715 "-" "Mozilla/5.0 (Macintosh; Intel Mac OS X 10_15_7) AppleWebKit/537.36 (KHTML, like Gecko) Chrome/135.0.0.0 Safari/537.36"
137.184.154.119 - - [13/Dec/2025:20:03:40 +0000] "GET /transparencia_files/Articulo_8/Fraccion_IV/g/secretariageneral.pdf HTTP/1.1" 500 715 "-" "Mozilla/5.0 (Macintosh; Intel Mac OS X 10_15_7) AppleWebKit/537.36 (KHTML, like Gecko) Chrome/135.0.0.0 Safari/537.36"
64.227.10.150 - - [13/Dec/2025:20:03:42 +0000] "GET /transparencia_files/Articulo_8/Fraccion_IV/g/secretariageneral.pdf HTTP/1.1" 500 715 "-" "Mozilla/5.0 (Macintosh; Intel Mac OS X 10_15_7) AppleWebKit/537.36 (KHTML, like Gecko) Chrome/135.0.0.0 Safari/537.36"
66.249.68.69 - - [13/Dec/2025:20:05:35 +0000] "GET /transparencia_files/Articulo_15/Fraccion_XXI/Actas%20COMUR%20Pasadas/EXPEDIENTE%20COMUR%20009-CUAUTLA-TIERRAS%20BLANCAS-2020%20%282%29.pdf HTTP/1.1" 304 - "-" "Mozilla/5.0 (Linux; Android 6.0.1; Nexus 5X Build/MMB29P) AppleWebKit/537.36 (KHTML, like Gecko) Chrome/141.0.7390.122 Mobile Safari/537.36 (compatible; Googlebot/2.1; +http://www.google.com/bot.html)"
66.249.68.68 - - [13/Dec/2025:20:05:35 +0000] "GET /robots.txt HTTP/1.1" 500 715 "-" "Mozilla/5.0 (compatible; Googlebot/2.1; +http://www.google.com/bot.html)"
66.249.68.3 - - [13/Dec/2025:20:05:46 +0000] "GET /robots.txt HTTP/1.1" 500 715 "-" "Mozilla/5.0 (compatible; Googlebot/2.1; +http://www.google.com/bot.html)"
66.249.68.3 - - [13/Dec/2025:20:05:46 +0000] "GET /transparencia_files/Articulo_8/Fraccion_III/b/PROGRAMAS%20FEDERALES%20APLICADOS%20AL%20SUJETO.pdf HTTP/1.1" 304 - "-" "Mozilla/5.0 (Linux; Android 6.0.1; Nexus 5X Build/MMB29P) AppleWebKit/537.36 (KHTML, like Gecko) Chrome/141.0.7390.122 Mobile Safari/537.36 (compatible; Googlebot/2.1; +http://www.google.com/bot.html)"
66.249.68.4 - - [13/Dec/2025:20:05:51 +0000] "GET /transparencia_files/Articulo_8/Fraccion_V/s/VIATICOS%2001%20DE%20OCTUBRE%20A%2031%20DICIEMBRE%20DEL%202024.pdf HTTP/1.1" 304 - "-" "Mozilla/5.0 (Linux; Android 6.0.1; Nexus 5X Build/MMB29P) AppleWebKit/537.36 (KHTML, like Gecko) Chrome/141.0.7390.122 Mobile Safari/537.36 (compatible; Googlebot/2.1; +http://www.google.com/bot.html)"
66.249.68.69 - - [13/Dec/2025:20:06:04 +0000] "GET /transparencia_files/Articulo_8/Fraccion_V/g/2021/01%20al%2015%20de%20noviembre%20presidencia.pdf HTTP/1.1" 304 - "-" "Mozilla/5.0 (Linux; Android 6.0.1; Nexus 5X Build/MMB29P) AppleWebKit/537.36 (KHTML, like Gecko) Chrome/141.0.7390.122 Mobile Safari/537.36 (compatible; Googlebot/2.1; +http://www.google.com/bot.html)"
66.249.68.4 - - [13/Dec/2025:20:06:10 +0000] "GET /transparencia_files/Articulo_8/Fraccion_V/g/2021/1ra%20Junio%202021.xlsx HTTP/1.1" 304 - "-" "Mozilla/5.0 (Linux; Android 6.0.1; Nexus 5X Build/MMB29P) AppleWebKit/537.36 (KHTML, like Gecko) Chrome/141.0.7390.122 Mobile Safari/537.36 (compatible; Googlebot/2.1; +http://www.google.com/bot.html)"
161.35.112.179 - - [13/Dec/2025:20:06:34 +0000] "GET /transparencia_files/Articulo_8/Fraccion_V/j/2022/gastos%20de%20comunicacion%20social%20diciembre%202022.pdf HTTP/1.1" 200 7464 "-" "Mozilla/5.0 (Macintosh; Intel Mac OS X 10_15_7) AppleWebKit/537.36 (KHTML, like Gecko) Chrome/135.0.0.0 Safari/537.36"
192.42.116.197 - - [13/Dec/2025:20:06:45 +0000] "POST /xmlrpc.php HTTP/1.1" 500 715 "https://www.google.com/" "Mozilla/5.0 (Windows NT 10.0; Win64; x64) AppleWebKit/537.36 (KHTML, like Gecko) Chrome/70.0.3538.102 Safari/537.36 Edge/18.18363"
171.25.193.80 - - [13/Dec/2025:20:06:46 +0000] "POST /xmlrpc.php HTTP/1.1" 500 715 "https://www.google.com/" "Mozilla/5.0 (Windows NT 10.0; Win64; x64) AppleWebKit/537.36 (KHTML, like Gecko) Chrome/69.0.3497.100 Safari/537.36"
216.244.66.227 - - [13/Dec/2025:20:07:23 +0000] "GET /robots.txt HTTP/1.1" 500 715 "-" "Mozilla/5.0 (compatible; DotBot/1.2; +https://opensiteexplorer.org/dotbot; help@moz.com)"
52.167.144.233 - - [13/Dec/2025:20:08:03 +0000] "GET /334118704_514471197508109_2675658801323958571_n/ HTTP/2.0" 500 715 "-" "Mozilla/5.0 AppleWebKit/537.36 (KHTML, like Gecko; compatible; bingbot/2.0; +http://www.bing.com/bingbot.htm) Chrome/116.0.1938.76 Safari/537.36"
40.77.167.155 - - [13/Dec/2025:20:08:14 +0000] "GET /48309348.html HTTP/2.0" 500 715 "-" "Mozilla/5.0 AppleWebKit/537.36 (KHTML, like Gecko; compatible; bingbot/2.0; +http://www.bing.com/bingbot.htm) Chrome/116.0.1938.76 Safari/537.36"
157.55.39.194 - - [13/Dec/2025:20:08:22 +0000] "GET /transparencia_files/Articulo_15/Fraccion_IX/Administracion%202021-2024/Ordinarias/ACTA%20SESION%2028%20ORDINARIA%2021%20DE%20MARZO%20DE%202024.pdf HTTP/2.0" 200 5765883 "-" "Mozilla/5.0 AppleWebKit/537.36 (KHTML, like Gecko; compatible; bingbot/2.0; +http://www.bing.com/bingbot.htm) Chrome/116.0.1938.76 Safari/537.36"
92.63.197.50 - - [13/Dec/2025:20:08:56 +0000] "GET / HTTP/1.1" 200 2469 "-" "Mozilla/5.0 (Windows NT 10.0; Win64; x64) AppleWebKit/537.36 (KHTML, like Gecko) Chrome/140.0.0.0 Safari/537.36"
92.63.197.50 - - [13/Dec/2025:20:08:56 +0000] "GET / HTTP/1.0" 500 - "-" "-"
66.249.68.67 - - [13/Dec/2025:20:10:13 +0000] "GET /robots.txt HTTP/1.1" 500 715 "-" "Mozilla/5.0 (compatible; Googlebot/2.1; +http://www.google.com/bot.html)"
66.249.68.67 - - [13/Dec/2025:20:10:13 +0000] "GET /transparencia_files/Articulo_15/Fraccion_VIII/Orden%20del%20dia%20-%20Sesiones%20del%20ayuntamiento/CONVOCATORIA%20A%20LA%2029%20SESION%20ORDINARIA%20DE%20AYUNTAMIENTO.pdf HTTP/1.1" 304 - "-" "Mozilla/5.0 (Linux; Android 6.0.1; Nexus 5X Build/MMB29P) AppleWebKit/537.36 (KHTML, like Gecko) Chrome/141.0.7390.122 Mobile Safari/537.36 (compatible; Googlebot/2.1; +http://www.google.com/bot.html)"
201.148.247.201 - - [13/Dec/2025:20:10:15 +0000] "GET /agenda/2024-01-04 HTTP/1.1" 500 715 "https://cuautlajalisco.gob.mx/" "Mozilla/5.0 (Windows NT 10.0; Win64; x64) AppleWebKit/537.36 (KHTML, like Gecko) Chrome/135.0.0.0 Safari/537.36"
185.241.208.220 - - [13/Dec/2025:20:10:37 +0000] "GET / HTTP/1.1" 200 2469 "-" "-"
45.236.142.36 - - [13/Dec/2025:20:11:03 +0000] "GET /agenda/categoria/transparencia/dia/2024-10-08 HTTP/1.1" 500 715 "https://cuautlajalisco.gob.mx/" "Mozilla/5.0 (Windows NT 10.0; Win64; x64) AppleWebKit/537.36 (KHTML, like Gecko) Chrome/135.0.0.0 Safari/537.36"
37.236.163.49 - - [13/Dec/2025:20:11:04 +0000] "GET /agenda/categoria/transparencia/dia/2024-08-29 HTTP/1.1" 500 715 "https://cuautlajalisco.gob.mx/" "Mozilla/5.0 (X11; Linux x86_64; rv:137.0) Gecko/20100101 Firefox/137.0"
159.89.206.187 - - [13/Dec/2025:20:11:14 +0000] "POST /wp-login.php HTTP/1.1" 500 715 "https://cuautlajalisco.gob.mx/wp-admin/" "Mozilla/5.0 (Windows NT 10.0; Win64; x64) AppleWebKit/537.36 (KHTML, like Gecko) Chrome/90.0.4430.85 Safari/537.36"
159.89.206.187 - - [13/Dec/2025:20:11:15 +0000] "GET /wp-admin/ HTTP/1.1" 500 715 "https://www.google.com" "Mozilla/5.0 (Windows NT 10.0; Win64; x64) AppleWebKit/537.36 (KHTML, like Gecko) Chrome/90.0.4430.85 Safari/537.36"
66.249.68.67 - - [13/Dec/2025:20:12:08 +0000] "GET /transparencia_files/Articulo_15/Fraccion_XI/2024/Septiembre-Octubre.pdf HTTP/1.1" 304 - "-" "Mozilla/5.0 (Linux; Android 6.0.1; Nexus 5X Build/MMB29P) AppleWebKit/537.36 (KHTML, like Gecko) Chrome/141.0.7390.122 Mobile Safari/537.36 (compatible; Googlebot/2.1; +http://www.google.com/bot.html)"
17.246.23.198 - - [13/Dec/2025:20:12:36 +0000] "GET /robots.txt HTTP/1.1" 500 715 "-" "Mozilla/5.0 (Macintosh; Intel Mac OS X 10_15_7) AppleWebKit/605.1.15 (KHTML, like Gecko) Version/17.4 Safari/605.1.15 (Applebot/0.1; +http://www.apple.com/go/applebot)"
17.246.23.207 - - [13/Dec/2025:20:12:36 +0000] "GET /transparencia_files/Articulo_8/Fraccion_V/g/2025/NOMINAS%20DE%20PRESIDENCIA%20DEL%2001%20AL%2015%20DE%20AGOSTO%202025.pdf HTTP/1.1" 200 265802 "-" "Mozilla/5.0 (Macintosh; Intel Mac OS X 10_15_7) AppleWebKit/605.1.15 (KHTML, like Gecko) Version/17.4 Safari/605.1.15 (Applebot/0.1; +http://www.apple.com/go/applebot)"
197.185.167.25 - - [13/Dec/2025:20:13:50 +0000] "GET /transparencia_files/Articulo_8/Fraccion_I/g/Actas%20Transparencia%202024-2027/.htaccess HTTP/1.1" 500 - "https://www.cuautlajalisco.gob.mx/" "Mozilla/5.0 (Windows NT 10.0; Win64; x64) AppleWebKit/537.36 (KHTML, like Gecko) Chrome/135.0.0.0 Safari/537.36 Edg/135.0.0.0"
66.249.68.3 - - [13/Dec/2025:20:14:03 +0000] "GET /transparencia_files/Articulo_8/Fraccion_V/w/DEUDA%20PUBLICA%20OCTUBRE%202021.pdf HTTP/1.1" 304 - "-" "Mozilla/5.0 (Linux; Android 6.0.1; Nexus 5X Build/MMB29P) AppleWebKit/537.36 (KHTML, like Gecko) Chrome/141.0.7390.122 Mobile Safari/537.36 (compatible; Googlebot/2.1; +http://www.google.com/bot.html)"
66.249.68.5 - - [13/Dec/2025:20:14:03 +0000] "GET /robots.txt HTTP/1.1" 500 715 "-" "Mozilla/5.0 (compatible; Googlebot/2.1; +http://www.google.com/bot.html)"
66.249.68.3 - - [13/Dec/2025:20:14:24 +0000] "GET /transparencia_files/EdictosComur/2025/EDICTOS%20SEGUNDA%20ENTREGA/EXPEDIENTE%20COMUR%20040.pdf HTTP/1.1" 304 - "-" "Mozilla/5.0 (Linux; Android 6.0.1; Nexus 5X Build/MMB29P) AppleWebKit/537.36 (KHTML, like Gecko) Chrome/141.0.7390.122 Mobile Safari/537.36 (compatible; Googlebot/2.1; +http://www.google.com/bot.html)"
66.249.68.3 - - [13/Dec/2025:20:14:29 +0000] "GET /transparencia_files/Articulo_8/Fraccion_VI/n/Sindicatura/2023/SEPTIEMBRE%202023%20ESTADISTICA%20SINDICATURA.pdf HTTP/1.1" 304 - "-" "Mozilla/5.0 (Linux; Android 6.0.1; Nexus 5X Build/MMB29P) AppleWebKit/537.36 (KHTML, like Gecko) Chrome/141.0.7390.122 Mobile Safari/537.36 (compatible; Googlebot/2.1; +http://www.google.com/bot.html)"
66.249.68.3 - - [13/Dec/2025:20:14:42 +0000] "GET /transparencia_files/Articulo_8/Fraccion_IV/c/MANUAL%20DE%20ORGANIZACION%20DE%20SECRETARIA%20GENERAL%202021-2024.pdf HTTP/1.1" 304 - "-" "Mozilla/5.0 (Linux; Android 6.0.1; Nexus 5X Build/MMB29P) AppleWebKit/537.36 (KHTML, like Gecko) Chrome/141.0.7390.122 Mobile Safari/537.36 (compatible; Googlebot/2.1; +http://www.google.com/bot.html)"
66.249.68.68 - - [13/Dec/2025:20:14:49 +0000] "GET /transparencia_files/Articulo_15/Fraccion_XXIV/Admon%202021-2024/Ordinarias/ESTADISTICA%20SESIO%CC%81N%2020%20ORDINARIA%2008%20DE%20JUNIO%20DE%202023..pdf HTTP/1.1" 304 - "-" "Mozilla/5.0 (Linux; Android 6.0.1; Nexus 5X Build/MMB29P) AppleWebKit/537.36 (KHTML, like Gecko) Chrome/141.0.7390.122 Mobile Safari/537.36 (compatible; Googlebot/2.1; +http://www.google.com/bot.html)"
66.249.68.67 - - [13/Dec/2025:20:14:49 +0000] "GET /robots.txt HTTP/1.1" 500 715 "-" "Mozilla/5.0 (compatible; Googlebot/2.1; +http://www.google.com/bot.html)"
66.249.68.3 - - [13/Dec/2025:20:14:54 +0000] "GET /transparencia_files/Articulo_8/Fraccion_V/x/2019/GENERAL%203544%20Enero%202020.pdf HTTP/1.1" 304 - "-" "Mozilla/5.0 (Linux; Android 6.0.1; Nexus 5X Build/MMB29P) AppleWebKit/537.36 (KHTML, like Gecko) Chrome/141.0.7390.122 Mobile Safari/537.36 (compatible; Googlebot/2.1; +http://www.google.com/bot.html)"
105.108.122.107 - - [13/Dec/2025:20:14:57 +0000] "GET /transparencia_files/Curriculums/2024-2027/.htaccess HTTP/1.1" 500 - "https://www.cuautlajalisco.gob.mx/" "Mozilla/5.0 (Windows NT 10.0; Win64; x64) AppleWebKit/537.36 (KHTML, like Gecko) Chrome/135.0.0.0 Safari/537.36"
52.167.144.24 - - [13/Dec/2025:20:16:16 +0000] "GET /2108752.html HTTP/2.0" 500 715 "-" "Mozilla/5.0 AppleWebKit/537.36 (KHTML, like Gecko; compatible; bingbot/2.0; +http://www.bing.com/bingbot.htm) Chrome/116.0.1938.76 Safari/537.36"
66.249.68.69 - - [13/Dec/2025:20:16:18 +0000] "GET /robots.txt HTTP/1.1" 500 715 "-" "Mozilla/5.0 (compatible; Googlebot/2.1; +http://www.google.com/bot.html)"
66.249.68.68 - - [13/Dec/2025:20:16:18 +0000] "GET /transparencia_files/Nombramientos/Nombramientos%202024-2027/NOMBRAMIENTO%20TESORERIA.%28JAVI%29.pdf HTTP/1.1" 304 - "-" "Mozilla/5.0 (Linux; Android 6.0.1; Nexus 5X Build/MMB29P) AppleWebKit/537.36 (KHTML, like Gecko) Chrome/141.0.7390.122 Mobile Safari/537.36 (compatible; Googlebot/2.1; +http://www.google.com/bot.html)"
204.76.203.8 - - [13/Dec/2025:20:16:30 +0000] "PROPFIND / HTTP/1.1" 500 - "http://198.38.90.22:443/" "-"
66.249.68.67 - - [13/Dec/2025:20:16:50 +0000] "GET /transparencia_files/Articulo_8/Fraccion_V/g/Nominas/Segunda%20de%20Enero%202019.xlsx HTTP/1.1" 304 - "-" "Mozilla/5.0 (Linux; Android 6.0.1; Nexus 5X Build/MMB29P) AppleWebKit/537.36 (KHTML, like Gecko) Chrome/141.0.7390.122 Mobile Safari/537.36 (compatible; Googlebot/2.1; +http://www.google.com/bot.html)"
66.249.68.5 - - [13/Dec/2025:20:17:11 +0000] "GET /?post_type=tribe_events&outlook-ical=1 HTTP/1.1" 304 - "-" "Mozilla/5.0 (Linux; Android 6.0.1; Nexus 5X Build/MMB29P) AppleWebKit/537.36 (KHTML, like Gecko) Chrome/141.0.7390.122 Mobile Safari/537.36 (compatible; Googlebot/2.1; +http://www.google.com/bot.html)"
66.249.68.5 - - [13/Dec/2025:20:17:11 +0000] "GET /robots.txt HTTP/1.1" 500 715 "-" "Mozilla/5.0 (compatible; Googlebot/2.1; +http://www.google.com/bot.html)"
66.249.68.68 - - [13/Dec/2025:20:17:14 +0000] "GET /transparencia_files/Articulo_15/Fraccion_XIII/2023/CONTRATO%20OP-LAZARO%20CARDENAS1-2023-21.pdf HTTP/1.1" 304 - "-" "Mozilla/5.0 (Linux; Android 6.0.1; Nexus 5X Build/MMB29P) AppleWebKit/537.36 (KHTML, like Gecko) Chrome/141.0.7390.122 Mobile Safari/537.36 (compatible; Googlebot/2.1; +http://www.google.com/bot.html)"
66.249.68.4 - - [13/Dec/2025:20:17:15 +0000] "GET /transparencia_files/Articulo_8/Fraccion_VI/n/Secretaria%20General/2022/ESTADISTICA%20SECRETARIA%20GENERAL%20ABRIL%202022.pdf HTTP/1.1" 304 - "-" "Mozilla/5.0 (Linux; Android 6.0.1; Nexus 5X Build/MMB29P) AppleWebKit/537.36 (KHTML, like Gecko) Chrome/141.0.7390.122 Mobile Safari/537.36 (compatible; Googlebot/2.1; +http://www.google.com/bot.html)"
157.55.39.194 - - [13/Dec/2025:20:17:23 +0000] "GET /34348112.html HTTP/2.0" 500 715 "-" "Mozilla/5.0 AppleWebKit/537.36 (KHTML, like Gecko; compatible; bingbot/2.0; +http://www.bing.com/bingbot.htm) Chrome/116.0.1938.76 Safari/537.36"
66.249.68.68 - - [13/Dec/2025:20:17:27 +0000] "GET /robots.txt HTTP/1.1" 500 715 "-" "Mozilla/5.0 (compatible; Googlebot/2.1; +http://www.google.com/bot.html)"
66.249.68.68 - - [13/Dec/2025:20:17:27 +0000] "GET /transparencia_files/Articulo_8/Fraccion_V/g/2024/NOMINAS%20DE%20PRESIDENCIA%20DEL%2001%20AL%2015%20DE%20OCTUBRE%202024.pdf HTTP/1.1" 304 - "-" "Mozilla/5.0 (Linux; Android 6.0.1; Nexus 5X Build/MMB29P) AppleWebKit/537.36 (KHTML, like Gecko) Chrome/141.0.7390.122 Mobile Safari/537.36 (compatible; Googlebot/2.1; +http://www.google.com/bot.html)"
66.249.68.3 - - [13/Dec/2025:20:17:33 +0000] "GET /transparencia_files/Articulo_8/Fraccion_VI/n/Oficialia/2021/INFORME%20ESTADISTICO%20VIAJES%20OCTUBRE%202021.docx HTTP/1.1" 304 - "-" "Mozilla/5.0 (Linux; Android 6.0.1; Nexus 5X Build/MMB29P) AppleWebKit/537.36 (KHTML, like Gecko) Chrome/141.0.7390.122 Mobile Safari/537.36 (compatible; Googlebot/2.1; +http://www.google.com/bot.html)"
66.249.68.3 - - [13/Dec/2025:20:17:45 +0000] "GET /transparencia_files/Articulo_8/Fraccion_V/j/2022/gastos%20de%20comunicacion%20social%20junio%202022.pdf HTTP/1.1" 304 - "-" "Mozilla/5.0 (Linux; Android 6.0.1; Nexus 5X Build/MMB29P) AppleWebKit/537.36 (KHTML, like Gecko) Chrome/141.0.7390.122 Mobile Safari/537.36 (compatible; Googlebot/2.1; +http://www.google.com/bot.html)"
66.249.68.67 - - [13/Dec/2025:20:18:06 +0000] "GET /transparencia_files/Articulo_15/Fraccion_VI/Manuales%20Operacion/Manual%20de%20operaciones%20IMM.docx HTTP/1.1" 304 - "-" "Mozilla/5.0 (Linux; Android 6.0.1; Nexus 5X Build/MMB29P) AppleWebKit/537.36 (KHTML, like Gecko) Chrome/141.0.7390.122 Mobile Safari/537.36 (compatible; Googlebot/2.1; +http://www.google.com/bot.html)"
66.249.68.68 - - [13/Dec/2025:20:18:10 +0000] "GET /transparencia_files/Articulo_8/Fraccion_V/g/2016/julio22016.pdf HTTP/1.1" 304 - "-" "Mozilla/5.0 (Linux; Android 6.0.1; Nexus 5X Build/MMB29P) AppleWebKit/537.36 (KHTML, like Gecko) Chrome/141.0.7390.122 Mobile Safari/537.36 (compatible; Googlebot/2.1; +http://www.google.com/bot.html)"
66.249.68.67 - - [13/Dec/2025:20:18:11 +0000] "GET /transparencia_files/Articulo_15/Fraccion_XXI/Actas%20COMUR%20Pasadas/EXPEDIENTE%20COMUR%20009-CUAUTLA-2021.pdf HTTP/1.1" 304 - "-" "Mozilla/5.0 (Linux; Android 6.0.1; Nexus 5X Build/MMB29P) AppleWebKit/537.36 (KHTML, like Gecko) Chrome/141.0.7390.122 Mobile Safari/537.36 (compatible; Googlebot/2.1; +http://www.google.com/bot.html)"
66.249.68.5 - - [13/Dec/2025:20:18:11 +0000] "GET /transparencia_files/Articulo_8/Fraccion_V/i/2025/04%20ABRIL%202025.pdf HTTP/1.1" 304 - "-" "Mozilla/5.0 (Linux; Android 6.0.1; Nexus 5X Build/MMB29P) AppleWebKit/537.36 (KHTML, like Gecko) Chrome/141.0.7390.122 Mobile Safari/537.36 (compatible; Googlebot/2.1; +http://www.google.com/bot.html)"
66.249.68.5 - - [13/Dec/2025:20:18:14 +0000] "GET /transparencia_files/Articulo_8/Fraccion_V/v/4%20POLIZAS%20DE%20CHEQUES%20ABRIL%202023.pdf HTTP/1.1" 304 - "-" "Mozilla/5.0 (Linux; Android 6.0.1; Nexus 5X Build/MMB29P) AppleWebKit/537.36 (KHTML, like Gecko) Chrome/141.0.7390.122 Mobile Safari/537.36 (compatible; Googlebot/2.1; +http://www.google.com/bot.html)"
