66.249.68.3 - - [13/Dec/2025:18:19:02 +0000] "GET /transparencia_files/Articulo_8/Fraccion_VI/n/Secretaria%20General/2021/ESTADISTICA%20SECRETARIA%20GENERAL%20OCTUBRE%202021.pdf HTTP/1.1" 200 400834 "-" "Googlebot/2.1 (+http://www.google.com/bot.html)"
66.249.68.69 - - [13/Dec/2025:18:19:04 +0000] "GET /robots.txt HTTP/1.1" 500 715 "-" "Mozilla/5.0 (compatible; Googlebot/2.1; +http://www.google.com/bot.html)"
66.249.68.67 - - [13/Dec/2025:18:19:04 +0000] "GET /transparencia_files/Articulo_8/Fraccion_XIV/Primer%20Trimestre%202022/Estado%20Financiero/Estado%20Analitico%20del%20Ejercicio%20del%20Presupuesto%20de%20Egresos%20-%20-LDF%20Clasificacion%20por%20objeto%20del%20gasto.pdf HTTP/1.1" 304 - "-" "Mozilla/5.0 (Linux; Android 6.0.1; Nexus 5X Build/MMB29P) AppleWebKit/537.36 (KHTML, like Gecko) Chrome/141.0.7390.122 Mobile Safari/537.36 (compatible; Googlebot/2.1; +http://www.google.com/bot.html)"
66.249.68.68 - - [13/Dec/2025:18:19:10 +0000] "GET /transparencia_files/Articulo_8/Fraccion_XIV/Segundo%20Trimestre%202024/Ejercicio%20Presupuestario/Montos%20pagados%20por%20ayudas%20y%20subsidios%202do%20trimestre%202024.pdf HTTP/1.1" 304 - "-" "Mozilla/5.0 (Linux; Android 6.0.1; Nexus 5X Build/MMB29P) AppleWebKit/537.36 (KHTML, like Gecko) Chrome/141.0.7390.122 Mobile Safari/537.36 (compatible; Googlebot/2.1; +http://www.google.com/bot.html)"
66.249.68.67 - - [13/Dec/2025:18:20:41 +0000] "GET /robots.txt HTTP/1.1" 500 715 "-" "Mozilla/5.0 (compatible; Googlebot/2.1; +http://www.google.com/bot.html)"
66.249.68.69 - - [13/Dec/2025:18:20:41 +0000] "GET /transparencia_files/Articulo_8/Fraccion_XIV/Primer%20Trimestre%202022/Ejercicio%20Presupuestaria/programas%20con%20recursos%20federales%20por%20orden%20de%20gobieno.pdf HTTP/1.1" 304 - "-" "Mozilla/5.0 (Linux; Android 6.0.1; Nexus 5X Build/MMB29P) AppleWebKit/537.36 (KHTML, like Gecko) Chrome/141.0.7390.122 Mobile Safari/537.36 (compatible; Googlebot/2.1; +http://www.google.com/bot.html)"
66.249.68.68 - - [13/Dec/2025:18:21:17 +0000] "GET /transparencia_files/Articulo_8/Fraccion_XIV/Tercer%20Trimestre%202022/Estado%20Financiero/Estado%20Analitico%20de%20Obligaciones%20Diferentes%20de%20Financiamiento%20-%20LDF.pdf HTTP/1.1" 304 - "-" "Mozilla/5.0 (Linux; Android 6.0.1; Nexus 5X Build/MMB29P) AppleWebKit/537.36 (KHTML, like Gecko) Chrome/141.0.7390.122 Mobile Safari/537.36 (compatible; Googlebot/2.1; +http://www.google.com/bot.html)"
66.249.68.67 - - [13/Dec/2025:18:21:55 +0000] "GET /transparencia_files/Articulo_8/Fraccion_XIV/4to%20trimestre/Ejercicio%20Presupuestario%202022/Aportacion%20Fortalecimiento%20Municipios%20nuevo.pdf HTTP/1.1" 304 - "-" "Mozilla/5.0 (Linux; Android 6.0.1; Nexus 5X Build/MMB29P) AppleWebKit/537.36 (KHTML, like Gecko) Chrome/141.0.7390.122 Mobile Safari/537.36 (compatible; Googlebot/2.1; +http://www.google.com/bot.html)"
66.249.68.67 - - [13/Dec/2025:18:21:55 +0000] "GET /robots.txt HTTP/1.1" 500 715 "-" "Mozilla/5.0 (compatible; Googlebot/2.1; +http://www.google.com/bot.html)"
66.249.68.69 - - [13/Dec/2025:18:22:01 +0000] "GET /transparencia_files/Articulo_8/Fraccion_XIV/Tercer%20Trimestre%202022/Estado%20Financiero/Notas%20a%20los%20estados%20financieros%20de%20Gestion%20Administrativa.pdf HTTP/1.1" 304 - "-" "Mozilla/5.0 (Linux; Android 6.0.1; Nexus 5X Build/MMB29P) AppleWebKit/537.36 (KHTML, like Gecko) Chrome/141.0.7390.122 Mobile Safari/537.36 (compatible; Googlebot/2.1; +http://www.google.com/bot.html)"
66.249.68.67 - - [13/Dec/2025:18:22:06 +0000] "GET /transparencia_files/Articulo_8/Fraccion_XIV/4to%20trimestre/Ejercicio%20Presupuestario%202022/programas%20con%20recursos%20federales%20por%20orden%20de%20gobieno.pdf HTTP/1.1" 304 - "-" "Mozilla/5.0 (Linux; Android 6.0.1; Nexus 5X Build/MMB29P) AppleWebKit/537.36 (KHTML, like Gecko) Chrome/141.0.7390.122 Mobile Safari/537.36 (compatible; Googlebot/2.1; +http://www.google.com/bot.html)"
66.249.68.68 - - [13/Dec/2025:18:22:24 +0000] "GET /transparencia_files/Articulo_8/Fraccion_XIV/Cuarto%20Trimestre%202023/Ejercicio%20Presupuestario/RELACION%20DE%20CUENTAS%20BANCARIAS%20PRODUCTIVAS%20ESPECIFICAS%20DEL%20MUNICIPIO.pdf HTTP/1.1" 304 - "-" "Mozilla/5.0 (Linux; Android 6.0.1; Nexus 5X Build/MMB29P) AppleWebKit/537.36 (KHTML, like Gecko) Chrome/141.0.7390.122 Mobile Safari/537.36 (compatible; Googlebot/2.1; +http://www.google.com/bot.html)"
66.249.68.68 - - [13/Dec/2025:18:22:30 +0000] "GET /transparencia_files/Articulo_8/Fraccion_XIV/Segundo%20Trimestre%202024/Ejercicio%20Presupuestario/INFORMACIO%CC%81N%20DE%20APLICACIO%CC%81N%20DE%20RECURSOS%20DEL%20%28FORTAMUN%29.pdf HTTP/1.1" 304 - "-" "Mozilla/5.0 (Linux; Android 6.0.1; Nexus 5X Build/MMB29P) AppleWebKit/537.36 (KHTML, like Gecko) Chrome/141.0.7390.122 Mobile Safari/537.36 (compatible; Googlebot/2.1; +http://www.google.com/bot.html)"
66.249.68.67 - - [13/Dec/2025:18:22:41 +0000] "GET /transparencia_files/Articulo_8/Fraccion_XIV/Primer%20Trimestre%202022/Ejercicio%20Presupuestaria/Aportacion%20Fortalecimiento%20Municipal.pdf HTTP/1.1" 304 - "-" "Mozilla/5.0 (Linux; Android 6.0.1; Nexus 5X Build/MMB29P) AppleWebKit/537.36 (KHTML, like Gecko) Chrome/141.0.7390.122 Mobile Safari/537.36 (compatible; Googlebot/2.1; +http://www.google.com/bot.html)"
66.249.68.3 - - [13/Dec/2025:18:22:41 +0000] "GET /transparencia_files/Articulo_8/Fraccion_I/%C3%B1/Estadi%CC%81sticas%20%20Arco%20Noviembre%202021.pdf HTTP/1.1" 500 715 "-" "Googlebot/2.1 (+http://www.google.com/bot.html)"
66.249.68.5 - - [13/Dec/2025:18:22:41 +0000] "GET /robots.txt HTTP/1.1" 500 715 "-" "Mozilla/5.0 (compatible; Googlebot/2.1; +http://www.google.com/bot.html)"
66.249.68.67 - - [13/Dec/2025:18:22:58 +0000] "GET /transparencia_files/Articulo_8/Fraccion_XIV/Cuarto%20Trimestre%202024/Ejercicio%20Presupuestario/INFORMACI%C3%93N%20DE%20APLICACI%C3%93N%20DE%20RECURSOS%20DEL%20FORTAMUN%20%281%29.pdf HTTP/1.1" 304 - "-" "Mozilla/5.0 (Linux; Android 6.0.1; Nexus 5X Build/MMB29P) AppleWebKit/537.36 (KHTML, like Gecko) Chrome/141.0.7390.122 Mobile Safari/537.36 (compatible; Googlebot/2.1; +http://www.google.com/bot.html)"
66.249.68.67 - - [13/Dec/2025:18:22:58 +0000] "GET /robots.txt HTTP/1.1" 500 715 "-" "Mozilla/5.0 (compatible; Googlebot/2.1; +http://www.google.com/bot.html)"
66.249.68.68 - - [13/Dec/2025:18:23:02 +0000] "GET /transparencia_files/Articulo_8/Fraccion_XIV/Primer%20Trimestre%202022/Ejercicio%20Presupuestaria/Relacion%20de%20cuentas%20bancarias%20productivas%20especificas.pdf HTTP/1.1" 304 - "-" "Mozilla/5.0 (Linux; Android 6.0.1; Nexus 5X Build/MMB29P) AppleWebKit/537.36 (KHTML, like Gecko) Chrome/141.0.7390.122 Mobile Safari/537.36 (compatible; Googlebot/2.1; +http://www.google.com/bot.html)"
66.249.68.3 - - [13/Dec/2025:18:23:15 +0000] "GET /transparencia_files/Articulo_8/Fraccion_V/x/2019/FONDO%20DE%20AHORRO%207115%20MAYO%202020.pdf HTTP/1.1" 200 165289 "-" "Mozilla/5.0 AppleWebKit/537.36 (KHTML, like Gecko; compatible; GoogleOther) Chrome/141.0.7390.122 Safari/537.36"
66.249.68.3 - - [13/Dec/2025:18:23:15 +0000] "GET /transparencia_files/Articulo_8/Fraccion_V/r/entregaecologia.pdf HTTP/1.1" 200 1712801 "-" "Mozilla/5.0 AppleWebKit/537.36 (KHTML, like Gecko; compatible; GoogleOther) Chrome/141.0.7390.122 Safari/537.36"
66.249.68.5 - - [13/Dec/2025:18:23:15 +0000] "GET /transparencia_files/Articulo_8/Fraccion_V/v/03%20POLIZAS%20DE%20CHEQUES%20MARZO%202022.pdf HTTP/1.1" 200 122913 "-" "Mozilla/5.0 AppleWebKit/537.36 (KHTML, like Gecko; compatible; GoogleOther) Chrome/141.0.7390.122 Safari/537.36"
66.249.68.4 - - [13/Dec/2025:18:23:16 +0000] "GET /transparencia_files/Articulo_8/Fraccion_II/d/ReglamentosMunicipales/Reglamento%20de%20Turismo.pdf HTTP/1.1" 200 171213 "-" "Mozilla/5.0 AppleWebKit/537.36 (KHTML, like Gecko; compatible; GoogleOther) Chrome/141.0.7390.122 Safari/537.36"
66.249.68.3 - - [13/Dec/2025:18:23:16 +0000] "GET /transparencia_files/Articulo_8/Fraccion_V/x/2019/GENERAL%203544%20MARZO%202021.pdf HTTP/1.1" 200 176122 "-" "Mozilla/5.0 AppleWebKit/537.36 (KHTML, like Gecko; compatible; GoogleOther) Chrome/141.0.7390.122 Safari/537.36"
66.249.68.4 - - [13/Dec/2025:18:23:16 +0000] "GET /transparencia_files/Articulo_8/Fraccion_V/x/2016/octubre2016.pdf HTTP/1.1" 200 4527072 "-" "Mozilla/5.0 AppleWebKit/537.36 (KHTML, like Gecko; compatible; GoogleOther) Chrome/141.0.7390.122 Safari/537.36"
66.249.68.4 - - [13/Dec/2025:18:23:16 +0000] "GET /transparencia_files/Articulo_8/Fraccion_VI/d/Lista%20mensual%20de%20beneficiarios%20Ruben%20Rodriguez.pdf HTTP/1.1" 200 806713 "-" "Mozilla/5.0 AppleWebKit/537.36 (KHTML, like Gecko; compatible; GoogleOther) Chrome/141.0.7390.122 Safari/537.36"
66.249.68.5 - - [13/Dec/2025:18:23:17 +0000] "GET /transparencia_files/Articulo_8/Fraccion_V/x/2019/FONDO%20DE%20AHORRO%207115%20ABRIL%202020.pdf HTTP/1.1" 200 165223 "-" "Mozilla/5.0 AppleWebKit/537.36 (KHTML, like Gecko; compatible; GoogleOther) Chrome/141.0.7390.122 Safari/537.36"
66.249.68.4 - - [13/Dec/2025:18:23:23 +0000] "GET /transparencia_files/EdictosComur/2025/EDICTOS%20PRIMERA%20ENTREGA/EXPEDIENTE%20COMUR%20020%202025.pdf HTTP/1.1" 304 - "-" "Mozilla/5.0 (Linux; Android 6.0.1; Nexus 5X Build/MMB29P) AppleWebKit/537.36 (KHTML, like Gecko) Chrome/141.0.7390.122 Mobile Safari/537.36 (compatible; Googlebot/2.1; +http://www.google.com/bot.html)"
66.249.68.5 - - [13/Dec/2025:18:23:28 +0000] "GET /transparencia_files/Articulo_8/Fraccion_II/d/ReglamentosMunicipales/Reglamento%20de%20Deportes.pdf HTTP/1.1" 304 - "-" "Mozilla/5.0 (Linux; Android 6.0.1; Nexus 5X Build/MMB29P) AppleWebKit/537.36 (KHTML, like Gecko) Chrome/141.0.7390.122 Mobile Safari/537.36 (compatible; Googlebot/2.1; +http://www.google.com/bot.html)"
66.249.68.5 - - [13/Dec/2025:18:23:34 +0000] "GET /transparencia_files/Articulo_8/Fraccion_VI/i/Admon2021-2024/CONVOCATORIA%2018%20SESION%20EXTRAORDINARIA.pdf HTTP/1.1" 304 - "-" "Mozilla/5.0 (Linux; Android 6.0.1; Nexus 5X Build/MMB29P) AppleWebKit/537.36 (KHTML, like Gecko) Chrome/141.0.7390.122 Mobile Safari/537.36 (compatible; Googlebot/2.1; +http://www.google.com/bot.html)"
66.249.68.3 - - [13/Dec/2025:18:23:53 +0000] "GET /robots.txt HTTP/1.1" 500 715 "-" "Mozilla/5.0 (compatible; Googlebot/2.1; +http://www.google.com/bot.html)"
66.249.68.3 - - [13/Dec/2025:18:23:53 +0000] "GET /transparencia_files/Articulo_8/Fraccion_V/p/concursos%20datos%20personales/segundaetapazapata.pdf HTTP/1.1" 304 - "-" "Mozilla/5.0 (Linux; Android 6.0.1; Nexus 5X Build/MMB29P) AppleWebKit/537.36 (KHTML, like Gecko) Chrome/141.0.7390.122 Mobile Safari/537.36 (compatible; Googlebot/2.1; +http://www.google.com/bot.html)"
66.249.68.5 - - [13/Dec/2025:18:24:21 +0000] "GET /transparencia_files/EdictosComur/2025/EDICTOS%20PRIMERA%20ENTREGA/EXPEDIENTE%20COMUR%20004%202025.pdf HTTP/1.1" 304 - "-" "Mozilla/5.0 (Linux; Android 6.0.1; Nexus 5X Build/MMB29P) AppleWebKit/537.36 (KHTML, like Gecko) Chrome/141.0.7390.122 Mobile Safari/537.36 (compatible; Googlebot/2.1; +http://www.google.com/bot.html)"
66.249.68.69 - - [13/Dec/2025:18:24:41 +0000] "GET /transparencia_files/Articulo_8/Fraccion_V/g/Nominas/Primera%20de%20Octubre%202018.xlsx HTTP/1.1" 304 - "-" "Mozilla/5.0 (Linux; Android 6.0.1; Nexus 5X Build/MMB29P) AppleWebKit/537.36 (KHTML, like Gecko) Chrome/141.0.7390.122 Mobile Safari/537.36 (compatible; Googlebot/2.1; +http://www.google.com/bot.html)"
85.208.96.194 - - [13/Dec/2025:18:24:47 +0000] "GET /robots.txt HTTP/1.1" 500 715 "-" "Mozilla/5.0 (compatible; SemrushBot/7~bl; +http://www.semrush.com/bot.html)"
66.249.68.69 - - [13/Dec/2025:18:25:04 +0000] "GET /transparencia_files/Articulo_8/Fraccion_XIV/Cuarto%20Trimestre%202024/Ejercicio%20Presupuestario/Montos%20plenamente%20identificados%20por%20orden%20de%20gobierno%2C%20de%20los%20programas%20en%20que%20concurran%20recursos%20fede.pdf HTTP/1.1" 304 - "-" "Mozilla/5.0 (Linux; Android 6.0.1; Nexus 5X Build/MMB29P) AppleWebKit/537.36 (KHTML, like Gecko) Chrome/141.0.7390.122 Mobile Safari/537.36 (compatible; Googlebot/2.1; +http://www.google.com/bot.html)"
66.249.68.69 - - [13/Dec/2025:18:25:38 +0000] "GET /transparencia_files/Articulo_8/Fraccion_XIV/Tercer%20Trimestre%202024/Ejercicio%20Presupuestario/Informaci%C3%B3n%20de%20obligaciones%20pagadas%20o%20garantizadas%20con%20fondos%20federales.pdf HTTP/1.1" 304 - "-" "Mozilla/5.0 (Linux; Android 6.0.1; Nexus 5X Build/MMB29P) AppleWebKit/537.36 (KHTML, like Gecko) Chrome/141.0.7390.122 Mobile Safari/537.36 (compatible; Googlebot/2.1; +http://www.google.com/bot.html)"
217.119.139.38 - - [13/Dec/2025:18:26:05 +0000] "GET / HTTP/1.1" 200 2469 "-" "Mozilla/5.0 (Windows NT 10.0; Win64; x64) AppleWebKit/537.36 (KHTML, like Gecko) Chrome/140.0.0.0 Safari/537.36"
217.119.139.38 - - [13/Dec/2025:18:26:06 +0000] "GET / HTTP/1.0" 500 - "-" "-"
40.77.167.42 - - [13/Dec/2025:18:26:15 +0000] "GET /12913272.html HTTP/2.0" 500 715 "-" "Mozilla/5.0 AppleWebKit/537.36 (KHTML, like Gecko; compatible; bingbot/2.0; +http://www.bing.com/bingbot.htm) Chrome/116.0.1938.76 Safari/537.36"
45.156.128.49 - - [13/Dec/2025:18:26:18 +0000] "GET / HTTP/1.1" 200 2469 "-" "Mozilla/5.0 (Windows NT 10.0; Win64; x64) AppleWebKit/537.36 (KHTML, like Gecko) Chrome/60.0.3112.113 Safari/537.36"
66.249.68.67 - - [13/Dec/2025:18:26:20 +0000] "GET /transparencia_files/Articulo_8/Fraccion_XIV/Cuarto%20Trimestre%202022/Ejercicio%20Presupuestario/Aportacion%20Fortalecimiento%20Municipal..pdf HTTP/1.1" 304 - "-" "Mozilla/5.0 (Linux; Android 6.0.1; Nexus 5X Build/MMB29P) AppleWebKit/537.36 (KHTML, like Gecko) Chrome/141.0.7390.122 Mobile Safari/537.36 (compatible; Googlebot/2.1; +http://www.google.com/bot.html)"
66.249.68.68 - - [13/Dec/2025:18:26:20 +0000] "GET /robots.txt HTTP/1.1" 500 715 "-" "Mozilla/5.0 (compatible; Googlebot/2.1; +http://www.google.com/bot.html)"
66.249.68.69 - - [13/Dec/2025:18:26:23 +0000] "GET /transparencia_files/Articulo_8/Fraccion_XIV/Tercer%20Trimestre%202022/Estado%20Financiero/ESTADO%20DE%20CAMBIOS%20EN%20LA%20SITUACI%C3%93N%20FINCIERA.pdf HTTP/1.1" 304 - "-" "Mozilla/5.0 (Linux; Android 6.0.1; Nexus 5X Build/MMB29P) AppleWebKit/537.36 (KHTML, like Gecko) Chrome/141.0.7390.122 Mobile Safari/537.36 (compatible; Googlebot/2.1; +http://www.google.com/bot.html)"
66.249.68.67 - - [13/Dec/2025:18:26:47 +0000] "GET /transparencia_files/Articulo_8/Fraccion_XIV/Segundo%20Trimestre%202022/Ejercicio%20Presupuestario/programas%20con%20recursos%20federales%20por%20orden%20de%20gobieno.pdf HTTP/1.1" 304 - "-" "Mozilla/5.0 (Linux; Android 6.0.1; Nexus 5X Build/MMB29P) AppleWebKit/537.36 (KHTML, like Gecko) Chrome/141.0.7390.122 Mobile Safari/537.36 (compatible; Googlebot/2.1; +http://www.google.com/bot.html)"
66.249.68.69 - - [13/Dec/2025:18:27:30 +0000] "GET /robots.txt HTTP/1.1" 500 715 "-" "Mozilla/5.0 (compatible; Googlebot/2.1; +http://www.google.com/bot.html)"
66.249.68.69 - - [13/Dec/2025:18:27:30 +0000] "GET /transparencia_files/Articulo_8/Fraccion_XIV/Primer%20Trimestre%202024/Ejercicio%20Presupuestario/Programas%20con%20recursos%20concurrente%20por%20orden%20de%20gobierno.pdf HTTP/1.1" 304 - "-" "Mozilla/5.0 (Linux; Android 6.0.1; Nexus 5X Build/MMB29P) AppleWebKit/537.36 (KHTML, like Gecko) Chrome/141.0.7390.122 Mobile Safari/537.36 (compatible; Googlebot/2.1; +http://www.google.com/bot.html)"
66.249.68.68 - - [13/Dec/2025:18:27:39 +0000] "GET /transparencia_files/Articulo_8/Fraccion_XIV/Segundo%20Trimestre%202025/Ejercicio%20Presupuestario/Programas%20con%20recursos%20concurrente%20por%20orden%20de%20gobierno%202DO%20TRIM%202025.pdf HTTP/1.1" 304 - "-" "Mozilla/5.0 (Linux; Android 6.0.1; Nexus 5X Build/MMB29P) AppleWebKit/537.36 (KHTML, like Gecko) Chrome/141.0.7390.122 Mobile Safari/537.36 (compatible; Googlebot/2.1; +http://www.google.com/bot.html)"
52.167.144.150 - - [13/Dec/2025:18:27:45 +0000] "GET /25751200.html HTTP/2.0" 500 715 "-" "Mozilla/5.0 AppleWebKit/537.36 (KHTML, like Gecko; compatible; bingbot/2.0; +http://www.bing.com/bingbot.htm) Chrome/116.0.1938.76 Safari/537.36"
66.249.68.69 - - [13/Dec/2025:18:28:09 +0000] "GET /transparencia_files/Articulo_8/Fraccion_XIV/3ro%20trimestre/Ejercicio%20Presupuestario/Aportacion%20Fortalecimiento%20Municipios%20nuevo.pdf HTTP/1.1" 304 - "-" "Mozilla/5.0 (Linux; Android 6.0.1; Nexus 5X Build/MMB29P) AppleWebKit/537.36 (KHTML, like Gecko) Chrome/141.0.7390.122 Mobile Safari/537.36 (compatible; Googlebot/2.1; +http://www.google.com/bot.html)"
66.249.68.67 - - [13/Dec/2025:18:29:02 +0000] "GET /robots.txt HTTP/1.1" 500 715 "-" "Mozilla/5.0 (compatible; Googlebot/2.1; +http://www.google.com/bot.html)"
66.249.68.69 - - [13/Dec/2025:18:29:02 +0000] "GET /transparencia_files/Articulo_8/Fraccion_XIV/Tercer%20Trimestre%202023/Ejercicio%20Presupuestario/Evaluacion%20de%20Recursos%20Federales.pdf HTTP/1.1" 304 - "-" "Mozilla/5.0 (Linux; Android 6.0.1; Nexus 5X Build/MMB29P) AppleWebKit/537.36 (KHTML, like Gecko) Chrome/141.0.7390.122 Mobile Safari/537.36 (compatible; Googlebot/2.1; +http://www.google.com/bot.html)"
52.167.144.167 - - [13/Dec/2025:18:29:13 +0000] "GET /8257120.html HTTP/2.0" 500 715 "-" "Mozilla/5.0 AppleWebKit/537.36 (KHTML, like Gecko; compatible; bingbot/2.0; +http://www.bing.com/bingbot.htm) Chrome/116.0.1938.76 Safari/537.36"
66.249.68.68 - - [13/Dec/2025:18:29:38 +0000] "GET /transparencia_files/Articulo_8/Fraccion_XIV/Segundo%20Trimestre%202023/Ejercicio%20Presupuestario/Informacion%20trimestral%20del%20ejercicio%20y%20destino%20de%20gasto%20federalizado%20y%20reitegros.pdf HTTP/1.1" 304 - "-" "Mozilla/5.0 (Linux; Android 6.0.1; Nexus 5X Build/MMB29P) AppleWebKit/537.36 (KHTML, like Gecko) Chrome/141.0.7390.122 Mobile Safari/537.36 (compatible; Googlebot/2.1; +http://www.google.com/bot.html)"
66.249.68.67 - - [13/Dec/2025:18:29:43 +0000] "GET /transparencia_files/Articulo_8/Fraccion_XIV/2do%20trimestre/Estado%20Financiero/EVALUCACION%20DE%20RECURSOS%20FEDERALES.pdf HTTP/1.1" 304 - "-" "Mozilla/5.0 (Linux; Android 6.0.1; Nexus 5X Build/MMB29P) AppleWebKit/537.36 (KHTML, like Gecko) Chrome/141.0.7390.122 Mobile Safari/537.36 (compatible; Googlebot/2.1; +http://www.google.com/bot.html)"
204.76.203.8 - - [13/Dec/2025:18:29:46 +0000] "PROPFIND / HTTP/1.1" 500 - "http://198.38.90.22:443/" "-"
52.167.144.173 - - [13/Dec/2025:18:29:50 +0000] "GET /transparencia_files/Articulo_8/Fraccion_XIV/4to%20trimestre/Ejercicio%20y%20destino%20de%20gastos%20federalizado%20y%20reitegros.pdf HTTP/2.0" 500 715 "-" "Mozilla/5.0 AppleWebKit/537.36 (KHTML, like Gecko; compatible; bingbot/2.0; +http://www.bing.com/bingbot.htm) Chrome/116.0.1938.76 Safari/537.36"
52.167.144.142 - - [13/Dec/2025:18:30:10 +0000] "GET /201708.html HTTP/2.0" 500 715 "-" "Mozilla/5.0 AppleWebKit/537.36 (KHTML, like Gecko; compatible; bingbot/2.0; +http://www.bing.com/bingbot.htm) Chrome/116.0.1938.76 Safari/537.36"
66.249.68.67 - - [13/Dec/2025:18:30:16 +0000] "GET /robots.txt HTTP/1.1" 500 715 "-" "Mozilla/5.0 (compatible; Googlebot/2.1; +http://www.google.com/bot.html)"
66.249.68.67 - - [13/Dec/2025:18:30:16 +0000] "GET /transparencia_files/Articulo_8/Fraccion_XIV/Primer%20Trimestre%202023/Ejercicio%20Presupuestario/Informacion%20de%20obligaciones%20pagadas%20o%20garantizadas%20con%20fondos%20federales.pdf HTTP/1.1" 304 - "-" "Mozilla/5.0 (Linux; Android 6.0.1; Nexus 5X Build/MMB29P) AppleWebKit/537.36 (KHTML, like Gecko) Chrome/141.0.7390.122 Mobile Safari/537.36 (compatible; Googlebot/2.1; +http://www.google.com/bot.html)"
66.249.68.67 - - [13/Dec/2025:18:30:41 +0000] "GET /transparencia_files/Articulo_8/Fraccion_XIV/Tercer%20Trimestre%202024/Ejercicio%20Presupuestario/Ejercicio%20y%20destino%20de%20gasto%20federalizado%20y%20reintegos%20Trimestral.pdf HTTP/1.1" 304 - "-" "Mozilla/5.0 (Linux; Android 6.0.1; Nexus 5X Build/MMB29P) AppleWebKit/537.36 (KHTML, like Gecko) Chrome/141.0.7390.122 Mobile Safari/537.36 (compatible; Googlebot/2.1; +http://www.google.com/bot.html)"
216.244.66.227 - - [13/Dec/2025:18:30:46 +0000] "GET /robots.txt HTTP/1.1" 500 715 "-" "Mozilla/5.0 (compatible; DotBot/1.2; +https://opensiteexplorer.org/dotbot; help@moz.com)"
216.244.66.227 - - [13/Dec/2025:18:30:46 +0000] "GET /robots.txt HTTP/1.1" 500 715 "-" "Mozilla/5.0 (compatible; DotBot/1.2; +https://opensiteexplorer.org/dotbot; help@moz.com)"
66.249.68.69 - - [13/Dec/2025:18:31:15 +0000] "GET /transparencia_files/Articulo_8/Fraccion_XIV/1ro%20trimestre/Ejercicio%20Presupuestario/Aportacion%20Fortalecimiento%20Municipios%20nuevo.pdf HTTP/1.1" 304 - "-" "Mozilla/5.0 (Linux; Android 6.0.1; Nexus 5X Build/MMB29P) AppleWebKit/537.36 (KHTML, like Gecko) Chrome/141.0.7390.122 Mobile Safari/537.36 (compatible; Googlebot/2.1; +http://www.google.com/bot.html)"
66.249.68.67 - - [13/Dec/2025:18:31:36 +0000] "GET /transparencia_files/Articulo_8/Fraccion_XIV/Segundo%20Trimestre%202024/Ejercicio%20Presupuestario/Informacio%CC%81n%20de%20obligaciones%20pagadas%20o%20garantizadas%20con%20fondos%20federales.pdf HTTP/1.1" 304 - "-" "Mozilla/5.0 (Linux; Android 6.0.1; Nexus 5X Build/MMB29P) AppleWebKit/537.36 (KHTML, like Gecko) Chrome/141.0.7390.122 Mobile Safari/537.36 (compatible; Googlebot/2.1; +http://www.google.com/bot.html)"
66.249.68.68 - - [13/Dec/2025:18:31:36 +0000] "GET /robots.txt HTTP/1.1" 500 715 "-" "Mozilla/5.0 (compatible; Googlebot/2.1; +http://www.google.com/bot.html)"
66.249.68.67 - - [13/Dec/2025:18:31:40 +0000] "GET /transparencia_files/Articulo_8/Fraccion_XIV/Cuarto%20Trimestre%202022/Ejercicio%20Presupuestario/Sobre%20la%20aplicacion%20de%20los%20recursos%20federales%20montos%20que%20reciban%2C%20obras%20y%20acciones%20a%20realizar%20con%20el%20FAIS.pdf HTTP/1.1" 304 - "-" "Mozilla/5.0 (Linux; Android 6.0.1; Nexus 5X Build/MMB29P) AppleWebKit/537.36 (KHTML, like Gecko) Chrome/141.0.7390.122 Mobile Safari/537.36 (compatible; Googlebot/2.1; +http://www.google.com/bot.html)"
66.249.68.69 - - [13/Dec/2025:18:32:18 +0000] "GET /transparencia_files/Articulo_8/Fraccion_XIV/Tercer%20Trimestre%202024/Ejercicio%20Presupuestario/Montos%20que%20reciban%2C%20obras%20y%20acciones%20a%20realizar%20con%20el%20FAIS.pdf HTTP/1.1" 304 - "-" "Mozilla/5.0 (Linux; Android 6.0.1; Nexus 5X Build/MMB29P) AppleWebKit/537.36 (KHTML, like Gecko) Chrome/141.0.7390.122 Mobile Safari/537.36 (compatible; Googlebot/2.1; +http://www.google.com/bot.html)"
66.249.68.69 - - [13/Dec/2025:18:32:40 +0000] "GET /robots.txt HTTP/1.1" 500 715 "-" "Mozilla/5.0 (compatible; Googlebot/2.1; +http://www.google.com/bot.html)"
66.249.68.69 - - [13/Dec/2025:18:32:40 +0000] "GET /transparencia_files/Articulo_8/Fraccion_XIV/Cuarto%20Trimestre%202022/Ejercicio%20Presupuestario/programas%20con%20recursos%20federales%20por%20orden%20de%20gobieno.pdf HTTP/1.1" 304 - "-" "Mozilla/5.0 (Linux; Android 6.0.1; Nexus 5X Build/MMB29P) AppleWebKit/537.36 (KHTML, like Gecko) Chrome/141.0.7390.122 Mobile Safari/537.36 (compatible; Googlebot/2.1; +http://www.google.com/bot.html)"
66.249.68.68 - - [13/Dec/2025:18:32:47 +0000] "GET /transparencia_files/Articulo_8/Fraccion_XIV/Segundo%20Trimestre%202022/Ejercicio%20Presupuestario/FORMATO%20DE%20INFORMACIO%CC%81N%20DE%20APLICACIO%CC%81N%20DE%20RECURSOS%20DEL%20FORTAMUN.pdf HTTP/1.1" 304 - "-" "Mozilla/5.0 (Linux; Android 6.0.1; Nexus 5X Build/MMB29P) AppleWebKit/537.36 (KHTML, like Gecko) Chrome/141.0.7390.122 Mobile Safari/537.36 (compatible; Googlebot/2.1; +http://www.google.com/bot.html)"
66.249.68.69 - - [13/Dec/2025:18:33:01 +0000] "GET /transparencia_files/Articulo_8/Fraccion_XIV/Primer%20Trimestre%202022/Ejercicio%20Presupuestaria/Ejercicio%20y%20destino%20de%20gasto%20federalizado%20y%20reintegro.pdf HTTP/1.1" 304 - "-" "Mozilla/5.0 (Linux; Android 6.0.1; Nexus 5X Build/MMB29P) AppleWebKit/537.36 (KHTML, like Gecko) Chrome/141.0.7390.122 Mobile Safari/537.36 (compatible; Googlebot/2.1; +http://www.google.com/bot.html)"
66.249.68.67 - - [13/Dec/2025:18:33:13 +0000] "GET /transparencia_files/Articulo_8/Fraccion_XIV/Primer%20Trimestre%202025/Ejercicio%20Presupuestario/Informaci%C3%B3n%20de%20obligaciones%20pagadas%20o%20garantizadas%20con%20fondos%20federales.pdf HTTP/1.1" 304 - "-" "Mozilla/5.0 (Linux; Android 6.0.1; Nexus 5X Build/MMB29P) AppleWebKit/537.36 (KHTML, like Gecko) Chrome/141.0.7390.122 Mobile Safari/537.36 (compatible; Googlebot/2.1; +http://www.google.com/bot.html)"
66.249.68.69 - - [13/Dec/2025:18:33:44 +0000] "GET /robots.txt HTTP/1.1" 500 715 "-" "Mozilla/5.0 (compatible; Googlebot/2.1; +http://www.google.com/bot.html)"
66.249.68.69 - - [13/Dec/2025:18:33:44 +0000] "GET /transparencia_files/Articulo_8/Fraccion_XIV/Segundo%20Trimestre%202023/Ejercicio%20Presupuestario/Informacion%20de%20obligaciones%20pagadas%20o%20garantizadas%20con%20fondos%20federales.pdf HTTP/1.1" 304 - "-" "Mozilla/5.0 (Linux; Android 6.0.1; Nexus 5X Build/MMB29P) AppleWebKit/537.36 (KHTML, like Gecko) Chrome/141.0.7390.122 Mobile Safari/537.36 (compatible; Googlebot/2.1; +http://www.google.com/bot.html)"
43.138.68.113 - - [13/Dec/2025:18:33:56 +0000] "GET / HTTP/1.1" 200 2469 "http://cuautlajalisco.gob.mx" "Mozilla/5.0 (iPhone; CPU iPhone OS 13_2_3 like Mac OS X) AppleWebKit/605.1.15 (KHTML, like Gecko) Version/13.0.3 Mobile/15E148 Safari/604.1"
66.249.68.69 - - [13/Dec/2025:18:34:03 +0000] "GET /transparencia_files/Articulo_8/Fraccion_XIV/Tercer%20Trimestre%202022/Ejercicio%20Presupuestario/Relacion%20de%20las%20cuentas%20bancarias%20productivas%20especificas..pdf HTTP/1.1" 304 - "-" "Mozilla/5.0 (Linux; Android 6.0.1; Nexus 5X Build/MMB29P) AppleWebKit/537.36 (KHTML, like Gecko) Chrome/141.0.7390.122 Mobile Safari/537.36 (compatible; Googlebot/2.1; +http://www.google.com/bot.html)"
204.76.203.8 - - [13/Dec/2025:18:34:05 +0000] "PROPFIND / HTTP/1.1" 500 - "http://198.38.90.22:443/" "-"
66.249.68.67 - - [13/Dec/2025:18:34:13 +0000] "GET /transparencia_files/Articulo_8/Fraccion_XIV/Segundo%20Trimestre%202022/Ejercicio%20Presupuestario/ESTADO%20ANALITICO%20DE%20EJERCICIO%20DEL%20PRESUPUESTO%20DE%20EGRESOS%20POR%20Clasificacion%20Economica%20%28%20POR%20TIPO%20DE%20GASTO%29.pdf HTTP/1.1" 304 - "-" "Mozilla/5.0 (Linux; Android 6.0.1; Nexus 5X Build/MMB29P) AppleWebKit/537.36 (KHTML, like Gecko) Chrome/141.0.7390.122 Mobile Safari/537.36 (compatible; Googlebot/2.1; +http://www.google.com/bot.html)"
66.249.68.67 - - [13/Dec/2025:18:34:53 +0000] "GET /robots.txt HTTP/1.1" 500 715 "-" "Mozilla/5.0 (compatible; Googlebot/2.1; +http://www.google.com/bot.html)"
66.249.68.67 - - [13/Dec/2025:18:34:53 +0000] "GET /transparencia_files/Articulo_8/Fraccion_XIV/Cuarto%20Trimestre%202022/Ejercicio%20Presupuestario/Estado%20anali%CC%81tico%20del%20ejercicio%20del%20presupuesto%20de%20egresos%20por%20objeto%20del%20gasto%202022.pdf HTTP/1.1" 304 - "-" "Mozilla/5.0 (Linux; Android 6.0.1; Nexus 5X Build/MMB29P) AppleWebKit/537.36 (KHTML, like Gecko) Chrome/141.0.7390.122 Mobile Safari/537.36 (compatible; Googlebot/2.1; +http://www.google.com/bot.html)"
159.89.206.187 - - [13/Dec/2025:18:34:59 +0000] "POST /wp-login.php HTTP/1.1" 500 715 "https://cuautlajalisco.gob.mx/wp-admin/" "Mozilla/5.0 (Windows NT 10.0; Win64; x64) AppleWebKit/537.36 (KHTML, like Gecko) Chrome/90.0.4430.85 Safari/537.36"
159.89.206.187 - - [13/Dec/2025:18:34:59 +0000] "GET /wp-admin/ HTTP/1.1" 500 715 "https://www.google.com" "Mozilla/5.0 (Windows NT 10.0; Win64; x64) AppleWebKit/537.36 (KHTML, like Gecko) Chrome/90.0.4430.85 Safari/537.36"
66.249.68.69 - - [13/Dec/2025:18:35:00 +0000] "GET /transparencia_files/Articulo_8/Fraccion_XIV/Primer%20Trimestre%202023/Ejercicio%20Presupuestario/Lineamientos%20para%20dar%20a%20conocer%20los%20Montos%20que%20reciban%2C%20Obras%20y%20acciones%20a%20realizar%2C%20con%20el%20costo%20de%20cada%20uno%2C%20su%20ubicacion%2C%20metas%20y%20beneficiarios.pdf HTTP/1.1" 304 - "-" "Mozilla/5.0 (Linux; Android 6.0.1; Nexus 5X Build/MMB29P) AppleWebKit/537.36 (KHTML, like Gecko) Chrome/141.0.7390.122 Mobile Safari/537.36 (compatible; Googlebot/2.1; +http://www.google.com/bot.html)"
40.77.167.16 - - [13/Dec/2025:18:35:08 +0000] "GET /fb_img_1551760265497/ HTTP/2.0" 500 715 "-" "Mozilla/5.0 AppleWebKit/537.36 (KHTML, like Gecko; compatible; bingbot/2.0; +http://www.bing.com/bingbot.htm) Chrome/116.0.1938.76 Safari/537.36"
66.249.68.69 - - [13/Dec/2025:18:35:45 +0000] "GET /transparencia_files/Articulo_8/Fraccion_XIV/Segundo%20Trimestre%202022/Ejercicio%20Presupuestario/Evaluacion%20de%20Recursos%20Federales.pdf HTTP/1.1" 304 - "-" "Mozilla/5.0 (Linux; Android 6.0.1; Nexus 5X Build/MMB29P) AppleWebKit/537.36 (KHTML, like Gecko) Chrome/141.0.7390.122 Mobile Safari/537.36 (compatible; Googlebot/2.1; +http://www.google.com/bot.html)"
66.249.68.68 - - [13/Dec/2025:18:35:55 +0000] "GET /robots.txt HTTP/1.1" 500 715 "-" "Mozilla/5.0 (compatible; Googlebot/2.1; +http://www.google.com/bot.html)"
66.249.68.67 - - [13/Dec/2025:18:35:55 +0000] "GET /transparencia_files/Articulo_8/Fraccion_XIV/Tercer%20Trimestre%202022/Ejercicio%20Presupuestario/Ejercicio%20y%20destino%20de%20gasto%20federalizado%20y%20reintegros%20TRIMESTRAL.pdf HTTP/1.1" 304 - "-" "Mozilla/5.0 (Linux; Android 6.0.1; Nexus 5X Build/MMB29P) AppleWebKit/537.36 (KHTML, like Gecko) Chrome/141.0.7390.122 Mobile Safari/537.36 (compatible; Googlebot/2.1; +http://www.google.com/bot.html)"
66.249.68.69 - - [13/Dec/2025:18:36:19 +0000] "GET /transparencia_files/Articulo_8/Fraccion_XIV/Tercer%20Trimestre%202022/Estado%20Financiero/Estado%20Analitico%20de%20Ingresos%20detallados%20-%20LDF.pdf HTTP/1.1" 304 - "-" "Mozilla/5.0 (Linux; Android 6.0.1; Nexus 5X Build/MMB29P) AppleWebKit/537.36 (KHTML, like Gecko) Chrome/141.0.7390.122 Mobile Safari/537.36 (compatible; Googlebot/2.1; +http://www.google.com/bot.html)"
40.77.167.8 - - [13/Dec/2025:18:36:50 +0000] "GET /49166580.html HTTP/2.0" 500 715 "-" "Mozilla/5.0 AppleWebKit/537.36 (KHTML, like Gecko; compatible; bingbot/2.0; +http://www.bing.com/bingbot.htm) Chrome/116.0.1938.76 Safari/537.36"
66.249.68.67 - - [13/Dec/2025:18:36:59 +0000] "GET /transparencia_files/Articulo_8/Fraccion_XIV/Primer%20Trimestre%202022/Ejercicio%20Presupuestaria/estado%20analitico%20de%20ingresos%2C%20del%20que%20se%20derivar%C3%A1%20la%20prestacion%20en%20clasificacion%20economica%20por%20fuente%20de%20financiamiento%20y%20concepto%2C%20incluyendo%20los%20ingresos%20excedentes%20generados.pdf HTTP/1.1" 304 - "-" "Mozilla/5.0 (Linux; Android 6.0.1; Nexus 5X Build/MMB29P) AppleWebKit/537.36 (KHTML, like Gecko) Chrome/141.0.7390.122 Mobile Safari/537.36 (compatible; Googlebot/2.1; +http://www.google.com/bot.html)"
66.249.68.69 - - [13/Dec/2025:18:37:07 +0000] "GET /transparencia_files/Articulo_8/Fraccion_XIV/2do%20trimestre/Ejercicio%20Presupuestario/Lineamiento%20para%20informar%20los%20avances%20del%20ejercicio%20de%20los%20recursos%20trimestralmente%20y%20al%20termino%20de%20cada%20ejercicio.pdf HTTP/1.1" 304 - "-" "Mozilla/5.0 (Linux; Android 6.0.1; Nexus 5X Build/MMB29P) AppleWebKit/537.36 (KHTML, like Gecko) Chrome/141.0.7390.122 Mobile Safari/537.36 (compatible; Googlebot/2.1; +http://www.google.com/bot.html)"
66.249.68.68 - - [13/Dec/2025:18:37:38 +0000] "GET /transparencia_files/Articulo_8/Fraccion_XIV/Segundo%20Trimestre%202022/Ejercicio%20Presupuestario/ESTADO%20DE%20VARIACION%20EN%20LA%20HACIENDA%20PUBLICA.pdf HTTP/1.1" 304 - "-" "Mozilla/5.0 (Linux; Android 6.0.1; Nexus 5X Build/MMB29P) AppleWebKit/537.36 (KHTML, like Gecko) Chrome/141.0.7390.122 Mobile Safari/537.36 (compatible; Googlebot/2.1; +http://www.google.com/bot.html)"
167.99.235.187 - - [13/Dec/2025:18:37:42 +0000] "GET /transparencia_files/Articulo_8/Fraccion_XIV/Tercer%20Trimestre%202022/ejercicio%20presupuestaria/Relacion%20de%20las%20cuentas%20bancarias%20productivas%20especificas..pdf HTTP/1.1" 500 715 "-" "Mozilla/5.0 (Macintosh; Intel Mac OS X 10_15_7) AppleWebKit/537.36 (KHTML, like Gecko) Chrome/135.0.0.0 Safari/537.36"
157.230.2.225 - - [13/Dec/2025:18:37:43 +0000] "GET /transparencia_files/Articulo_8/Fraccion_XIV/Tercer%20Trimestre%202022/ejercicio%20presupuestaria/Relacion%20de%20las%20cuentas%20bancarias%20productivas%20especificas..pdf HTTP/1.1" 500 715 "-" "Mozilla/5.0 (Macintosh; Intel Mac OS X 10_15_7) AppleWebKit/537.36 (KHTML, like Gecko) Chrome/135.0.0.0 Safari/537.36"
68.183.26.200 - - [13/Dec/2025:18:37:44 +0000] "GET /transparencia_files/Articulo_8/Fraccion_XIV/Tercer%20Trimestre%202022/ejercicio%20presupuestaria/Relacion%20de%20las%20cuentas%20bancarias%20productivas%20especificas..pdf HTTP/1.1" 500 715 "-" "Mozilla/5.0 (Macintosh; Intel Mac OS X 10_15_7) AppleWebKit/537.36 (KHTML, like Gecko) Chrome/135.0.0.0 Safari/537.36"
66.249.68.68 - - [13/Dec/2025:18:38:04 +0000] "GET /transparencia_files/Articulo_8/Fraccion_XIV/Tercer%20Trimestre%202022/Estado%20Financiero/ESTADO%20DE%20SITUACION%20FINANCIERA%20DETALLADO%20-%20LDF.pdf HTTP/1.1" 304 - "-" "Mozilla/5.0 (Linux; Android 6.0.1; Nexus 5X Build/MMB29P) AppleWebKit/537.36 (KHTML, like Gecko) Chrome/141.0.7390.122 Mobile Safari/537.36 (compatible; Googlebot/2.1; +http://www.google.com/bot.html)"
66.249.68.4 - - [13/Dec/2025:18:38:10 +0000] "GET /robots.txt HTTP/1.1" 500 715 "-" "Mozilla/5.0 (compatible; Googlebot/2.1; +http://www.google.com/bot.html)"
66.249.68.5 - - [13/Dec/2025:18:38:10 +0000] "GET /transparencia_files/Articulo_8/Fraccion_V/t/Licencias%20Municipales%202019.xlsx HTTP/1.1" 304 - "-" "Mozilla/5.0 (Linux; Android 6.0.1; Nexus 5X Build/MMB29P) AppleWebKit/537.36 (KHTML, like Gecko) Chrome/141.0.7390.122 Mobile Safari/537.36 (compatible; Googlebot/2.1; +http://www.google.com/bot.html)"
66.249.68.5 - - [13/Dec/2025:18:38:13 +0000] "GET /transparencia_files/Articulo_8/Fraccion_I/g/Conformacion/ACTA%20DE%20INSTALACION%20DEL%20COMITE%20DE%20TRANSPARENCIA%20ADMON.%202024-2027.pdf HTTP/1.1" 304 - "-" "Mozilla/5.0 (Linux; Android 6.0.1; Nexus 5X Build/MMB29P) AppleWebKit/537.36 (KHTML, like Gecko) Chrome/141.0.7390.122 Mobile Safari/537.36 (compatible; Googlebot/2.1; +http://www.google.com/bot.html)"
66.249.68.3 - - [13/Dec/2025:18:39:02 +0000] "GET /transparencia_files/Articulo_8/Fraccion_XIV/SEvAC%202019-II/A.1.6.pdf HTTP/1.1" 304 - "-" "Mozilla/5.0 (Linux; Android 6.0.1; Nexus 5X Build/MMB29P) AppleWebKit/537.36 (KHTML, like Gecko) Chrome/141.0.7390.122 Mobile Safari/537.36 (compatible; Googlebot/2.1; +http://www.google.com/bot.html)"
167.235.2.180 - - [13/Dec/2025:18:39:42 +0000] "GET /contacto/ HTTP/1.0" 500 715 "https://cuautlajalisco.gob.mx/contacto/" "Mozilla/5.0 (Windows NT 10.0; Win64; x64) AppleWebKit/537.36 (KHTML, like Gecko) Chrome/131.0.0.0 Safari/537.36 Avast/131.0.0.0"
167.235.2.180 - - [13/Dec/2025:18:39:43 +0000] "GET / HTTP/1.0" 200 2469 "https://cuautlajalisco.gob.mx/" "Mozilla/5.0 (Windows NT 10.0; Win64; x64) AppleWebKit/537.36 (KHTML, like Gecko) Chrome/131.0.0.0 Safari/537.36 Avast/131.0.0.0"
66.249.68.3 - - [13/Dec/2025:18:39:44 +0000] "GET /transparencia_files/Articulo_8/Fraccion_I/g/AdmonTransparencia2027/Extraordinarias/04%20SESI%C3%93N%20EXTRAORDINARIA%20DEL%20COMITE%20DE%20TRANSPARENCIA.pdf HTTP/1.1" 304 - "-" "Mozilla/5.0 (Linux; Android 6.0.1; Nexus 5X Build/MMB29P) AppleWebKit/537.36 (KHTML, like Gecko) Chrome/141.0.7390.122 Mobile Safari/537.36 (compatible; Googlebot/2.1; +http://www.google.com/bot.html)"
27.50.29.178 - - [13/Dec/2025:18:39:52 +0000] "GET /.well-known/wp-signup.php HTTP/1.1" 500 715 "-" "Mozilla/5.0 (Linux; Android 10; K) AppleWebKit/537.36 (KHTML, like Gecko) Chrome/114.0.0.0 Mobile Safari/537.36"
27.50.29.178 - - [13/Dec/2025:18:39:52 +0000] "GET /.well-knownold/index.php HTTP/1.1" 500 715 "-" "Mozilla/5.0 (Linux; Android 10; K) AppleWebKit/537.36 (KHTML, like Gecko) Chrome/114.0.0.0 Mobile Safari/537.36"
27.50.29.178 - - [13/Dec/2025:18:39:52 +0000] "GET /.wp-cache.php HTTP/1.1" 500 715 "-" "Mozilla/5.0 (Linux; Android 10; K) AppleWebKit/537.36 (KHTML, like Gecko) Chrome/114.0.0.0 Mobile Safari/537.36"
27.50.29.178 - - [13/Dec/2025:18:39:52 +0000] "GET /0.php HTTP/1.1" 500 715 "-" "Mozilla/5.0 (Linux; Android 10; K) AppleWebKit/537.36 (KHTML, like Gecko) Chrome/114.0.0.0 Mobile Safari/537.36"
66.249.68.5 - - [13/Dec/2025:18:39:57 +0000] "GET /transparencia_files/Articulo_8/Fraccion_I/g/Convocatorias/Extraordinarias/CONVOCATORIA%204%20SESION%20EXTRAORDINARIA.pdf HTTP/1.1" 304 - "-" "Mozilla/5.0 (Linux; Android 6.0.1; Nexus 5X Build/MMB29P) AppleWebKit/537.36 (KHTML, like Gecko) Chrome/141.0.7390.122 Mobile Safari/537.36 (compatible; Googlebot/2.1; +http://www.google.com/bot.html)"
40.77.167.57 - - [13/Dec/2025:18:40:11 +0000] "GET /49174460.html HTTP/2.0" 500 715 "-" "Mozilla/5.0 AppleWebKit/537.36 (KHTML, like Gecko; compatible; bingbot/2.0; +http://www.bing.com/bingbot.htm) Chrome/116.0.1938.76 Safari/537.36"
66.249.68.68 - - [13/Dec/2025:18:40:12 +0000] "GET /robots.txt HTTP/1.1" 500 715 "-" "Mozilla/5.0 (compatible; Googlebot/2.1; +http://www.google.com/bot.html)"
66.249.68.69 - - [13/Dec/2025:18:40:12 +0000] "GET /transparencia_files/Articulo_15/Fraccion_X/Admon%202021-2024/JULIO%202024%20MUNICIPAL%20CUAUTLA%20JALISCO.pdf HTTP/1.1" 304 - "-" "Mozilla/5.0 (Linux; Android 6.0.1; Nexus 5X Build/MMB29P) AppleWebKit/537.36 (KHTML, like Gecko) Chrome/141.0.7390.122 Mobile Safari/537.36 (compatible; Googlebot/2.1; +http://www.google.com/bot.html)"
66.249.68.67 - - [13/Dec/2025:18:40:27 +0000] "GET /transparencia_files/Articulo_15/Fraccion_XXI/Actas%20COMUR%20Pasadas/EXPEDIENTE%20COMUR%20016-CUAUTLA-2021.pdf HTTP/1.1" 304 - "-" "Mozilla/5.0 (Linux; Android 6.0.1; Nexus 5X Build/MMB29P) AppleWebKit/537.36 (KHTML, like Gecko) Chrome/141.0.7390.122 Mobile Safari/537.36 (compatible; Googlebot/2.1; +http://www.google.com/bot.html)"
27.50.29.178 - - [13/Dec/2025:18:40:27 +0000] "GET /1.php HTTP/1.1" 500 715 "-" "Mozilla/5.0 (Linux; Android 10; K) AppleWebKit/537.36 (KHTML, like Gecko) Chrome/114.0.0.0 Mobile Safari/537.36"
27.50.29.178 - - [13/Dec/2025:18:40:27 +0000] "GET /00.php HTTP/1.1" 500 715 "-" "Mozilla/5.0 (Linux; Android 10; K) AppleWebKit/537.36 (KHTML, like Gecko) Chrome/114.0.0.0 Mobile Safari/537.36"
27.50.29.178 - - [13/Dec/2025:18:40:27 +0000] "GET /10.php HTTP/1.1" 500 715 "-" "Mozilla/5.0 (Linux; Android 10; K) AppleWebKit/537.36 (KHTML, like Gecko) Chrome/114.0.0.0 Mobile Safari/537.36"
27.50.29.178 - - [13/Dec/2025:18:40:27 +0000] "GET /01.php HTTP/1.1" 500 715 "-" "Mozilla/5.0 (Linux; Android 10; K) AppleWebKit/537.36 (KHTML, like Gecko) Chrome/114.0.0.0 Mobile Safari/537.36"
66.249.68.3 - - [13/Dec/2025:18:40:31 +0000] "GET /transparencia_files/Articulo_8/Fraccion_V/s/VIATICOS%2001%20AL%2031%20DE%20DICIEMBRE%202021.pdf HTTP/1.1" 304 - "-" "Mozilla/5.0 (Linux; Android 6.0.1; Nexus 5X Build/MMB29P) AppleWebKit/537.36 (KHTML, like Gecko) Chrome/141.0.7390.122 Mobile Safari/537.36 (compatible; Googlebot/2.1; +http://www.google.com/bot.html)"
66.249.68.68 - - [13/Dec/2025:18:40:35 +0000] "GET /transparencia_files/Articulo_15/Fraccion_IX/CMDRS/3.%20ACTA%20CMDRS%20CUAUTLA%2C%20JALISCO_Abril.pdf HTTP/1.1" 304 - "-" "Mozilla/5.0 (Linux; Android 6.0.1; Nexus 5X Build/MMB29P) AppleWebKit/537.36 (KHTML, like Gecko) Chrome/141.0.7390.122 Mobile Safari/537.36 (compatible; Googlebot/2.1; +http://www.google.com/bot.html)"
66.249.68.3 - - [13/Dec/2025:18:40:44 +0000] "GET /transparencia_files/Articulo_8/Fraccion_V/c/PRESUPUESTO%20DE%20EGRESOS%202020.xlsm HTTP/1.1" 304 - "-" "Mozilla/5.0 (Linux; Android 6.0.1; Nexus 5X Build/MMB29P) AppleWebKit/537.36 (KHTML, like Gecko) Chrome/141.0.7390.122 Mobile Safari/537.36 (compatible; Googlebot/2.1; +http://www.google.com/bot.html)"
27.50.29.178 - - [13/Dec/2025:18:40:48 +0000] "GET /4.php HTTP/1.1" 500 715 "-" "Mozilla/5.0 (Linux; Android 10; K) AppleWebKit/537.36 (KHTML, like Gecko) Chrome/114.0.0.0 Mobile Safari/537.36"
27.50.29.178 - - [13/Dec/2025:18:40:48 +0000] "GET /100.php HTTP/1.1" 500 715 "-" "Mozilla/5.0 (Linux; Android 10; K) AppleWebKit/537.36 (KHTML, like Gecko) Chrome/114.0.0.0 Mobile Safari/537.36"
27.50.29.178 - - [13/Dec/2025:18:40:48 +0000] "GET /3.php HTTP/1.1" 500 715 "-" "Mozilla/5.0 (Linux; Android 10; K) AppleWebKit/537.36 (KHTML, like Gecko) Chrome/114.0.0.0 Mobile Safari/537.36"
27.50.29.178 - - [13/Dec/2025:18:40:48 +0000] "GET /123.php HTTP/1.1" 500 715 "-" "Mozilla/5.0 (Linux; Android 10; K) AppleWebKit/537.36 (KHTML, like Gecko) Chrome/114.0.0.0 Mobile Safari/537.36"
27.50.29.178 - - [13/Dec/2025:18:40:48 +0000] "GET /2.php HTTP/1.1" 500 715 "-" "Mozilla/5.0 (Linux; Android 10; K) AppleWebKit/537.36 (KHTML, like Gecko) Chrome/114.0.0.0 Mobile Safari/537.36"
66.249.68.4 - - [13/Dec/2025:18:41:03 +0000] "GET /transparencia_files/Articulo_8/Fraccion_V/q/CONDONACIO%CC%81NES%20ABRIL%202024.pdf HTTP/1.1" 304 - "-" "Mozilla/5.0 (Linux; Android 6.0.1; Nexus 5X Build/MMB29P) AppleWebKit/537.36 (KHTML, like Gecko) Chrome/141.0.7390.122 Mobile Safari/537.36 (compatible; Googlebot/2.1; +http://www.google.com/bot.html)"
66.249.68.4 - - [13/Dec/2025:18:41:16 +0000] "GET /robots.txt HTTP/1.1" 500 715 "-" "Mozilla/5.0 (compatible; Googlebot/2.1; +http://www.google.com/bot.html)"
66.249.68.4 - - [13/Dec/2025:18:41:16 +0000] "GET /transparencia_files/Articulo_8/Fraccion_VI/j/Actas%20Cabildo/ACTA%20NUMERO%2017%20EXTRAORDINARIA.docx HTTP/1.1" 304 - "-" "Mozilla/5.0 (Linux; Android 6.0.1; Nexus 5X Build/MMB29P) AppleWebKit/537.36 (KHTML, like Gecko) Chrome/141.0.7390.122 Mobile Safari/537.36 (compatible; Googlebot/2.1; +http://www.google.com/bot.html)"
66.249.68.3 - - [13/Dec/2025:18:41:29 +0000] "GET /transparencia_files/Articulo_8/Fraccion_VI/g/Sindicatura/2023/PERMISOS%20DE%20EVENTOS%20SINDICATURA%20MARZO%202023.pdf HTTP/1.1" 200 1514688 "-" "Mozilla/5.0 AppleWebKit/537.36 (KHTML, like Gecko; compatible; GoogleOther) Chrome/141.0.7390.122 Safari/537.36"
66.249.68.3 - - [13/Dec/2025:18:41:30 +0000] "GET /transparencia_files/Articulo_8/Fraccion_V/x/2019/FONDO%20DE%20INVERSION%20NOVIEMBRE%202020.pdf HTTP/1.1" 200 123706 "-" "Mozilla/5.0 AppleWebKit/537.36 (KHTML, like Gecko; compatible; GoogleOther) Chrome/141.0.7390.122 Safari/537.36"
193.189.100.195 - - [13/Dec/2025:18:41:33 +0000] "POST /xmlrpc.php HTTP/1.1" 500 715 "https://www.google.com/" "Mozilla/5.0 (Macintosh; Intel Mac OS X 10_11_6) AppleWebKit/601.7.7 (KHTML, like Gecko) Version/9.1.2 Safari/601.7.7"
37.228.129.241 - - [13/Dec/2025:18:41:33 +0000] "POST /xmlrpc.php HTTP/1.1" 500 715 "https://www.google.com/" "Mozilla/5.0 (X11; Ubuntu; Linux i686; rv:24.0) Gecko/20100101 Firefox/24.0"
66.249.68.3 - - [13/Dec/2025:18:41:40 +0000] "GET /transparencia_files/Articulo_8/Fraccion_VI/j/CMDRS/1ERA%20SESION%20ORDINARIA%20COMUR%2C%2030%20DE%20NOVIEMBRE%20DE%202021%2C%20ADMON%202021-2024.pdf HTTP/1.1" 304 - "-" "Mozilla/5.0 (Linux; Android 6.0.1; Nexus 5X Build/MMB29P) AppleWebKit/537.36 (KHTML, like Gecko) Chrome/141.0.7390.122 Mobile Safari/537.36 (compatible; Googlebot/2.1; +http://www.google.com/bot.html)"
66.249.68.3 - - [13/Dec/2025:18:41:46 +0000] "GET /transparencia_files/Articulo_8/Fraccion_VI/j/Actas%20Cabildo/ACTA%206TA%20SESI%C3%93N%20EXTRAORDINARIA%20DE%2019%20DE%20OCTUBRE%202022.pdf HTTP/1.1" 304 - "-" "Mozilla/5.0 (Linux; Android 6.0.1; Nexus 5X Build/MMB29P) AppleWebKit/537.36 (KHTML, like Gecko) Chrome/141.0.7390.122 Mobile Safari/537.36 (compatible; Googlebot/2.1; +http://www.google.com/bot.html)"
66.249.68.4 - - [13/Dec/2025:18:42:04 +0000] "GET /transparencia_files/Articulo_8/Fraccion_VI/j/COMUR%202021-2024/14%20DECIMA%20CUARTA%20SESION%20COMUR.pdf HTTP/1.1" 304 - "-" "Mozilla/5.0 (Linux; Android 6.0.1; Nexus 5X Build/MMB29P) AppleWebKit/537.36 (KHTML, like Gecko) Chrome/141.0.7390.122 Mobile Safari/537.36 (compatible; Googlebot/2.1; +http://www.google.com/bot.html)"
47.128.42.109 - - [13/Dec/2025:18:42:05 +0000] "GET /robots.txt HTTP/1.1" 500 715 "-" "Mozilla/5.0 (Linux; Android 5.0) AppleWebKit/537.36 (KHTML, like Gecko) Mobile Safari/537.36 (compatible; Bytespider; spider-feedback@bytedance.com)"
66.249.68.3 - - [13/Dec/2025:18:42:11 +0000] "GET /transparencia_files/Articulo_8/Fraccion_VI/j/CMDRS/CANCELACION%20DE%20REUNION%20DE%20CONSEJO275.pdf HTTP/1.1" 304 - "-" "Mozilla/5.0 (Linux; Android 6.0.1; Nexus 5X Build/MMB29P) AppleWebKit/537.36 (KHTML, like Gecko) Chrome/141.0.7390.122 Mobile Safari/537.36 (compatible; Googlebot/2.1; +http://www.google.com/bot.html)"
66.249.68.5 - - [13/Dec/2025:18:42:19 +0000] "GET /robots.txt HTTP/1.1" 500 715 "-" "Mozilla/5.0 (compatible; Googlebot/2.1; +http://www.google.com/bot.html)"
66.249.68.5 - - [13/Dec/2025:18:42:19 +0000] "GET /transparencia_files/Articulo_8/Fraccion_VI/j/CMDRS/ACTA%20DE%20CMDRS%20JUNIO%202025.docx HTTP/1.1" 304 - "-" "Mozilla/5.0 (Linux; Android 6.0.1; Nexus 5X Build/MMB29P) AppleWebKit/537.36 (KHTML, like Gecko) Chrome/141.0.7390.122 Mobile Safari/537.36 (compatible; Googlebot/2.1; +http://www.google.com/bot.html)"
66.249.68.3 - - [13/Dec/2025:18:43:20 +0000] "GET /robots.txt HTTP/1.1" 500 715 "-" "Mozilla/5.0 (compatible; Googlebot/2.1; +http://www.google.com/bot.html)"
66.249.68.4 - - [13/Dec/2025:18:43:20 +0000] "GET /transparencia_files/Articulo_8/Fraccion_V/r/entregaobra1.pdf HTTP/1.1" 200 3071514 "-" "Mozilla/5.0 AppleWebKit/537.36 (KHTML, like Gecko; compatible; GoogleOther) Chrome/141.0.7390.122 Safari/537.36"
66.249.68.4 - - [13/Dec/2025:18:43:21 +0000] "GET /transparencia_files/Articulo_8/Fraccion_I/g/Acta%2017%20Ordinaria%20Comite%20Transparencia.pdf HTTP/1.1" 200 1058909 "-" "Mozilla/5.0 AppleWebKit/537.36 (KHTML, like Gecko; compatible; GoogleOther) Chrome/141.0.7390.122 Safari/537.36"
27.50.29.178 - - [13/Dec/2025:18:43:24 +0000] "GET /al.php HTTP/1.1" 500 715 "-" "Mozilla/5.0 (Linux; Android 10; K) AppleWebKit/537.36 (KHTML, like Gecko) Chrome/114.0.0.0 Mobile Safari/537.36"
27.50.29.178 - - [13/Dec/2025:18:43:24 +0000] "GET /administrator.php HTTP/1.1" 500 715 "-" "Mozilla/5.0 (Linux; Android 10; K) AppleWebKit/537.36 (KHTML, like Gecko) Chrome/114.0.0.0 Mobile Safari/537.36"
27.50.29.178 - - [13/Dec/2025:18:43:24 +0000] "GET /alf.php HTTP/1.1" 500 715 "-" "Mozilla/5.0 (Linux; Android 10; K) AppleWebKit/537.36 (KHTML, like Gecko) Chrome/114.0.0.0 Mobile Safari/537.36"
27.50.29.178 - - [13/Dec/2025:18:43:24 +0000] "GET /alfa.php HTTP/1.1" 500 715 "-" "Mozilla/5.0 (Linux; Android 10; K) AppleWebKit/537.36 (KHTML, like Gecko) Chrome/114.0.0.0 Mobile Safari/537.36"
27.50.29.178 - - [13/Dec/2025:18:43:26 +0000] "GET /alf4.php HTTP/1.1" 500 715 "-" "Mozilla/5.0 (Linux; Android 10; K) AppleWebKit/537.36 (KHTML, like Gecko) Chrome/114.0.0.0 Mobile Safari/537.36"
66.249.68.68 - - [13/Dec/2025:18:43:31 +0000] "GET /robots.txt HTTP/1.1" 500 715 "-" "Mozilla/5.0 (compatible; Googlebot/2.1; +http://www.google.com/bot.html)"
66.249.68.4 - - [13/Dec/2025:18:43:31 +0000] "GET /outlet/dshjxg_g103201351.html HTTP/1.1" 500 715 "-" "Mozilla/5.0 (Linux; Android 6.0.1; Nexus 5X Build/MMB29P) AppleWebKit/537.36 (KHTML, like Gecko) Chrome/141.0.7390.122 Mobile Safari/537.36 (compatible; Googlebot/2.1; +http://www.google.com/bot.html)"
66.249.68.69 - - [13/Dec/2025:18:43:31 +0000] "GET /transparencia_files/Articulo_15/Fraccion_VII/Administracion%202021-2024/COMISION%20EDILICIA%20CULTURA.pdf HTTP/1.1" 304 - "-" "Mozilla/5.0 (Linux; Android 6.0.1; Nexus 5X Build/MMB29P) AppleWebKit/537.36 (KHTML, like Gecko) Chrome/141.0.7390.122 Mobile Safari/537.36 (compatible; Googlebot/2.1; +http://www.google.com/bot.html)"
66.249.68.67 - - [13/Dec/2025:18:43:33 +0000] "GET /transparencia_files/Articulo_15/Fraccion_VIII/Comisiones%20Edilicias/Convocatoria%20Tercera%20Sesion%20Comision%20Edilicia%20Habitacion%20Popular%202019.pdf HTTP/1.1" 304 - "-" "Mozilla/5.0 (Linux; Android 6.0.1; Nexus 5X Build/MMB29P) AppleWebKit/537.36 (KHTML, like Gecko) Chrome/141.0.7390.122 Mobile Safari/537.36 (compatible; Googlebot/2.1; +http://www.google.com/bot.html)"
66.249.68.4 - - [13/Dec/2025:18:43:40 +0000] "GET /transparencia_files/Articulo_8/Fraccion_VI/j/CMDRS/ACTA%20DE%20CMDRS%20ABRIL2022.docx HTTP/1.1" 304 - "-" "Mozilla/5.0 (Linux; Android 6.0.1; Nexus 5X Build/MMB29P) AppleWebKit/537.36 (KHTML, like Gecko) Chrome/141.0.7390.122 Mobile Safari/537.36 (compatible; Googlebot/2.1; +http://www.google.com/bot.html)"
66.249.68.67 - - [13/Dec/2025:18:43:41 +0000] "GET /transparencia_files/Articulo_15/Fraccion_XXI/Actas%20COMUR%202024-2027/INICIATIVA%20DE%20ACURDO%20COMUR-2024-2027.pdf HTTP/1.1" 304 - "-" "Mozilla/5.0 (Linux; Android 6.0.1; Nexus 5X Build/MMB29P) AppleWebKit/537.36 (KHTML, like Gecko) Chrome/141.0.7390.122 Mobile Safari/537.36 (compatible; Googlebot/2.1; +http://www.google.com/bot.html)"
27.50.29.178 - - [13/Dec/2025:18:43:44 +0000] "GET /alpha.php HTTP/1.1" 500 715 "-" "Mozilla/5.0 (Linux; Android 10; K) AppleWebKit/537.36 (KHTML, like Gecko) Chrome/114.0.0.0 Mobile Safari/537.36"
27.50.29.178 - - [13/Dec/2025:18:43:44 +0000] "GET /alwso.php HTTP/1.1" 500 715 "-" "Mozilla/5.0 (Linux; Android 10; K) AppleWebKit/537.36 (KHTML, like Gecko) Chrome/114.0.0.0 Mobile Safari/537.36"
27.50.29.178 - - [13/Dec/2025:18:43:44 +0000] "GET /anon.php HTTP/1.1" 500 715 "-" "Mozilla/5.0 (Linux; Android 10; K) AppleWebKit/537.36 (KHTML, like Gecko) Chrome/114.0.0.0 Mobile Safari/537.36"
27.50.29.178 - - [13/Dec/2025:18:43:44 +0000] "GET /alfa123.php HTTP/1.1" 500 715 "-" "Mozilla/5.0 (Linux; Android 10; K) AppleWebKit/537.36 (KHTML, like Gecko) Chrome/114.0.0.0 Mobile Safari/537.36"
27.50.29.178 - - [13/Dec/2025:18:43:45 +0000] "GET /alfanew.php HTTP/1.1" 500 715 "-" "Mozilla/5.0 (Linux; Android 10; K) AppleWebKit/537.36 (KHTML, like Gecko) Chrome/114.0.0.0 Mobile Safari/537.36"
66.249.68.4 - - [13/Dec/2025:18:43:46 +0000] "GET /transparencia_files/Articulo_8/Fraccion_VI/n/Sindicatura/2022/OCTUBRE%202022%20ESTADISTICA%20SIDICATURA.pdf HTTP/1.1" 304 - "-" "Mozilla/5.0 (Linux; Android 6.0.1; Nexus 5X Build/MMB29P) AppleWebKit/537.36 (KHTML, like Gecko) Chrome/141.0.7390.122 Mobile Safari/537.36 (compatible; Googlebot/2.1; +http://www.google.com/bot.html)"
66.249.68.3 - - [13/Dec/2025:18:43:49 +0000] "GET /transparencia_files/Articulo_8/Fraccion_VI/j/CMDRS/CANCELACION%20DE%20REUNION%20ABRIL%202023.pdf HTTP/1.1" 304 - "-" "Mozilla/5.0 (Linux; Android 6.0.1; Nexus 5X Build/MMB29P) AppleWebKit/537.36 (KHTML, like Gecko) Chrome/141.0.7390.122 Mobile Safari/537.36 (compatible; Googlebot/2.1; +http://www.google.com/bot.html)"
